{"id":6128,"date":"2025-01-29T15:59:43","date_gmt":"2025-01-29T21:59:43","guid":{"rendered":"https:\/\/libreriahistoriasdebolsillo.com\/?post_type=product&#038;p=6128"},"modified":"2025-11-20T12:47:47","modified_gmt":"2025-11-20T18:47:47","slug":"busca-y-encuentra-lo-extraordinario","status":"publish","type":"product","link":"https:\/\/libreriahistoriasdebolsillo.com\/index.php\/producto\/busca-y-encuentra-lo-extraordinario\/","title":{"rendered":"Busca y encuentra. Lo extraordinario"},"content":{"rendered":"<p>Un libro para pasar horas de diversi\u00f3n. Explora 14 paisajes para encontrar maravillosos objetos, personajes y figuras. Hay m\u00e1s de 400 elementos para encontrar que van desde singulares personajes a los objetos m\u00e1s extraordinarios. Contiene escenarios desafiantes y complejos, llenos de color. Cada libro tiene su propia tem\u00e1tica e incluye 14 escenas diferentes con 32 elementos en cada una.<\/p>\n","protected":false},"excerpt":{"rendered":"<p>Un libro para pasar horas de diversi\u00f3n. Explora 14 paisajes para encontrar maravillosos objetos, personajes y figuras. Hay m\u00e1s de 400 elementos para encontrar que van desde singulares personajes a los objetos m\u00e1s extraordinarios. Contiene escenarios desafiantes y complejos, llenos de color. Cada libro tiene su propia tem\u00e1tica e incluye 14 escenas diferentes con 32 [&hellip;]<\/p>\n","protected":false},"featured_media":6129,"template":"","meta":{"_joinchat":[]},"product_brand":[],"product_cat":[54,52,70],"product_tag":[48],"class_list":{"0":"post-6128","1":"product","2":"type-product","3":"status-publish","4":"has-post-thumbnail","6":"product_cat-infantil","7":"product_cat-juvenil","8":"product_cat-novedades","9":"product_tag-vr-editoras","11":"first","12":"outofstock","13":"shipping-taxable","14":"purchasable","15":"product-type-simple"},"_links":{"self":[{"href":"https:\/\/libreriahistoriasdebolsillo.com\/index.php\/wp-json\/wp\/v2\/product\/6128","targetHints":{"allow":["GET"]}}],"collection":[{"href":"https:\/\/libreriahistoriasdebolsillo.com\/index.php\/wp-json\/wp\/v2\/product"}],"about":[{"href":"https:\/\/libreriahistoriasdebolsillo.com\/index.php\/wp-json\/wp\/v2\/types\/product"}],"wp:featuredmedia":[{"embeddable":true,"href":"https:\/\/libreriahistoriasdebolsillo.com\/index.php\/wp-json\/wp\/v2\/media\/6129"}],"wp:attachment":[{"href":"https:\/\/libreriahistoriasdebolsillo.com\/index.php\/wp-json\/wp\/v2\/media?parent=6128"}],"wp:term":[{"taxonomy":"product_brand","embeddable":true,"href":"https:\/\/libreriahistoriasdebolsillo.com\/index.php\/wp-json\/wp\/v2\/product_brand?post=6128"},{"taxonomy":"product_cat","embeddable":true,"href":"https:\/\/libreriahistoriasdebolsillo.com\/index.php\/wp-json\/wp\/v2\/product_cat?post=6128"},{"taxonomy":"product_tag","embeddable":true,"href":"https:\/\/libreriahistoriasdebolsillo.com\/index.php\/wp-json\/wp\/v2\/product_tag?post=6128"}],"curies":[{"name":"wp","href":"https:\/\/api.w.org\/{rel}","templated":true}]}}