{"id":6130,"date":"2025-01-29T16:02:35","date_gmt":"2025-01-29T22:02:35","guid":{"rendered":"https:\/\/libreriahistoriasdebolsillo.com\/?post_type=product&#038;p=6130"},"modified":"2025-01-29T16:02:35","modified_gmt":"2025-01-29T22:02:35","slug":"anatomia-de-una-obsesion","status":"publish","type":"product","link":"https:\/\/libreriahistoriasdebolsillo.com\/index.php\/producto\/anatomia-de-una-obsesion\/","title":{"rendered":"Anatom\u00eda de una obsesi\u00f3n"},"content":{"rendered":"<p>Meredith McCall fue alguna vez una respetada psiquiatra de Nueva York. Pero una noche lo perdi\u00f3 todo: a su marido, su reputaci\u00f3n y casi su salud mental. Cuando se cruza con Gabriel, un hombre con el que comparte la conexi\u00f3n m\u00e1s tr\u00e1gica, y lo ve feliz, no puede evitar seguirlo. \u00bfC\u00f3mo es que a \u00e9l le va tan bien cuando la vida de ella es un caos? Observarlo desde lejos se convierte en una compulsi\u00f3n de la que no puede librarse y en su nueva obsesi\u00f3n. Hasta que un d\u00eda Gabriel entra en su consultorio, sin saber qui\u00e9n es ella. Meredith sabe que tenerlo como paciente traspasa todos los l\u00edmites \u00e9ticos, pero&#8230; si se sumerge en la mente de Gabriel, \u00bfpodr\u00e1 encontrar las respuestas que est\u00e1 buscando?<\/p>\n","protected":false},"excerpt":{"rendered":"<p>Vi Keeland<\/p>\n<p>392 p\u00e1ginas<\/p>\n","protected":false},"featured_media":6132,"template":"","meta":{"_joinchat":[]},"product_brand":[],"product_cat":[37,70],"product_tag":[48],"class_list":{"0":"post-6130","1":"product","2":"type-product","3":"status-publish","4":"has-post-thumbnail","6":"product_cat-misterio-y-thriller","7":"product_cat-novedades","8":"product_tag-vr-editoras","10":"first","11":"instock","12":"shipping-taxable","13":"purchasable","14":"product-type-simple"},"_links":{"self":[{"href":"https:\/\/libreriahistoriasdebolsillo.com\/index.php\/wp-json\/wp\/v2\/product\/6130","targetHints":{"allow":["GET"]}}],"collection":[{"href":"https:\/\/libreriahistoriasdebolsillo.com\/index.php\/wp-json\/wp\/v2\/product"}],"about":[{"href":"https:\/\/libreriahistoriasdebolsillo.com\/index.php\/wp-json\/wp\/v2\/types\/product"}],"wp:featuredmedia":[{"embeddable":true,"href":"https:\/\/libreriahistoriasdebolsillo.com\/index.php\/wp-json\/wp\/v2\/media\/6132"}],"wp:attachment":[{"href":"https:\/\/libreriahistoriasdebolsillo.com\/index.php\/wp-json\/wp\/v2\/media?parent=6130"}],"wp:term":[{"taxonomy":"product_brand","embeddable":true,"href":"https:\/\/libreriahistoriasdebolsillo.com\/index.php\/wp-json\/wp\/v2\/product_brand?post=6130"},{"taxonomy":"product_cat","embeddable":true,"href":"https:\/\/libreriahistoriasdebolsillo.com\/index.php\/wp-json\/wp\/v2\/product_cat?post=6130"},{"taxonomy":"product_tag","embeddable":true,"href":"https:\/\/libreriahistoriasdebolsillo.com\/index.php\/wp-json\/wp\/v2\/product_tag?post=6130"}],"curies":[{"name":"wp","href":"https:\/\/api.w.org\/{rel}","templated":true}]}}