{"id":6149,"date":"2025-01-31T18:27:01","date_gmt":"2025-02-01T00:27:01","guid":{"rendered":"https:\/\/libreriahistoriasdebolsillo.com\/?post_type=product&#038;p=6149"},"modified":"2025-05-14T12:52:57","modified_gmt":"2025-05-14T18:52:57","slug":"cruzar-la-linea","status":"publish","type":"product","link":"https:\/\/libreriahistoriasdebolsillo.com\/index.php\/producto\/cruzar-la-linea\/","title":{"rendered":"Cruzar la l\u00ednea"},"content":{"rendered":"<p>Tras un fiasco en las redes sociales, la carrera del piloto de la F\u00f3rmula 1 Dev Anderson est\u00e1 en peligro. Necesita ayuda para salvar su imagen, y r\u00e1pido. Por suerte, en una fiesta en M\u00f3naco, se topa con la mujer que podr\u00eda arreglarlo todo. Solo hay un problema: es la hermana menor de su mejor amigo. Y, bueno, quiz\u00e1 haya otro m\u00e1s: la bes\u00f3 el a\u00f1o anterior y desde entonces no ha podido dejar de pensar en ella. Willow Williams, amante de los macarons y de las redes sociales, necesita experiencia laboral para conseguir el trabajo de sus sue\u00f1os. As\u00ed que cuando Dev le ofrece una soluci\u00f3n temporal, ella no puede rechazarla, aunque eso signifique ignorar el flechazo que siente por \u00e9l desde peque\u00f1a. Willow y Dev est\u00e1n decididos a mantener las cosas estrictamente profesionales, a pesar de la qu\u00edmica ardiente que hay entre ellos. Sin embargo, en el brillante mundo de la F\u00f3rmula 1, algunas l\u00edneas deben cruzarse&#8230;<\/p>\n","protected":false},"excerpt":{"rendered":"<p>Simone Soltani<\/p>\n<p>533 p\u00e1ginas<\/p>\n","protected":false},"featured_media":6150,"template":"","meta":{"_joinchat":[]},"product_brand":[],"product_cat":[70,35],"product_tag":[48],"class_list":{"0":"post-6149","1":"product","2":"type-product","3":"status-publish","4":"has-post-thumbnail","6":"product_cat-novedades","7":"product_cat-romantica","8":"product_tag-vr-editoras","10":"first","11":"instock","12":"shipping-taxable","13":"purchasable","14":"product-type-simple"},"_links":{"self":[{"href":"https:\/\/libreriahistoriasdebolsillo.com\/index.php\/wp-json\/wp\/v2\/product\/6149","targetHints":{"allow":["GET"]}}],"collection":[{"href":"https:\/\/libreriahistoriasdebolsillo.com\/index.php\/wp-json\/wp\/v2\/product"}],"about":[{"href":"https:\/\/libreriahistoriasdebolsillo.com\/index.php\/wp-json\/wp\/v2\/types\/product"}],"wp:featuredmedia":[{"embeddable":true,"href":"https:\/\/libreriahistoriasdebolsillo.com\/index.php\/wp-json\/wp\/v2\/media\/6150"}],"wp:attachment":[{"href":"https:\/\/libreriahistoriasdebolsillo.com\/index.php\/wp-json\/wp\/v2\/media?parent=6149"}],"wp:term":[{"taxonomy":"product_brand","embeddable":true,"href":"https:\/\/libreriahistoriasdebolsillo.com\/index.php\/wp-json\/wp\/v2\/product_brand?post=6149"},{"taxonomy":"product_cat","embeddable":true,"href":"https:\/\/libreriahistoriasdebolsillo.com\/index.php\/wp-json\/wp\/v2\/product_cat?post=6149"},{"taxonomy":"product_tag","embeddable":true,"href":"https:\/\/libreriahistoriasdebolsillo.com\/index.php\/wp-json\/wp\/v2\/product_tag?post=6149"}],"curies":[{"name":"wp","href":"https:\/\/api.w.org\/{rel}","templated":true}]}}