{"id":6163,"date":"2025-02-05T12:20:43","date_gmt":"2025-02-05T18:20:43","guid":{"rendered":"https:\/\/libreriahistoriasdebolsillo.com\/?post_type=product&#038;p=6163"},"modified":"2025-02-21T17:07:25","modified_gmt":"2025-02-21T23:07:25","slug":"retorno-201-60-o-aniversario-de-alfaguara","status":"publish","type":"product","link":"https:\/\/libreriahistoriasdebolsillo.com\/index.php\/producto\/retorno-201-60-o-aniversario-de-alfaguara\/","title":{"rendered":"Retorno 201 (60.\u00ba aniversario de Alfaguara)"},"content":{"rendered":"<p><span class=\"a-text-bold\">El primer libro del ganador del Premio Alfaguara: los mejores relatos de un autor fiero, ind\u00f3mito y poderoso.<\/span><\/p>\n<p>\u00abMe siento muy, pero muy afortunado de haber crecido en la colonia Unidad Modelo, en particular, en el Retorno 201. En mi barrio pasaban cosas y cada una de ellas me brind\u00f3 historias para narrar\u00bb. Guillermo Arriaga En el Retorno 201, una larga avenida rectil\u00ednea situada al sur de la Ciudad de M\u00e9xico, Guillermo Arriaga pas\u00f3 su infancia, adolescencia y parte de su juventud. All\u00ed su narrativa se top\u00f3 con historias que hienden como cuchillos, en donde afloran la violencia y el amor, la ternura y la brutalidad, la paz y la furia. Con agudo instinto callejero, el autor presenta personajes llenos de intensidad y de contradicciones, al l\u00edmite del caos y enfrentados a complejos dilemas morales. En sus cuentos desnuda el alma humana, como en el escalofriante \u00abLilly\u00bb, que narra lo que unos chicos le hacen a su prima con retraso mental; \u00abLa viuda D\u00edaz\u00bb, conmovedor relato de amor de una joven que cuida a su marido enfermo, varios a\u00f1os mayor que ella; \u00abEl invicto\u00bb, donde se revelan los crueles c\u00f3digos de barrio; o \u00abTrilog\u00eda\u00bb, que retrata la violencia de tres agentes de polic\u00eda sobre un inocente que cometi\u00f3 el error de pasar frente a ellos. Esta edici\u00f3n de Retorno 201, primer libro del ganador del Premio Alfaguara, incluye, adem\u00e1s de relatos escritos en su mayor\u00eda entre 1983 y 1988, el in\u00e9dito \u00abTarde\u00bb y \u00abTrilog\u00eda\u00bb, que cre\u00eda perdido y recuper\u00f3 recientemente. Todos ellos muestran al autor fiero, ind\u00f3mito y poderoso que ha sido Arriaga durante d\u00e9cadas. La cr\u00edtica ha dicho: \u00abArriaga no es solo un escritor de la gran pantalla sino un narrador de raza, cuyas obsesiones vitales dejan honda huella en el lector\u00bb. Mat\u00edas N\u00e9spolo,\u00a0El Mundo \u00abSus novelas consiguen sumergirme en un estado de lectura febril. [&#8230;] Leerlo es un proceso de puro gozo, una adicci\u00f3n\u00bb. Pepa Fern\u00e1ndez, Las ma\u00f1anas\u00a0(Radio Nacional) \u00abUn autor absolutamente \u00fanico\u00bb. Guadalupe Nettel<\/p>\n","protected":false},"excerpt":{"rendered":"<p>Guillermo Arriaga<\/p>\n<p>217 p\u00e1ginas<\/p>\n","protected":false},"featured_media":6164,"template":"","meta":{"_joinchat":[]},"product_brand":[],"product_cat":[33,70],"product_tag":[34],"class_list":{"0":"post-6163","1":"product","2":"type-product","3":"status-publish","4":"has-post-thumbnail","6":"product_cat-ficcion-general","7":"product_cat-novedades","8":"product_tag-penguin-random-house","10":"first","11":"instock","12":"shipping-taxable","13":"purchasable","14":"product-type-simple"},"_links":{"self":[{"href":"https:\/\/libreriahistoriasdebolsillo.com\/index.php\/wp-json\/wp\/v2\/product\/6163","targetHints":{"allow":["GET"]}}],"collection":[{"href":"https:\/\/libreriahistoriasdebolsillo.com\/index.php\/wp-json\/wp\/v2\/product"}],"about":[{"href":"https:\/\/libreriahistoriasdebolsillo.com\/index.php\/wp-json\/wp\/v2\/types\/product"}],"wp:featuredmedia":[{"embeddable":true,"href":"https:\/\/libreriahistoriasdebolsillo.com\/index.php\/wp-json\/wp\/v2\/media\/6164"}],"wp:attachment":[{"href":"https:\/\/libreriahistoriasdebolsillo.com\/index.php\/wp-json\/wp\/v2\/media?parent=6163"}],"wp:term":[{"taxonomy":"product_brand","embeddable":true,"href":"https:\/\/libreriahistoriasdebolsillo.com\/index.php\/wp-json\/wp\/v2\/product_brand?post=6163"},{"taxonomy":"product_cat","embeddable":true,"href":"https:\/\/libreriahistoriasdebolsillo.com\/index.php\/wp-json\/wp\/v2\/product_cat?post=6163"},{"taxonomy":"product_tag","embeddable":true,"href":"https:\/\/libreriahistoriasdebolsillo.com\/index.php\/wp-json\/wp\/v2\/product_tag?post=6163"}],"curies":[{"name":"wp","href":"https:\/\/api.w.org\/{rel}","templated":true}]}}