{"id":6170,"date":"2025-02-05T12:27:49","date_gmt":"2025-02-05T18:27:49","guid":{"rendered":"https:\/\/libreriahistoriasdebolsillo.com\/?post_type=product&#038;p=6170"},"modified":"2026-03-23T17:51:53","modified_gmt":"2026-03-23T23:51:53","slug":"los-secretos-del-inmortal-nicolas-flamel-1-el-alquimista","status":"publish","type":"product","link":"https:\/\/libreriahistoriasdebolsillo.com\/index.php\/producto\/los-secretos-del-inmortal-nicolas-flamel-1-el-alquimista\/","title":{"rendered":"Los secretos del inmortal Nicolas Flamel 1. El alquimista"},"content":{"rendered":"<p>Una batalla por el Bien y el Mal est\u00e1 a punto de librarse y el porvenir del mundo quedar\u00e1 en manos de dos adolescentes.Primer libro de la serie Los secretos del inmortal Nicolas Flamel. Bestseller de The New York Times y USA Today. Parte de la selecci\u00f3n de Indie Next, \u00abLibro para adolescentes\u00bb de la Biblioteca P\u00fablica de Nueva York y selecci\u00f3n del IRA Young Adult. Cuando Sophie y Josh Newman, dos adolescentes que viven en San Francisco deciden ponerse a trabajar en una librer\u00eda en verano para sacarse un poco de dinero, no se imaginan que los afables propietarios, Nicolas y Peronelle, son en realidad los \u00faltimos guardianes de un libro m\u00e1gico y milenario, responsable del equilibrio entre el Bien y el Mal. Una batalla por el Bien y el Mal est\u00e1 a punto de librarse y el porvenir del mundo quedar\u00e1 en manos de dos adolescentes. \u00abLos fan\u00e1ticos de las historias de aventuras como Percy Jackson de Rick Riordan y la serie del Olimpo devorar\u00e1n este libro.\u00bb &#8211; Voya.<\/p>\n","protected":false},"excerpt":{"rendered":"<p>Michael Scott<\/p>\n<p>428 p\u00e1ginas<\/p>\n","protected":false},"featured_media":6171,"template":"","meta":{"_joinchat":[]},"product_brand":[],"product_cat":[39,51],"product_tag":[34],"class_list":{"0":"post-6170","1":"product","2":"type-product","3":"status-publish","4":"has-post-thumbnail","6":"product_cat-fantasia","7":"product_cat-oferta","8":"product_tag-penguin-random-house","10":"first","11":"outofstock","12":"sale","13":"shipping-taxable","14":"purchasable","15":"product-type-simple"},"_links":{"self":[{"href":"https:\/\/libreriahistoriasdebolsillo.com\/index.php\/wp-json\/wp\/v2\/product\/6170","targetHints":{"allow":["GET"]}}],"collection":[{"href":"https:\/\/libreriahistoriasdebolsillo.com\/index.php\/wp-json\/wp\/v2\/product"}],"about":[{"href":"https:\/\/libreriahistoriasdebolsillo.com\/index.php\/wp-json\/wp\/v2\/types\/product"}],"wp:featuredmedia":[{"embeddable":true,"href":"https:\/\/libreriahistoriasdebolsillo.com\/index.php\/wp-json\/wp\/v2\/media\/6171"}],"wp:attachment":[{"href":"https:\/\/libreriahistoriasdebolsillo.com\/index.php\/wp-json\/wp\/v2\/media?parent=6170"}],"wp:term":[{"taxonomy":"product_brand","embeddable":true,"href":"https:\/\/libreriahistoriasdebolsillo.com\/index.php\/wp-json\/wp\/v2\/product_brand?post=6170"},{"taxonomy":"product_cat","embeddable":true,"href":"https:\/\/libreriahistoriasdebolsillo.com\/index.php\/wp-json\/wp\/v2\/product_cat?post=6170"},{"taxonomy":"product_tag","embeddable":true,"href":"https:\/\/libreriahistoriasdebolsillo.com\/index.php\/wp-json\/wp\/v2\/product_tag?post=6170"}],"curies":[{"name":"wp","href":"https:\/\/api.w.org\/{rel}","templated":true}]}}