{"id":6202,"date":"2025-02-06T14:38:50","date_gmt":"2025-02-06T20:38:50","guid":{"rendered":"https:\/\/libreriahistoriasdebolsillo.com\/?post_type=product&#038;p=6202"},"modified":"2026-03-10T16:03:24","modified_gmt":"2026-03-10T22:03:24","slug":"maple-hills-1-romper-el-hielo","status":"publish","type":"product","link":"https:\/\/libreriahistoriasdebolsillo.com\/index.php\/producto\/maple-hills-1-romper-el-hielo\/","title":{"rendered":"Maple Hills 1. Romper el hielo"},"content":{"rendered":"<p><b>LAS CHISPAS SALTAN CUANDO UNA PATINADORA ART\u00cdSTICA Y EL CAPIT\u00c1N DEL EQUIPO DE HOCKEY SE VEN OBLIGADOS A ACERCARSE MUCHO M\u00c1S DE LO QUE QUERR\u00cdAN.<\/b><\/p>\n<p><b>Anastasia Allen<\/b>\u00a0est\u00e1 decidida a entrar en el equipo ol\u00edmpico de\u00a0<b>patinaje sobre hielo<\/b>\u00a0de Estados Unidos y, cuando consigue una beca para la Universidad de California, todo parece ir de acuerdo con su plan.<\/p>\n<p>El objetivo de\u00a0<b>Nathan Hawkins<\/b>\u00a0como capit\u00e1n del equipo de hockey es mantener a sus chicos sobre el hielo cueste lo que cueste, pero todo se complica cuando tienen que\u00a0<b>compartir pista<\/b>\u00a0con una patinadora guap\u00edsima y con muy mal genio.<\/p>\n<p>La\u00a0<b>situaci\u00f3n obliga<\/b>\u00a0a estos rivales a pasar tiempo juntos, pero\u00a0<b>Anastasia<\/b>\u00a0est\u00e1 tranquila. Sabe perfectamente que un jugador de hockey jam\u00e1s podr\u00eda distraerla, y mucho menos Nate&#8230; \u00bfverdad?<\/p>\n","protected":false},"excerpt":{"rendered":"<p>Hannah Grace<\/p>\n<p>464 p\u00e1ginas<\/p>\n","protected":false},"featured_media":6203,"template":"","meta":{"_joinchat":[]},"product_brand":[],"product_cat":[52,70,35],"product_tag":[34],"class_list":{"0":"post-6202","1":"product","2":"type-product","3":"status-publish","4":"has-post-thumbnail","6":"product_cat-juvenil","7":"product_cat-novedades","8":"product_cat-romantica","9":"product_tag-penguin-random-house","11":"first","12":"outofstock","13":"shipping-taxable","14":"purchasable","15":"product-type-simple"},"_links":{"self":[{"href":"https:\/\/libreriahistoriasdebolsillo.com\/index.php\/wp-json\/wp\/v2\/product\/6202","targetHints":{"allow":["GET"]}}],"collection":[{"href":"https:\/\/libreriahistoriasdebolsillo.com\/index.php\/wp-json\/wp\/v2\/product"}],"about":[{"href":"https:\/\/libreriahistoriasdebolsillo.com\/index.php\/wp-json\/wp\/v2\/types\/product"}],"wp:featuredmedia":[{"embeddable":true,"href":"https:\/\/libreriahistoriasdebolsillo.com\/index.php\/wp-json\/wp\/v2\/media\/6203"}],"wp:attachment":[{"href":"https:\/\/libreriahistoriasdebolsillo.com\/index.php\/wp-json\/wp\/v2\/media?parent=6202"}],"wp:term":[{"taxonomy":"product_brand","embeddable":true,"href":"https:\/\/libreriahistoriasdebolsillo.com\/index.php\/wp-json\/wp\/v2\/product_brand?post=6202"},{"taxonomy":"product_cat","embeddable":true,"href":"https:\/\/libreriahistoriasdebolsillo.com\/index.php\/wp-json\/wp\/v2\/product_cat?post=6202"},{"taxonomy":"product_tag","embeddable":true,"href":"https:\/\/libreriahistoriasdebolsillo.com\/index.php\/wp-json\/wp\/v2\/product_tag?post=6202"}],"curies":[{"name":"wp","href":"https:\/\/api.w.org\/{rel}","templated":true}]}}