{"id":6212,"date":"2025-02-06T14:58:04","date_gmt":"2025-02-06T20:58:04","guid":{"rendered":"https:\/\/libreriahistoriasdebolsillo.com\/?post_type=product&#038;p=6212"},"modified":"2025-03-07T15:25:37","modified_gmt":"2025-03-07T21:25:37","slug":"colegio-de-poderes-secretos-1-el-gato-numero-trece","status":"publish","type":"product","link":"https:\/\/libreriahistoriasdebolsillo.com\/index.php\/producto\/colegio-de-poderes-secretos-1-el-gato-numero-trece\/","title":{"rendered":"Colegio de poderes secretos 1. El gato n\u00famero trece"},"content":{"rendered":"<p><b>El colegio en el que querr\u00edas estudiar.<\/b><\/p>\n<p><b>Misterios, poderes secretos y aventuras inimaginables&#8230; \u00a1Bienvenido al primer curso!<\/b><\/p>\n<p>El d\u00eda de su cumplea\u00f1os, Axel recibe dos regalos inesperados&#8230;<\/p>\n<p>El primero es un gato gru\u00f1\u00f3n que habla.<\/p>\n<p>Y el segundo es una invitaci\u00f3n para estudiar en el Colegio de Poderes Secretos.<\/p>\n<p>All\u00ed conocer\u00e1 a otros ni\u00f1os y ni\u00f1as con poderes incre\u00edbles, resolver\u00e1 una misteriosa desaparici\u00f3n y descubrir\u00e1 si \u00e9l tambi\u00e9n tiene alg\u00fan poder&#8230; \u00bfTe imaginas cu\u00e1l puede ser?<\/p>\n<p>Mascotas parlantes y mucha magia en una colecci\u00f3n para lectores aprendices:<\/p>\n<p>-Texto sencillo y f\u00e1cil de entender\u00a0<b>para lectores a partir de 7 a\u00f1os<\/b>. \u00a1Quedar\u00e1n hechizados por el poder de la lectura!<\/p>\n<p>-Ideal para lectores amantes de\u00a0<b>la fantas\u00eda y las aventuras m\u00e1s emocionantes<\/b>.<\/p>\n<p>-Un libro que es pura magia\u00a0<b>con ilustraciones a todo color<\/b>\u00a0en cada p\u00e1gina.<\/p>\n<p>-Una\u00a0<b>trama deslumbrantemente encantadora y divertida<\/b>. \u00a1No podr\u00e1s resistir su poderosa llamada!<\/p>\n<p>-Un mundo m\u00e1gico creado por el autor bestseller C\u00e9sar Mallorqu\u00ed,\u00a0<b>que ha cautivado a m\u00e1s de 200.000 lectores<\/b>.<\/p>\n","protected":false},"excerpt":{"rendered":"<p>Cesar Mallorqui<\/p>\n<p>128 p\u00e1ginas<\/p>\n","protected":false},"featured_media":6213,"template":"","meta":{"_joinchat":[]},"product_brand":[],"product_cat":[39,54,52,70],"product_tag":[34],"class_list":{"0":"post-6212","1":"product","2":"type-product","3":"status-publish","4":"has-post-thumbnail","6":"product_cat-fantasia","7":"product_cat-infantil","8":"product_cat-juvenil","9":"product_cat-novedades","10":"product_tag-penguin-random-house","12":"first","13":"outofstock","14":"shipping-taxable","15":"purchasable","16":"product-type-simple"},"_links":{"self":[{"href":"https:\/\/libreriahistoriasdebolsillo.com\/index.php\/wp-json\/wp\/v2\/product\/6212","targetHints":{"allow":["GET"]}}],"collection":[{"href":"https:\/\/libreriahistoriasdebolsillo.com\/index.php\/wp-json\/wp\/v2\/product"}],"about":[{"href":"https:\/\/libreriahistoriasdebolsillo.com\/index.php\/wp-json\/wp\/v2\/types\/product"}],"wp:featuredmedia":[{"embeddable":true,"href":"https:\/\/libreriahistoriasdebolsillo.com\/index.php\/wp-json\/wp\/v2\/media\/6213"}],"wp:attachment":[{"href":"https:\/\/libreriahistoriasdebolsillo.com\/index.php\/wp-json\/wp\/v2\/media?parent=6212"}],"wp:term":[{"taxonomy":"product_brand","embeddable":true,"href":"https:\/\/libreriahistoriasdebolsillo.com\/index.php\/wp-json\/wp\/v2\/product_brand?post=6212"},{"taxonomy":"product_cat","embeddable":true,"href":"https:\/\/libreriahistoriasdebolsillo.com\/index.php\/wp-json\/wp\/v2\/product_cat?post=6212"},{"taxonomy":"product_tag","embeddable":true,"href":"https:\/\/libreriahistoriasdebolsillo.com\/index.php\/wp-json\/wp\/v2\/product_tag?post=6212"}],"curies":[{"name":"wp","href":"https:\/\/api.w.org\/{rel}","templated":true}]}}