{"id":6214,"date":"2025-02-06T15:00:57","date_gmt":"2025-02-06T21:00:57","guid":{"rendered":"https:\/\/libreriahistoriasdebolsillo.com\/?post_type=product&#038;p=6214"},"modified":"2025-06-16T11:01:05","modified_gmt":"2025-06-16T17:01:05","slug":"telmo-lobo-1-el-misterio-del-capitan","status":"publish","type":"product","link":"https:\/\/libreriahistoriasdebolsillo.com\/index.php\/producto\/telmo-lobo-1-el-misterio-del-capitan\/","title":{"rendered":"Telmo Lobo 1. El misterio del capit\u00e1n"},"content":{"rendered":"<p><b>TRES HERMANOS. <\/b><b>DOS MUNDOS.<\/b>\u00a0<b>UNA<\/b>\u00a0<b>AMENAZA<\/b><b>.<\/b><\/p>\n<p><b>Telmo Lobo<\/b>\u00a0se est\u00e1 volviendo loco: ve cosas que nadie ve, las gaviotas le hablan y un\u00a0<b>misterioso millonario<\/b>\u00a0aparece para decirle que sabe d\u00f3nde est\u00e1\u00a0<b>su padre<\/b>, quien, sin decir nada, desapareci\u00f3 hace a\u00f1os de la vida de sus hijos,\u00a0<b>Telmo, M\u00eda y Sammy<\/b>.<\/p>\n<p>Los hermanos Lobo y su amiga\u00a0<b>Carmina<\/b>\u00a0se han enfrentado a abusadores y a duras competencias de deporte, pero lo que se encontrar\u00e1n al seguir la\u00a0<b>pista de su padre<\/b>\u00a0ser\u00e1 algo nunca visto:\u00a0<b>otra dimensi\u00f3n<\/b>\u00a0como\u00a0<b>jam\u00e1s habr\u00edan<\/b>\u00a0imaginado, donde surfear por el aire y comunicarse con la mente es posible, y donde el mal amenaza con tomar el control. Juntos se adentrar\u00e1n en una aventura\u00a0<b>llena de retos<\/b>\u00a0en la que todos deber\u00e1n hacer frente a sus miedos. Tendr\u00e1n que sacar valor y arriesgarse antes de que la amenaza de V\u00e9rtigo condene a\u00a0<b>todas las personas<\/b>\u00a0a las que quieren.<\/p>\n<p><b>tictac, tictac&#8230; el tiempo se acaba.<\/b>\u00a0<b>\u00bfte atreves a acompa\u00f1arlos?<\/b><\/p>\n","protected":false},"excerpt":{"rendered":"<p>Emilio Arag\u00f3n<\/p>\n<p>256 p\u00e1ginas<\/p>\n","protected":false},"featured_media":6215,"template":"","meta":{"_joinchat":[]},"product_brand":[],"product_cat":[39,54,52,70],"product_tag":[34],"class_list":{"0":"post-6214","1":"product","2":"type-product","3":"status-publish","4":"has-post-thumbnail","6":"product_cat-fantasia","7":"product_cat-infantil","8":"product_cat-juvenil","9":"product_cat-novedades","10":"product_tag-penguin-random-house","12":"first","13":"outofstock","14":"shipping-taxable","15":"purchasable","16":"product-type-simple"},"_links":{"self":[{"href":"https:\/\/libreriahistoriasdebolsillo.com\/index.php\/wp-json\/wp\/v2\/product\/6214","targetHints":{"allow":["GET"]}}],"collection":[{"href":"https:\/\/libreriahistoriasdebolsillo.com\/index.php\/wp-json\/wp\/v2\/product"}],"about":[{"href":"https:\/\/libreriahistoriasdebolsillo.com\/index.php\/wp-json\/wp\/v2\/types\/product"}],"wp:featuredmedia":[{"embeddable":true,"href":"https:\/\/libreriahistoriasdebolsillo.com\/index.php\/wp-json\/wp\/v2\/media\/6215"}],"wp:attachment":[{"href":"https:\/\/libreriahistoriasdebolsillo.com\/index.php\/wp-json\/wp\/v2\/media?parent=6214"}],"wp:term":[{"taxonomy":"product_brand","embeddable":true,"href":"https:\/\/libreriahistoriasdebolsillo.com\/index.php\/wp-json\/wp\/v2\/product_brand?post=6214"},{"taxonomy":"product_cat","embeddable":true,"href":"https:\/\/libreriahistoriasdebolsillo.com\/index.php\/wp-json\/wp\/v2\/product_cat?post=6214"},{"taxonomy":"product_tag","embeddable":true,"href":"https:\/\/libreriahistoriasdebolsillo.com\/index.php\/wp-json\/wp\/v2\/product_tag?post=6214"}],"curies":[{"name":"wp","href":"https:\/\/api.w.org\/{rel}","templated":true}]}}