{"id":6232,"date":"2025-02-12T11:25:19","date_gmt":"2025-02-12T17:25:19","guid":{"rendered":"https:\/\/libreriahistoriasdebolsillo.com\/?post_type=product&#038;p=6232"},"modified":"2025-10-28T12:16:59","modified_gmt":"2025-10-28T18:16:59","slug":"la-ecuacion-de-dios","status":"publish","type":"product","link":"https:\/\/libreriahistoriasdebolsillo.com\/index.php\/producto\/la-ecuacion-de-dios\/","title":{"rendered":"La ecuaci\u00f3n de dios"},"content":{"rendered":"<p><b>La b\u00fasqueda del santo grial de la ciencia por el reputado f\u00edsico te\u00f3rico<\/b>\u00a0<b>Michio<\/b>\u00a0<b>Kaku.<\/b><\/p>\n<p>Cuando Newton formul\u00f3 la\u00a0<b>ley de la gravedad<\/b>, unific\u00f3 las reglas que rigen los cielos y la Tierra. Hoy el mayor\u00a0<b>desaf\u00edo de la f\u00edsica<\/b>\u00a0es encontrar una s\u00edntesis de las dos grandes teor\u00edas, basadas en\u00a0<b>principios matem\u00e1ticos<\/b>\u00a0diferentes: la teor\u00eda de la relatividad y la cu\u00e1ntica. Combinarlas ser\u00eda el mayor logro cient\u00edfico, una profunda fusi\u00f3n de todas las\u00a0<b>fuerzas de la naturaleza<\/b>\u00a0en una hermosa y magn\u00edfica ecuaci\u00f3n que nos permitir\u00eda descubrir los misterios m\u00e1s profundos de la ciencia: \u00bfqu\u00e9 sucedi\u00f3 antes del\u00a0<b>Big<\/b>\u00a0<b>Bang<\/b>? \u00bfQu\u00e9 hay al otro lado de un\u00a0<b>agujero negro<\/b>? \u00bfExisten otros\u00a0<b>universo<\/b>s y otras\u00a0<b>dimensiones<\/b>? \u00bfEs posible\u00a0<b>viajar en el tiempo<\/b>? \u00bfPor qu\u00e9 estamos aqu\u00ed?<\/p>\n<p>Con ese objetivo, y con su conocida capacidad para divulgar conceptos complejos empleando un lenguaje accesible y atrayente,\u00a0<b>Michio<\/b>\u00a0<b>Kaku<\/b>\u00a0repasa la historia de la f\u00edsica hasta llegar a los debates actuales en torno a la b\u00fasqueda de esa teor\u00eda unificadora, la \u00ab<b>ecuaci\u00f3n de Dios<\/b>\u00bb.<\/p>\n<p>Una historia fascinante, contada de manera magistral, donde lo que est\u00e1 en juego es nada menos que nuestra\u00a0<b>concepci\u00f3n del universo<\/b>.<\/p>\n","protected":false},"excerpt":{"rendered":"<p>Michio Kaku<\/p>\n<p>240 p\u00e1ginas<\/p>\n","protected":false},"featured_media":6233,"template":"","meta":{"_joinchat":[]},"product_brand":[],"product_cat":[41],"product_tag":[34],"class_list":{"0":"post-6232","1":"product","2":"type-product","3":"status-publish","4":"has-post-thumbnail","6":"product_cat-desarrollo-humano","7":"product_tag-penguin-random-house","9":"first","10":"instock","11":"shipping-taxable","12":"purchasable","13":"product-type-simple"},"_links":{"self":[{"href":"https:\/\/libreriahistoriasdebolsillo.com\/index.php\/wp-json\/wp\/v2\/product\/6232","targetHints":{"allow":["GET"]}}],"collection":[{"href":"https:\/\/libreriahistoriasdebolsillo.com\/index.php\/wp-json\/wp\/v2\/product"}],"about":[{"href":"https:\/\/libreriahistoriasdebolsillo.com\/index.php\/wp-json\/wp\/v2\/types\/product"}],"wp:featuredmedia":[{"embeddable":true,"href":"https:\/\/libreriahistoriasdebolsillo.com\/index.php\/wp-json\/wp\/v2\/media\/6233"}],"wp:attachment":[{"href":"https:\/\/libreriahistoriasdebolsillo.com\/index.php\/wp-json\/wp\/v2\/media?parent=6232"}],"wp:term":[{"taxonomy":"product_brand","embeddable":true,"href":"https:\/\/libreriahistoriasdebolsillo.com\/index.php\/wp-json\/wp\/v2\/product_brand?post=6232"},{"taxonomy":"product_cat","embeddable":true,"href":"https:\/\/libreriahistoriasdebolsillo.com\/index.php\/wp-json\/wp\/v2\/product_cat?post=6232"},{"taxonomy":"product_tag","embeddable":true,"href":"https:\/\/libreriahistoriasdebolsillo.com\/index.php\/wp-json\/wp\/v2\/product_tag?post=6232"}],"curies":[{"name":"wp","href":"https:\/\/api.w.org\/{rel}","templated":true}]}}