{"id":6236,"date":"2025-02-12T11:29:50","date_gmt":"2025-02-12T17:29:50","guid":{"rendered":"https:\/\/libreriahistoriasdebolsillo.com\/?post_type=product&#038;p=6236"},"modified":"2025-07-04T17:23:03","modified_gmt":"2025-07-04T23:23:03","slug":"millonario-en-un-fin-de-semana","status":"publish","type":"product","link":"https:\/\/libreriahistoriasdebolsillo.com\/index.php\/producto\/millonario-en-un-fin-de-semana\/","title":{"rendered":"Millonario en un fin de semana"},"content":{"rendered":"<p><b>Incluye estrategias, desaf\u00edos,<\/b>\u00a0<b>guiones y correos a prueba de balas.<\/b><\/p>\n<p>Este es el mejor momento de la historia para\u00a0<b>emprender<\/b>. Hay oportunidades en todas partes para crear\u00a0<b>nuevos negocios<\/b>, productos y servicios que ayuden a resolver los problemas del mundo. De hecho, personas comunes y corrientes inician negocios rentables todos los d\u00edas. Simplemente no lo presumen en Instagram.<\/p>\n<p>Si toda la informaci\u00f3n que necesitas para\u00a0<b>iniciar un negocio<\/b>\u00a0est\u00e1 disponible de manera gratuita, \u00bfpor qu\u00e9 parece tan dif\u00edcil? Es f\u00e1cil poner excusas: no hay buenas ideas, miedo al rechazo, mal momento, capital insuficiente, no tener un socio comercial\u2026 Pero todas tienen\u00a0<b>soluci\u00f3n<\/b>. A pesar de lo que algunas personas te digan, emprender no tiene por qu\u00e9 ser complicado.<\/p>\n<p><i><b>Millonario en un fin de semana<\/b><\/i>\u00a0te ense\u00f1a c\u00f3mo crear un negocio en 48 horas para que el lunes comiences un negocio rentable y probado en el mercado. Ofrece un camino para crear la vida de tus sue\u00f1os y alcanzar la libertad que mereces.<\/p>\n<p><b>Aprender\u00e1s:<\/b><\/p>\n<p>Por qu\u00e9 no necesitas leer otro libro, ver un video o gastar un solo centavo antes de ganar tu primer d\u00f3lar.<\/p>\n<p>C\u00f3mo dominar el enfoque Customer First para generar tantas ideas de negocio que no sabr\u00e1s qu\u00e9 hacer con todas ellas.<\/p>\n<p>C\u00f3mo encontrar tu N\u00famero de Libertad para que tu emprendimiento est\u00e9 libre de riesgos.<\/p>\n<p>C\u00f3mo ganar tiempo para gestionar un negocio de 70 millones de d\u00f3lares, un canal de YouTube y un blog, mientras viajas, haces ejercicio y vives la vida de tus sue\u00f1os.<\/p>\n","protected":false},"excerpt":{"rendered":"<p>Noah Kagan<\/p>\n<p>264 p\u00e1ginas<\/p>\n","protected":false},"featured_media":6237,"template":"","meta":{"_joinchat":[]},"product_brand":[],"product_cat":[58,41,70],"product_tag":[34],"class_list":{"0":"post-6236","1":"product","2":"type-product","3":"status-publish","4":"has-post-thumbnail","6":"product_cat-desarrollo-humano-y-superacion","7":"product_cat-desarrollo-humano","8":"product_cat-novedades","9":"product_tag-penguin-random-house","11":"first","12":"outofstock","13":"shipping-taxable","14":"purchasable","15":"product-type-simple"},"_links":{"self":[{"href":"https:\/\/libreriahistoriasdebolsillo.com\/index.php\/wp-json\/wp\/v2\/product\/6236","targetHints":{"allow":["GET"]}}],"collection":[{"href":"https:\/\/libreriahistoriasdebolsillo.com\/index.php\/wp-json\/wp\/v2\/product"}],"about":[{"href":"https:\/\/libreriahistoriasdebolsillo.com\/index.php\/wp-json\/wp\/v2\/types\/product"}],"wp:featuredmedia":[{"embeddable":true,"href":"https:\/\/libreriahistoriasdebolsillo.com\/index.php\/wp-json\/wp\/v2\/media\/6237"}],"wp:attachment":[{"href":"https:\/\/libreriahistoriasdebolsillo.com\/index.php\/wp-json\/wp\/v2\/media?parent=6236"}],"wp:term":[{"taxonomy":"product_brand","embeddable":true,"href":"https:\/\/libreriahistoriasdebolsillo.com\/index.php\/wp-json\/wp\/v2\/product_brand?post=6236"},{"taxonomy":"product_cat","embeddable":true,"href":"https:\/\/libreriahistoriasdebolsillo.com\/index.php\/wp-json\/wp\/v2\/product_cat?post=6236"},{"taxonomy":"product_tag","embeddable":true,"href":"https:\/\/libreriahistoriasdebolsillo.com\/index.php\/wp-json\/wp\/v2\/product_tag?post=6236"}],"curies":[{"name":"wp","href":"https:\/\/api.w.org\/{rel}","templated":true}]}}