{"id":6274,"date":"2025-02-14T18:44:16","date_gmt":"2025-02-15T00:44:16","guid":{"rendered":"https:\/\/libreriahistoriasdebolsillo.com\/?post_type=product&#038;p=6274"},"modified":"2025-05-02T10:38:59","modified_gmt":"2025-05-02T16:38:59","slug":"introduccion-a-kant","status":"publish","type":"product","link":"https:\/\/libreriahistoriasdebolsillo.com\/index.php\/producto\/introduccion-a-kant\/","title":{"rendered":"Introducci\u00f3n a Kant"},"content":{"rendered":"<p>Paradigma del pensador ilustrado, Immanuel Kant abri\u00f3 la puerta de la modernidad bas\u00e1ndose en la raz\u00f3n y dejando atr\u00e1s los fundamentos impuestos por el antiguo r\u00e9gimen. Su proyecto cr\u00edtico de gran alcance lo articul\u00f3 en tres fases que analizaban los tres pilares de la filosof\u00eda y su relaci\u00f3n con los diferentes modos de aplicar la raz\u00f3n: el conocimiento, la moral y la capacidad de decisi\u00f3n. Con ellos, se compone un sistema perfecto que da sentido al mundo y permite establecer los objetivos de la humanidad.<\/p>\n<p>En esta obra, perfectamente estructurada y a\u00fan mejor explicada, se expone con detalle el pensamiento de Kant de una manera accesible para comprender el enorme alcance de sus planteamientos y sus logros.<\/p>\n","protected":false},"excerpt":{"rendered":"<p>158 p\u00e1ginas<\/p>\n","protected":false},"featured_media":6275,"template":"","meta":{"_joinchat":[]},"product_brand":[],"product_cat":[41],"product_tag":[48],"class_list":{"0":"post-6274","1":"product","2":"type-product","3":"status-publish","4":"has-post-thumbnail","6":"product_cat-desarrollo-humano","7":"product_tag-vr-editoras","9":"first","10":"outofstock","11":"shipping-taxable","12":"purchasable","13":"product-type-simple"},"_links":{"self":[{"href":"https:\/\/libreriahistoriasdebolsillo.com\/index.php\/wp-json\/wp\/v2\/product\/6274","targetHints":{"allow":["GET"]}}],"collection":[{"href":"https:\/\/libreriahistoriasdebolsillo.com\/index.php\/wp-json\/wp\/v2\/product"}],"about":[{"href":"https:\/\/libreriahistoriasdebolsillo.com\/index.php\/wp-json\/wp\/v2\/types\/product"}],"wp:featuredmedia":[{"embeddable":true,"href":"https:\/\/libreriahistoriasdebolsillo.com\/index.php\/wp-json\/wp\/v2\/media\/6275"}],"wp:attachment":[{"href":"https:\/\/libreriahistoriasdebolsillo.com\/index.php\/wp-json\/wp\/v2\/media?parent=6274"}],"wp:term":[{"taxonomy":"product_brand","embeddable":true,"href":"https:\/\/libreriahistoriasdebolsillo.com\/index.php\/wp-json\/wp\/v2\/product_brand?post=6274"},{"taxonomy":"product_cat","embeddable":true,"href":"https:\/\/libreriahistoriasdebolsillo.com\/index.php\/wp-json\/wp\/v2\/product_cat?post=6274"},{"taxonomy":"product_tag","embeddable":true,"href":"https:\/\/libreriahistoriasdebolsillo.com\/index.php\/wp-json\/wp\/v2\/product_tag?post=6274"}],"curies":[{"name":"wp","href":"https:\/\/api.w.org\/{rel}","templated":true}]}}