{"id":6281,"date":"2025-02-14T18:50:39","date_gmt":"2025-02-15T00:50:39","guid":{"rendered":"https:\/\/libreriahistoriasdebolsillo.com\/?post_type=product&#038;p=6281"},"modified":"2025-05-14T12:55:36","modified_gmt":"2025-05-14T18:55:36","slug":"caligula","status":"publish","type":"product","link":"https:\/\/libreriahistoriasdebolsillo.com\/index.php\/producto\/caligula\/","title":{"rendered":"Cal\u00edgula"},"content":{"rendered":"<p>Suetonio es sin duda el cronista m\u00e1s directo y entretenido de la literatura latina. Suetonio (c. 70 \u2013 despu\u00e9s de 126) es el bi\u00f3grafo por antonomasia de la literatura latina. Originario del norte de \u00c1frica, hizo carrera en la administraci\u00f3n imperial de Roma con cargos de gran responsabilidad bajo los reinados de Trajano y Adriano. Esto le dio un acceso privilegiado a los archivos privados de los emperadores, una fuente de informaci\u00f3n valios\u00edsima que le permiti\u00f3 enriquecer su obra centrada en los doce primeros c\u00e9sares: de Julio C\u00e9sar a Domiciano. Como todas las biograf\u00edas escritas por Suetonio, la de Cal\u00edgula se centra no tanto en asuntos p\u00fablicos que no afectaban personalmente al emperador, sino en su trayectoria vital enriquecida con detalles y noticias sobre sus costumbres y su conducta. El resultado es el retrato m\u00e1s v\u00edvido y truculento de uno de los gobernantes m\u00e1s infames que tuvo Roma. Cal\u00edgula es famoso por ser uno de los emperadores m\u00e1s depravados que ha existido y esta biograf\u00eda es una de las grandes fuentes de su reinado.<\/p>\n","protected":false},"excerpt":{"rendered":"<p>Suetonio<\/p>\n<p>88 p\u00e1ginas<\/p>\n","protected":false},"featured_media":6282,"template":"","meta":{"_joinchat":[]},"product_brand":[],"product_cat":[41],"product_tag":[48],"class_list":{"0":"post-6281","1":"product","2":"type-product","3":"status-publish","4":"has-post-thumbnail","6":"product_cat-desarrollo-humano","7":"product_tag-vr-editoras","9":"first","10":"instock","11":"shipping-taxable","12":"purchasable","13":"product-type-simple"},"_links":{"self":[{"href":"https:\/\/libreriahistoriasdebolsillo.com\/index.php\/wp-json\/wp\/v2\/product\/6281","targetHints":{"allow":["GET"]}}],"collection":[{"href":"https:\/\/libreriahistoriasdebolsillo.com\/index.php\/wp-json\/wp\/v2\/product"}],"about":[{"href":"https:\/\/libreriahistoriasdebolsillo.com\/index.php\/wp-json\/wp\/v2\/types\/product"}],"wp:featuredmedia":[{"embeddable":true,"href":"https:\/\/libreriahistoriasdebolsillo.com\/index.php\/wp-json\/wp\/v2\/media\/6282"}],"wp:attachment":[{"href":"https:\/\/libreriahistoriasdebolsillo.com\/index.php\/wp-json\/wp\/v2\/media?parent=6281"}],"wp:term":[{"taxonomy":"product_brand","embeddable":true,"href":"https:\/\/libreriahistoriasdebolsillo.com\/index.php\/wp-json\/wp\/v2\/product_brand?post=6281"},{"taxonomy":"product_cat","embeddable":true,"href":"https:\/\/libreriahistoriasdebolsillo.com\/index.php\/wp-json\/wp\/v2\/product_cat?post=6281"},{"taxonomy":"product_tag","embeddable":true,"href":"https:\/\/libreriahistoriasdebolsillo.com\/index.php\/wp-json\/wp\/v2\/product_tag?post=6281"}],"curies":[{"name":"wp","href":"https:\/\/api.w.org\/{rel}","templated":true}]}}