{"id":6316,"date":"2025-03-04T16:20:47","date_gmt":"2025-03-04T22:20:47","guid":{"rendered":"https:\/\/libreriahistoriasdebolsillo.com\/?post_type=product&#038;p=6316"},"modified":"2025-10-18T15:20:44","modified_gmt":"2025-10-18T21:20:44","slug":"el-principe-2","status":"publish","type":"product","link":"https:\/\/libreriahistoriasdebolsillo.com\/index.php\/producto\/el-principe-2\/","title":{"rendered":"El Pr\u00edncipe"},"content":{"rendered":"<p>Mientras los seres humanos convivan, ser\u00e1 necesaria la pol\u00edtica. Maquiavelo, que lo sab\u00eda por su experiencia en el gobierno de la Florencia renacentista, escribi\u00f3 este tratado para analizar el modo en que los gobernantes consiguen el poder y lo conservan. Con ejemplos hist\u00f3ricos, expone una filosof\u00eda pol\u00edtica en la que el valor de las acciones se define a partir de su eficacia, inaugurando un realismo que se aleja de las corrientes moralistas y ut\u00f3picas de su \u00e9poca.<\/p>\n<p>La presente edici\u00f3n ofrece una nueva traducci\u00f3n anotada de Mauro Armi\u00f1o, realizada a la luz de las mejores ediciones y m\u00e1s recientes italianas; se abre con una brillante introducci\u00f3n a cargo del escritor y polit\u00f3logo Manuel Arias Maldonado en la que se defiende la relevancia del texto en nuestros d\u00edas.<\/p>\n","protected":false},"excerpt":{"rendered":"<p>Nicol\u00e1s Maquiavelo<\/p>\n<p>224 p\u00e1ginas<\/p>\n","protected":false},"featured_media":6317,"template":"","meta":{"_joinchat":[]},"product_brand":[],"product_cat":[42,51],"product_tag":[34],"class_list":{"0":"post-6316","1":"product","2":"type-product","3":"status-publish","4":"has-post-thumbnail","6":"product_cat-literatura-clasica","7":"product_cat-oferta","8":"product_tag-penguin-random-house","10":"first","11":"outofstock","12":"shipping-taxable","13":"purchasable","14":"product-type-simple"},"_links":{"self":[{"href":"https:\/\/libreriahistoriasdebolsillo.com\/index.php\/wp-json\/wp\/v2\/product\/6316","targetHints":{"allow":["GET"]}}],"collection":[{"href":"https:\/\/libreriahistoriasdebolsillo.com\/index.php\/wp-json\/wp\/v2\/product"}],"about":[{"href":"https:\/\/libreriahistoriasdebolsillo.com\/index.php\/wp-json\/wp\/v2\/types\/product"}],"wp:featuredmedia":[{"embeddable":true,"href":"https:\/\/libreriahistoriasdebolsillo.com\/index.php\/wp-json\/wp\/v2\/media\/6317"}],"wp:attachment":[{"href":"https:\/\/libreriahistoriasdebolsillo.com\/index.php\/wp-json\/wp\/v2\/media?parent=6316"}],"wp:term":[{"taxonomy":"product_brand","embeddable":true,"href":"https:\/\/libreriahistoriasdebolsillo.com\/index.php\/wp-json\/wp\/v2\/product_brand?post=6316"},{"taxonomy":"product_cat","embeddable":true,"href":"https:\/\/libreriahistoriasdebolsillo.com\/index.php\/wp-json\/wp\/v2\/product_cat?post=6316"},{"taxonomy":"product_tag","embeddable":true,"href":"https:\/\/libreriahistoriasdebolsillo.com\/index.php\/wp-json\/wp\/v2\/product_tag?post=6316"}],"curies":[{"name":"wp","href":"https:\/\/api.w.org\/{rel}","templated":true}]}}