{"id":6324,"date":"2025-03-04T16:31:44","date_gmt":"2025-03-04T22:31:44","guid":{"rendered":"https:\/\/libreriahistoriasdebolsillo.com\/?post_type=product&#038;p=6324"},"modified":"2025-07-04T17:24:40","modified_gmt":"2025-07-04T23:24:40","slug":"el-arte-de-la-guerra-4","status":"publish","type":"product","link":"https:\/\/libreriahistoriasdebolsillo.com\/index.php\/producto\/el-arte-de-la-guerra-4\/","title":{"rendered":"El arte de la guerra"},"content":{"rendered":"<p>A lo largo de la historia de la humanidad pocos libros han tenido una influencia tan amplia y diversa como\u00a0<i><b>El arte de la guerra<\/b><\/i>. Escrita hace alrededor de dos mil quinientos a\u00f1os en estrechas l\u00e1minas de bamb\u00fa, esta obra logr\u00f3 traspasar las fronteras del tiempo y el espacio para convertirse en un s\u00edmbolo no s\u00f3lo de la\u00a0<b>cultura china<\/b>, sino tambi\u00e9n del esp\u00edritu competitivo y la eficacia estrat\u00e9gica.\u00a0<b>Sun<\/b><b>\u00a0Tzu<\/b>\u00a0concibi\u00f3 este tratado de t\u00e1ctica militar para una \u00e9poca de gran turbulencia: el inicio de los Estados Combatientes, cuando diversos reinos luchaban entre s\u00ed para asegurar su subsistencia y expandir sus territorios. Desde entonces, el texto del maestro Sun ha sido una gu\u00eda para estrategas y l\u00edderes pol\u00edticos alrededor del mundo, desde Mao Zedong hasta el general estadounidense\u00a0<b>Dou<\/b><b>glas MacArthur<\/b>. Sin embargo,\u00a0<i>El arte de la guerra<\/i>\u00a0ha sido recibido por lectoras y lectores apasionados, m\u00e1s all\u00e1 del \u00e1mbito marcial, que encuentran en sus p\u00e1ginas lecciones valiosas acerca de la previsi\u00f3n, la astucia y el arte del enga\u00f1o.<\/p>\n<p>Esta edici\u00f3n de\u00a0<i>El arte de la guerra<\/i>\u00a0cuenta con la cuidadosa traducci\u00f3n del s<b>in\u00f3logo David Sevillano L\u00f3pez<\/b>, a cargo tambi\u00e9n de las notas, la cual permite apreciar, en espa\u00f1ol, todas las virtudes de un texto que fusiona filosof\u00eda, poes\u00eda y racionalidad militar. Adem\u00e1s, el presente volumen incluye una introducci\u00f3n de\u00a0<b>Ugo<\/b>\u00a0<b>Pipito<\/b><b>ne<\/b>\u00a0sobre el contexto hist\u00f3rico de la obra y la peculiar relaci\u00f3n, pocas veces advertida, entre tao\u00edsmo y pragmatismo b\u00e9lico, presente en el pensamiento del maestro Sun<\/p>\n","protected":false},"excerpt":{"rendered":"<p>Sun Tzu<\/p>\n<p>136 p\u00e1ginas<\/p>\n","protected":false},"featured_media":6325,"template":"","meta":{"_joinchat":[]},"product_brand":[],"product_cat":[42,51],"product_tag":[34],"class_list":{"0":"post-6324","1":"product","2":"type-product","3":"status-publish","4":"has-post-thumbnail","6":"product_cat-literatura-clasica","7":"product_cat-oferta","8":"product_tag-penguin-random-house","10":"first","11":"outofstock","12":"shipping-taxable","13":"purchasable","14":"product-type-simple"},"_links":{"self":[{"href":"https:\/\/libreriahistoriasdebolsillo.com\/index.php\/wp-json\/wp\/v2\/product\/6324","targetHints":{"allow":["GET"]}}],"collection":[{"href":"https:\/\/libreriahistoriasdebolsillo.com\/index.php\/wp-json\/wp\/v2\/product"}],"about":[{"href":"https:\/\/libreriahistoriasdebolsillo.com\/index.php\/wp-json\/wp\/v2\/types\/product"}],"wp:featuredmedia":[{"embeddable":true,"href":"https:\/\/libreriahistoriasdebolsillo.com\/index.php\/wp-json\/wp\/v2\/media\/6325"}],"wp:attachment":[{"href":"https:\/\/libreriahistoriasdebolsillo.com\/index.php\/wp-json\/wp\/v2\/media?parent=6324"}],"wp:term":[{"taxonomy":"product_brand","embeddable":true,"href":"https:\/\/libreriahistoriasdebolsillo.com\/index.php\/wp-json\/wp\/v2\/product_brand?post=6324"},{"taxonomy":"product_cat","embeddable":true,"href":"https:\/\/libreriahistoriasdebolsillo.com\/index.php\/wp-json\/wp\/v2\/product_cat?post=6324"},{"taxonomy":"product_tag","embeddable":true,"href":"https:\/\/libreriahistoriasdebolsillo.com\/index.php\/wp-json\/wp\/v2\/product_tag?post=6324"}],"curies":[{"name":"wp","href":"https:\/\/api.w.org\/{rel}","templated":true}]}}