{"id":6336,"date":"2025-03-05T13:40:32","date_gmt":"2025-03-05T19:40:32","guid":{"rendered":"https:\/\/libreriahistoriasdebolsillo.com\/?post_type=product&#038;p=6336"},"modified":"2025-11-11T10:50:45","modified_gmt":"2025-11-11T16:50:45","slug":"nada-fue-lo-que-creimos","status":"publish","type":"product","link":"https:\/\/libreriahistoriasdebolsillo.com\/index.php\/producto\/nada-fue-lo-que-creimos\/","title":{"rendered":"Nada fue lo que cre\u00edmos"},"content":{"rendered":"<p><b>ATR\u00c9VETE A COMPETIR<\/b><\/p>\n<p><b>Cuando todo est\u00e1 en juego, Mateo y Gabriel se atrever\u00e1n a dar un paso m\u00e1s dif\u00edcil que alcanzar las calificaciones m\u00e1s altas, obtener el mejor puesto de trabajo, o incluso cambiar al mundo: descubrir que amar le da m\u00e1s sentido a los \u00e9xitos.<\/b><\/p>\n<p>Mateo Garc\u00eda es un exitoso estudiante de\u00a0<b>Relaciones Internacionales<\/b>\u00a0con una vida planeada, seg\u00fan cree, a la perfecci\u00f3n: graduarse de Columbia, trabajar en las N<b>aciones Unida<\/b>s y salvar al mundo un tratado a la vez. Tiene todo tan calculado que se aleja de cualquier distracci\u00f3n, pero un d\u00eda conoce a Gabriel Cortez, un\u00a0<b>fil\u00e1ntropo<\/b>\u00a0apasionado por cambiar al mundo. Mateo se incorpora a la fundaci\u00f3n de este chico carism\u00e1tico y descubre que no se trata solo de un simple trabajo, sino de algo extraordinario.<\/p>\n<p>Juntos descubrir\u00e1n que las victorias m\u00e1s importantes no se ganan en los escenarios, sino en esos momentos en los que todo parece perdido.<\/p>\n","protected":false},"excerpt":{"rendered":"<p>Alfonso Aguirre<\/p>\n<p>320 p\u00e1ginas<\/p>\n","protected":false},"featured_media":6337,"template":"","meta":{"_joinchat":[]},"product_brand":[],"product_cat":[33,38,70],"product_tag":[34],"class_list":{"0":"post-6336","1":"product","2":"type-product","3":"status-publish","4":"has-post-thumbnail","6":"product_cat-ficcion-general","7":"product_cat-lgbtq","8":"product_cat-novedades","9":"product_tag-penguin-random-house","11":"first","12":"outofstock","13":"shipping-taxable","14":"purchasable","15":"product-type-simple"},"_links":{"self":[{"href":"https:\/\/libreriahistoriasdebolsillo.com\/index.php\/wp-json\/wp\/v2\/product\/6336","targetHints":{"allow":["GET"]}}],"collection":[{"href":"https:\/\/libreriahistoriasdebolsillo.com\/index.php\/wp-json\/wp\/v2\/product"}],"about":[{"href":"https:\/\/libreriahistoriasdebolsillo.com\/index.php\/wp-json\/wp\/v2\/types\/product"}],"wp:featuredmedia":[{"embeddable":true,"href":"https:\/\/libreriahistoriasdebolsillo.com\/index.php\/wp-json\/wp\/v2\/media\/6337"}],"wp:attachment":[{"href":"https:\/\/libreriahistoriasdebolsillo.com\/index.php\/wp-json\/wp\/v2\/media?parent=6336"}],"wp:term":[{"taxonomy":"product_brand","embeddable":true,"href":"https:\/\/libreriahistoriasdebolsillo.com\/index.php\/wp-json\/wp\/v2\/product_brand?post=6336"},{"taxonomy":"product_cat","embeddable":true,"href":"https:\/\/libreriahistoriasdebolsillo.com\/index.php\/wp-json\/wp\/v2\/product_cat?post=6336"},{"taxonomy":"product_tag","embeddable":true,"href":"https:\/\/libreriahistoriasdebolsillo.com\/index.php\/wp-json\/wp\/v2\/product_tag?post=6336"}],"curies":[{"name":"wp","href":"https:\/\/api.w.org\/{rel}","templated":true}]}}