{"id":6370,"date":"2025-03-07T11:09:12","date_gmt":"2025-03-07T17:09:12","guid":{"rendered":"https:\/\/libreriahistoriasdebolsillo.com\/?post_type=product&#038;p=6370"},"modified":"2025-05-06T16:29:02","modified_gmt":"2025-05-06T22:29:02","slug":"4mk-thriller-1-el-cuarto-mono","status":"publish","type":"product","link":"https:\/\/libreriahistoriasdebolsillo.com\/index.php\/producto\/4mk-thriller-1-el-cuarto-mono\/","title":{"rendered":"4MK Thriller 1. El cuarto mono"},"content":{"rendered":"<p>El detective de la polic\u00eda de Chicago Sam Porter investiga el caso de un hombre atropellado, pues los indicios en la escena del crimen apuntan a que se trata de El Cuarto Mono, un asesino en serie que ha estado aterrorizando la ciudad. Su modus operandi consist\u00eda en enviar tres cajas blancas a los padres de las v\u00edctimas que secuestra y mata: una primera con una oreja, una segunda con los dos ojos, y otra con la lengua; y finalmente dejar abandonado el cuerpo sin vida en alg\u00fan lugar.<\/p>\n<p>El hombre atropellado llevaba una de esas cajas blancas. Se inicia as\u00ed una fren\u00e9tica carrera contrarreloj para averiguar d\u00f3nde se encuentra encerrada la pr\u00f3xima v\u00edctima.<\/p>\n","protected":false},"excerpt":{"rendered":"<p>J.D. Barker<\/p>\n<p>560 p\u00e1ginas<\/p>\n","protected":false},"featured_media":6371,"template":"","meta":{"_joinchat":[]},"product_brand":[],"product_cat":[37],"product_tag":[45],"class_list":{"0":"post-6370","1":"product","2":"type-product","3":"status-publish","4":"has-post-thumbnail","6":"product_cat-misterio-y-thriller","7":"product_tag-planeta","9":"first","10":"outofstock","11":"shipping-taxable","12":"purchasable","13":"product-type-simple"},"_links":{"self":[{"href":"https:\/\/libreriahistoriasdebolsillo.com\/index.php\/wp-json\/wp\/v2\/product\/6370","targetHints":{"allow":["GET"]}}],"collection":[{"href":"https:\/\/libreriahistoriasdebolsillo.com\/index.php\/wp-json\/wp\/v2\/product"}],"about":[{"href":"https:\/\/libreriahistoriasdebolsillo.com\/index.php\/wp-json\/wp\/v2\/types\/product"}],"wp:featuredmedia":[{"embeddable":true,"href":"https:\/\/libreriahistoriasdebolsillo.com\/index.php\/wp-json\/wp\/v2\/media\/6371"}],"wp:attachment":[{"href":"https:\/\/libreriahistoriasdebolsillo.com\/index.php\/wp-json\/wp\/v2\/media?parent=6370"}],"wp:term":[{"taxonomy":"product_brand","embeddable":true,"href":"https:\/\/libreriahistoriasdebolsillo.com\/index.php\/wp-json\/wp\/v2\/product_brand?post=6370"},{"taxonomy":"product_cat","embeddable":true,"href":"https:\/\/libreriahistoriasdebolsillo.com\/index.php\/wp-json\/wp\/v2\/product_cat?post=6370"},{"taxonomy":"product_tag","embeddable":true,"href":"https:\/\/libreriahistoriasdebolsillo.com\/index.php\/wp-json\/wp\/v2\/product_tag?post=6370"}],"curies":[{"name":"wp","href":"https:\/\/api.w.org\/{rel}","templated":true}]}}