{"id":6384,"date":"2025-03-07T11:31:09","date_gmt":"2025-03-07T17:31:09","guid":{"rendered":"https:\/\/libreriahistoriasdebolsillo.com\/?post_type=product&#038;p=6384"},"modified":"2025-11-20T12:33:16","modified_gmt":"2025-11-20T18:33:16","slug":"como-hacer-que-te-pasen-cosas-buenas","status":"publish","type":"product","link":"https:\/\/libreriahistoriasdebolsillo.com\/index.php\/producto\/como-hacer-que-te-pasen-cosas-buenas\/","title":{"rendered":"C\u00f3mo hacer que te pasen cosas buenas"},"content":{"rendered":"<div class=\"frase-mkt\">\n<p><strong>\u00abLas cosas buenas precisan un plan\u00bb<\/strong><\/p>\n<\/div>\n<p>Uniendo el punto de vista cient\u00edfico, psicol\u00f3gico y humano, la autora nos ofrece una reflexi\u00f3n profunda, salpicada de \u00fatiles consejos y con vocaci\u00f3n eminentemente did\u00e1ctica, acerca de la aplicaci\u00f3n de nuestras propias capacidades al empe\u00f1o de procurarnos una existencia plena y feliz: conocer y optimizar determinadas zonas del cerebro, fijar metas y objetivos en la vida, ejercitar la voluntad, poner en marcha la inteligencia emocional, desarrollar la asertividad, evitar el exceso de autocr\u00edtica y autoexigencia, reivindicar el papel del optimismo\u2026<\/p>\n","protected":false},"excerpt":{"rendered":"<p>Marian Rojas Estap\u00e9<\/p>\n<p>264 p\u00e1ginas<\/p>\n","protected":false},"featured_media":6385,"template":"","meta":{"_joinchat":[]},"product_brand":[],"product_cat":[58,41],"product_tag":[45],"class_list":{"0":"post-6384","1":"product","2":"type-product","3":"status-publish","4":"has-post-thumbnail","6":"product_cat-desarrollo-humano-y-superacion","7":"product_cat-desarrollo-humano","8":"product_tag-planeta","10":"first","11":"instock","12":"shipping-taxable","13":"purchasable","14":"product-type-simple"},"_links":{"self":[{"href":"https:\/\/libreriahistoriasdebolsillo.com\/index.php\/wp-json\/wp\/v2\/product\/6384","targetHints":{"allow":["GET"]}}],"collection":[{"href":"https:\/\/libreriahistoriasdebolsillo.com\/index.php\/wp-json\/wp\/v2\/product"}],"about":[{"href":"https:\/\/libreriahistoriasdebolsillo.com\/index.php\/wp-json\/wp\/v2\/types\/product"}],"wp:featuredmedia":[{"embeddable":true,"href":"https:\/\/libreriahistoriasdebolsillo.com\/index.php\/wp-json\/wp\/v2\/media\/6385"}],"wp:attachment":[{"href":"https:\/\/libreriahistoriasdebolsillo.com\/index.php\/wp-json\/wp\/v2\/media?parent=6384"}],"wp:term":[{"taxonomy":"product_brand","embeddable":true,"href":"https:\/\/libreriahistoriasdebolsillo.com\/index.php\/wp-json\/wp\/v2\/product_brand?post=6384"},{"taxonomy":"product_cat","embeddable":true,"href":"https:\/\/libreriahistoriasdebolsillo.com\/index.php\/wp-json\/wp\/v2\/product_cat?post=6384"},{"taxonomy":"product_tag","embeddable":true,"href":"https:\/\/libreriahistoriasdebolsillo.com\/index.php\/wp-json\/wp\/v2\/product_tag?post=6384"}],"curies":[{"name":"wp","href":"https:\/\/api.w.org\/{rel}","templated":true}]}}