{"id":6392,"date":"2025-03-07T11:43:06","date_gmt":"2025-03-07T17:43:06","guid":{"rendered":"https:\/\/libreriahistoriasdebolsillo.com\/?post_type=product&#038;p=6392"},"modified":"2025-04-26T15:53:00","modified_gmt":"2025-04-26T21:53:00","slug":"quiero-comerme-tu-pancreas","status":"publish","type":"product","link":"https:\/\/libreriahistoriasdebolsillo.com\/index.php\/producto\/quiero-comerme-tu-pancreas\/","title":{"rendered":"Quiero comerme tu p\u00e1ncreas"},"content":{"rendered":"<div class=\"frase-mkt\">\n<p><strong>Una historia de amor primaveral que te partir\u00e1 el coraz\u00f3n<\/strong><\/p>\n<\/div>\n<p>Yo es un estudiante de secundaria que no siente ning\u00fan inter\u00e9s por los dem\u00e1s y se pasa todo el tiempo solo leyendo libros. Un d\u00eda, en una sala de espera de un hospital se encuentra un libro titulado Vivir con la muerte, que resulta ser el diario secreto de Sakura Yamauchi, una chica popular de su clase. All\u00ed relata que le han diagnosticado una enfermedad pancre\u00e1tica terminal y que ha decidido no cont\u00e1rselo a nadie, para exprimir al m\u00e1ximo el tiempo que le queda de vida. A pesar del desd\u00e9n inicial, la actitud de Sakura hace que el coraz\u00f3n de Yo se vaya ablandando poco a poco.<\/p>\n","protected":false},"excerpt":{"rendered":"<p>Yoru Sumino<\/p>\n<p>288 p\u00e1ginas<\/p>\n","protected":false},"featured_media":6393,"template":"","meta":{"_joinchat":[]},"product_brand":[],"product_cat":[52,35],"product_tag":[45],"class_list":{"0":"post-6392","1":"product","2":"type-product","3":"status-publish","4":"has-post-thumbnail","6":"product_cat-juvenil","7":"product_cat-romantica","8":"product_tag-planeta","10":"first","11":"outofstock","12":"shipping-taxable","13":"purchasable","14":"product-type-simple"},"_links":{"self":[{"href":"https:\/\/libreriahistoriasdebolsillo.com\/index.php\/wp-json\/wp\/v2\/product\/6392","targetHints":{"allow":["GET"]}}],"collection":[{"href":"https:\/\/libreriahistoriasdebolsillo.com\/index.php\/wp-json\/wp\/v2\/product"}],"about":[{"href":"https:\/\/libreriahistoriasdebolsillo.com\/index.php\/wp-json\/wp\/v2\/types\/product"}],"wp:featuredmedia":[{"embeddable":true,"href":"https:\/\/libreriahistoriasdebolsillo.com\/index.php\/wp-json\/wp\/v2\/media\/6393"}],"wp:attachment":[{"href":"https:\/\/libreriahistoriasdebolsillo.com\/index.php\/wp-json\/wp\/v2\/media?parent=6392"}],"wp:term":[{"taxonomy":"product_brand","embeddable":true,"href":"https:\/\/libreriahistoriasdebolsillo.com\/index.php\/wp-json\/wp\/v2\/product_brand?post=6392"},{"taxonomy":"product_cat","embeddable":true,"href":"https:\/\/libreriahistoriasdebolsillo.com\/index.php\/wp-json\/wp\/v2\/product_cat?post=6392"},{"taxonomy":"product_tag","embeddable":true,"href":"https:\/\/libreriahistoriasdebolsillo.com\/index.php\/wp-json\/wp\/v2\/product_tag?post=6392"}],"curies":[{"name":"wp","href":"https:\/\/api.w.org\/{rel}","templated":true}]}}