{"id":6400,"date":"2025-03-07T11:53:20","date_gmt":"2025-03-07T17:53:20","guid":{"rendered":"https:\/\/libreriahistoriasdebolsillo.com\/?post_type=product&#038;p=6400"},"modified":"2025-04-23T13:36:30","modified_gmt":"2025-04-23T19:36:30","slug":"el-club-de-los-asesinatos","status":"publish","type":"product","link":"https:\/\/libreriahistoriasdebolsillo.com\/index.php\/producto\/el-club-de-los-asesinatos\/","title":{"rendered":"El club de los asesinatos"},"content":{"rendered":"<div class=\"fitxa-bloc-b1\">\n<div id=\"capsa-sinopsi\" class=\"sinopsi\">\n<div class=\"frase-mkt\">\n<p><strong>Cr\u00edmenes reales resueltos por fan\u00e1ticos del\u00a0<em>true crime<\/em>\u00a0que se convirtieron en detectives<\/strong><\/p>\n<\/div>\n<p>\u00bfHas llegado a casa desesperado por entrar a Google Maps desde tu computadora para recorrer la calle en la que ocurri\u00f3 un homicidio y encontrar nuevas pistas? Si la respuesta es \u00abs\u00ed\u00bb, entonces tienes un lugar asegurado en este grupo selecto, donde los fan\u00e1ticos del true crime se convierten en detectives de la vida real.<\/p>\n<p><em>El club de los asesinatos<\/em>\u00a0revela las historias m\u00e1s fascinantes de personas comunes que, por necesidad, obsesi\u00f3n o sed de justicia elaboran improbables planes para capturar asesinos. En este libro conocer\u00e1s m\u00e1s detalles sobre los casos de Luka Magnotta (<em>No te metas con los gatos<\/em>) y del Asesino del Golden State, y tendr\u00e1s acceso a entrevistas in\u00e9ditas que explican por qu\u00e9 la investigaci\u00f3n del Atentado de Boston fracas\u00f3 a pesar de sus buenas intenciones. Sin descanso y sin experiencia, pero con una intuici\u00f3n aguda, estos sabuesos llegan hasta donde las autoridades no pudieron.<\/p>\n<\/div>\n<\/div>\n","protected":false},"excerpt":{"rendered":"<p>Nicola Stow<\/p>\n<p>288 p\u00e1ginas<\/p>\n","protected":false},"featured_media":6401,"template":"","meta":{"_joinchat":[]},"product_brand":[],"product_cat":[41],"product_tag":[45],"class_list":{"0":"post-6400","1":"product","2":"type-product","3":"status-publish","4":"has-post-thumbnail","6":"product_cat-desarrollo-humano","7":"product_tag-planeta","9":"first","10":"outofstock","11":"shipping-taxable","12":"purchasable","13":"product-type-simple"},"_links":{"self":[{"href":"https:\/\/libreriahistoriasdebolsillo.com\/index.php\/wp-json\/wp\/v2\/product\/6400","targetHints":{"allow":["GET"]}}],"collection":[{"href":"https:\/\/libreriahistoriasdebolsillo.com\/index.php\/wp-json\/wp\/v2\/product"}],"about":[{"href":"https:\/\/libreriahistoriasdebolsillo.com\/index.php\/wp-json\/wp\/v2\/types\/product"}],"wp:featuredmedia":[{"embeddable":true,"href":"https:\/\/libreriahistoriasdebolsillo.com\/index.php\/wp-json\/wp\/v2\/media\/6401"}],"wp:attachment":[{"href":"https:\/\/libreriahistoriasdebolsillo.com\/index.php\/wp-json\/wp\/v2\/media?parent=6400"}],"wp:term":[{"taxonomy":"product_brand","embeddable":true,"href":"https:\/\/libreriahistoriasdebolsillo.com\/index.php\/wp-json\/wp\/v2\/product_brand?post=6400"},{"taxonomy":"product_cat","embeddable":true,"href":"https:\/\/libreriahistoriasdebolsillo.com\/index.php\/wp-json\/wp\/v2\/product_cat?post=6400"},{"taxonomy":"product_tag","embeddable":true,"href":"https:\/\/libreriahistoriasdebolsillo.com\/index.php\/wp-json\/wp\/v2\/product_tag?post=6400"}],"curies":[{"name":"wp","href":"https:\/\/api.w.org\/{rel}","templated":true}]}}