{"id":6407,"date":"2025-03-11T12:51:53","date_gmt":"2025-03-11T18:51:53","guid":{"rendered":"https:\/\/libreriahistoriasdebolsillo.com\/?post_type=product&#038;p=6407"},"modified":"2025-11-20T13:28:36","modified_gmt":"2025-11-20T19:28:36","slug":"no-estas-en-la-lista-the-wedding-people","status":"publish","type":"product","link":"https:\/\/libreriahistoriasdebolsillo.com\/index.php\/producto\/no-estas-en-la-lista-the-wedding-people\/","title":{"rendered":"No est\u00e1s en la lista (The Wedding People)"},"content":{"rendered":"<p>Es un d\u00eda precioso en Newport, Rhode Island. Phoebe Stone llega sola al majestuoso Cornwall Inn con un vestido verde, tacones dorados y sin ning\u00fan equipaje. Todos en el vest\u00edbulo piensan que es una invitada m\u00e1s a la boda, pero en realidad es la \u00fanica hu\u00e9sped que no est\u00e1 all\u00ed para ese gran evento. Ha ido al hotel porque llevaba a\u00f1os so\u00f1ando con ese viaje y esperaba compartirlo con su marido, pero ahora est\u00e1 sola, tocando fondo y decidida a darse el \u00faltimo lujo de su decadente vida. Mientras tanto, la novia ha previsto cada detalle y cada posible desastre que pudiera depararle este fin de semana, excepto una cosa: Phoebe y su plan. Sin embargo, contra todo pron\u00f3stico, las dos mujeres se ven dispuestas a compartir sus secretos m\u00e1s \u00edntimos desde el mismo instante en que se conocen. Con momentos que van desde lo absurdamente c\u00f3mico hasta lo desgarradoramente tierno, No est\u00e1s en la lista de Alison Espach es, en \u00faltima instancia, una mirada matizada y conmovedora sobre los caminos sinuosos que podemos tomar hacia lugares que nunca imaginamos y sobre los encuentros azarosos que a veces son necesarios para reconducir nuestra vida<\/p>\n","protected":false},"excerpt":{"rendered":"<p>Alison Espach<\/p>\n<p>480 p\u00e1ginas<\/p>\n","protected":false},"featured_media":6408,"template":"","meta":{"_joinchat":[]},"product_brand":[],"product_cat":[70,35],"product_tag":[48],"class_list":{"0":"post-6407","1":"product","2":"type-product","3":"status-publish","4":"has-post-thumbnail","6":"product_cat-novedades","7":"product_cat-romantica","8":"product_tag-vr-editoras","10":"first","11":"instock","12":"shipping-taxable","13":"purchasable","14":"product-type-simple"},"_links":{"self":[{"href":"https:\/\/libreriahistoriasdebolsillo.com\/index.php\/wp-json\/wp\/v2\/product\/6407","targetHints":{"allow":["GET"]}}],"collection":[{"href":"https:\/\/libreriahistoriasdebolsillo.com\/index.php\/wp-json\/wp\/v2\/product"}],"about":[{"href":"https:\/\/libreriahistoriasdebolsillo.com\/index.php\/wp-json\/wp\/v2\/types\/product"}],"wp:featuredmedia":[{"embeddable":true,"href":"https:\/\/libreriahistoriasdebolsillo.com\/index.php\/wp-json\/wp\/v2\/media\/6408"}],"wp:attachment":[{"href":"https:\/\/libreriahistoriasdebolsillo.com\/index.php\/wp-json\/wp\/v2\/media?parent=6407"}],"wp:term":[{"taxonomy":"product_brand","embeddable":true,"href":"https:\/\/libreriahistoriasdebolsillo.com\/index.php\/wp-json\/wp\/v2\/product_brand?post=6407"},{"taxonomy":"product_cat","embeddable":true,"href":"https:\/\/libreriahistoriasdebolsillo.com\/index.php\/wp-json\/wp\/v2\/product_cat?post=6407"},{"taxonomy":"product_tag","embeddable":true,"href":"https:\/\/libreriahistoriasdebolsillo.com\/index.php\/wp-json\/wp\/v2\/product_tag?post=6407"}],"curies":[{"name":"wp","href":"https:\/\/api.w.org\/{rel}","templated":true}]}}