{"id":6437,"date":"2025-03-14T16:51:36","date_gmt":"2025-03-14T22:51:36","guid":{"rendered":"https:\/\/libreriahistoriasdebolsillo.com\/?post_type=product&#038;p=6437"},"modified":"2025-04-07T16:34:25","modified_gmt":"2025-04-07T22:34:25","slug":"desfibrilador","status":"publish","type":"product","link":"https:\/\/libreriahistoriasdebolsillo.com\/index.php\/producto\/desfibrilador\/","title":{"rendered":"Desfibrilador"},"content":{"rendered":"<div class=\"frase-mkt\">\n<p><strong>Siente cada palabra como un latido<\/strong><\/p>\n<\/div>\n<p>Hay dolores que se llevan en el coraz\u00f3n, aunque los dem\u00e1s no puedan verlos; heridas que permanecen abiertas en el alma porque el recuerdo no las deja cicatrizar. Para Gilraen E\u00e4rfalas, la mejor manera de sanarlas es a trav\u00e9s de la poes\u00eda.<br \/>\nEsta nueva edici\u00f3n de su aclamado poemario\u00a0<em>Desfibrilador<\/em>\u00a0incluye m\u00e1s de una veintena de nuevos poemas en los que explora la esencia del desamor, afronta el vac\u00edo que deja y encuentra una forma de salvarse mediante la escritura.<\/p>\n","protected":false},"excerpt":{"rendered":"<p>Gilraen E\u00e4rfalas<\/p>\n<p>200 p\u00e1ginas<\/p>\n","protected":false},"featured_media":6438,"template":"","meta":{"_joinchat":[]},"product_brand":[],"product_cat":[70,65],"product_tag":[45],"class_list":{"0":"post-6437","1":"product","2":"type-product","3":"status-publish","4":"has-post-thumbnail","6":"product_cat-novedades","7":"product_cat-poesia","8":"product_tag-planeta","10":"first","11":"outofstock","12":"shipping-taxable","13":"purchasable","14":"product-type-simple"},"_links":{"self":[{"href":"https:\/\/libreriahistoriasdebolsillo.com\/index.php\/wp-json\/wp\/v2\/product\/6437","targetHints":{"allow":["GET"]}}],"collection":[{"href":"https:\/\/libreriahistoriasdebolsillo.com\/index.php\/wp-json\/wp\/v2\/product"}],"about":[{"href":"https:\/\/libreriahistoriasdebolsillo.com\/index.php\/wp-json\/wp\/v2\/types\/product"}],"wp:featuredmedia":[{"embeddable":true,"href":"https:\/\/libreriahistoriasdebolsillo.com\/index.php\/wp-json\/wp\/v2\/media\/6438"}],"wp:attachment":[{"href":"https:\/\/libreriahistoriasdebolsillo.com\/index.php\/wp-json\/wp\/v2\/media?parent=6437"}],"wp:term":[{"taxonomy":"product_brand","embeddable":true,"href":"https:\/\/libreriahistoriasdebolsillo.com\/index.php\/wp-json\/wp\/v2\/product_brand?post=6437"},{"taxonomy":"product_cat","embeddable":true,"href":"https:\/\/libreriahistoriasdebolsillo.com\/index.php\/wp-json\/wp\/v2\/product_cat?post=6437"},{"taxonomy":"product_tag","embeddable":true,"href":"https:\/\/libreriahistoriasdebolsillo.com\/index.php\/wp-json\/wp\/v2\/product_tag?post=6437"}],"curies":[{"name":"wp","href":"https:\/\/api.w.org\/{rel}","templated":true}]}}