{"id":6487,"date":"2025-03-25T17:35:52","date_gmt":"2025-03-25T23:35:52","guid":{"rendered":"https:\/\/libreriahistoriasdebolsillo.com\/?post_type=product&#038;p=6487"},"modified":"2025-05-02T10:35:56","modified_gmt":"2025-05-02T16:35:56","slug":"mi-lucha-2","status":"publish","type":"product","link":"https:\/\/libreriahistoriasdebolsillo.com\/index.php\/producto\/mi-lucha-2\/","title":{"rendered":"Mi lucha"},"content":{"rendered":"<p>EI afamado libro en el que Hitler vaci\u00f3 las principales<\/p>\n<p>ideas del r\u00e9gimen alem\u00e1n y que llevar\u00eda a cabo durante la Segunda Guerra Mundial se titula: Mi lucha.<\/p>\n<p>En esta obra, el autonombrado F\u00fchrer perfila su antisemitismo, denunciando que la mayor parte de los l\u00edderes en la pol\u00edtica y directores de peri\u00f3dicos eran dirigidos por jud\u00edos, en quienes recayeron las m\u00e1s grandes atrocidades que la humanidad haya visto; adem\u00e1s, en estas p\u00e1ginas Hitler se encarg\u00f3 de enaltecer la idea del nacionalismo alem\u00e1n con lo que pretend\u00eda regresar la gloria a su pueblo. As\u00ed, pues, este manifiesto puede considerarse un documento hist\u00f3rico importante, ya que contiene una firme declaraci\u00f3n hacia el conflicto b\u00e9lico desencadenado por el odio racial que conllevo tantas tragedias al pueblo jud\u00edo y muchos m\u00e1s.<\/p>\n<p>Por ello, en esta ocasi\u00f3n se presenta una cuidada edici\u00f3n integra en espa\u00f1ol de esta obra, acompa\u00f1ada de un pr\u00f3logo y notas del editor que adentrar\u00e1n al lector en el texto para que conozca este importante documento hist\u00f3rico y lo que el odio racial puede desencadenar<\/p>\n","protected":false},"excerpt":{"rendered":"<p>Adolf Hitler<\/p>\n<p>664 p\u00e1ginas<\/p>\n","protected":false},"featured_media":6488,"template":"","meta":{"_joinchat":[]},"product_brand":[],"product_cat":[42,51],"product_tag":[47],"class_list":{"0":"post-6487","1":"product","2":"type-product","3":"status-publish","4":"has-post-thumbnail","6":"product_cat-literatura-clasica","7":"product_cat-oferta","8":"product_tag-editories-mexicanos-unidos","10":"first","11":"instock","12":"sale","13":"shipping-taxable","14":"purchasable","15":"product-type-simple"},"_links":{"self":[{"href":"https:\/\/libreriahistoriasdebolsillo.com\/index.php\/wp-json\/wp\/v2\/product\/6487","targetHints":{"allow":["GET"]}}],"collection":[{"href":"https:\/\/libreriahistoriasdebolsillo.com\/index.php\/wp-json\/wp\/v2\/product"}],"about":[{"href":"https:\/\/libreriahistoriasdebolsillo.com\/index.php\/wp-json\/wp\/v2\/types\/product"}],"wp:featuredmedia":[{"embeddable":true,"href":"https:\/\/libreriahistoriasdebolsillo.com\/index.php\/wp-json\/wp\/v2\/media\/6488"}],"wp:attachment":[{"href":"https:\/\/libreriahistoriasdebolsillo.com\/index.php\/wp-json\/wp\/v2\/media?parent=6487"}],"wp:term":[{"taxonomy":"product_brand","embeddable":true,"href":"https:\/\/libreriahistoriasdebolsillo.com\/index.php\/wp-json\/wp\/v2\/product_brand?post=6487"},{"taxonomy":"product_cat","embeddable":true,"href":"https:\/\/libreriahistoriasdebolsillo.com\/index.php\/wp-json\/wp\/v2\/product_cat?post=6487"},{"taxonomy":"product_tag","embeddable":true,"href":"https:\/\/libreriahistoriasdebolsillo.com\/index.php\/wp-json\/wp\/v2\/product_tag?post=6487"}],"curies":[{"name":"wp","href":"https:\/\/api.w.org\/{rel}","templated":true}]}}

<p>EI afamado libro en el que Hitler vació las principales</p>
<p>ideas del régimen alemán y que llevaría a cabo durante la Segunda Guerra Mundial se titula: Mi lucha.</p>
<p>En esta obra, el autonombrado Führer perfila su antisemitismo, denunciando que la mayor parte de los líderes en la política y directores de periódicos eran dirigidos por judíos, en quienes recayeron las más grandes atrocidades que la humanidad haya visto; además, en estas páginas Hitler se encargó de enaltecer la idea del nacionalismo alemán con lo que pretendía regresar la gloria a su pueblo. Así, pues, este manifiesto puede considerarse un documento histórico importante, ya que contiene una firme declaración hacia el conflicto bélico desencadenado por el odio racial que conllevo tantas tragedias al pueblo judío y muchos más.</p>
<p>Por ello, en esta ocasión se presenta una cuidada edición integra en español de esta obra, acompañada de un prólogo y notas del editor que adentrarán al lector en el texto para que conozca este importante documento histórico y lo que el odio racial puede desencadenar</p>

<p>Adolf Hitler</p>
<p>664 páginas</p>
