{"id":6489,"date":"2025-03-25T17:37:45","date_gmt":"2025-03-25T23:37:45","guid":{"rendered":"https:\/\/libreriahistoriasdebolsillo.com\/?post_type=product&#038;p=6489"},"modified":"2026-03-23T10:39:13","modified_gmt":"2026-03-23T16:39:13","slug":"gestapo-2","status":"publish","type":"product","link":"https:\/\/libreriahistoriasdebolsillo.com\/index.php\/producto\/gestapo-2\/","title":{"rendered":"Gestapo"},"content":{"rendered":"<h4>La historia detr\u00e1s de la maquinaria del terror de Hitler.<\/h4>\n<p>Fundada en 1933, la Gestapo se convirti\u00f3 en uno de los cuerpos polic\u00edacos estatales m\u00e1s temidos del Tercer Reich, antes y durante la Segunda Guerra Mundial; de modo que el presente volumen narra la historia de esta organizaci\u00f3n, desde su origen hasta su ca\u00edda, as\u00ed como todas las acciones horrorosas y brutales que los nazis perpetraron en contra de cientos de miles de personas. As\u00ed pues, estas p\u00e1ginas son un relato impresionante acerca del poder y la destrucci\u00f3n llevada a extremos terror\u00edficos.<\/p>\n","protected":false},"excerpt":{"rendered":"<p>144 p\u00e1ginas<\/p>\n","protected":false},"featured_media":6490,"template":"","meta":{"_joinchat":[]},"product_brand":[],"product_cat":[42,51],"product_tag":[47],"class_list":{"0":"post-6489","1":"product","2":"type-product","3":"status-publish","4":"has-post-thumbnail","6":"product_cat-literatura-clasica","7":"product_cat-oferta","8":"product_tag-editories-mexicanos-unidos","10":"first","11":"outofstock","12":"shipping-taxable","13":"purchasable","14":"product-type-simple"},"_links":{"self":[{"href":"https:\/\/libreriahistoriasdebolsillo.com\/index.php\/wp-json\/wp\/v2\/product\/6489","targetHints":{"allow":["GET"]}}],"collection":[{"href":"https:\/\/libreriahistoriasdebolsillo.com\/index.php\/wp-json\/wp\/v2\/product"}],"about":[{"href":"https:\/\/libreriahistoriasdebolsillo.com\/index.php\/wp-json\/wp\/v2\/types\/product"}],"wp:featuredmedia":[{"embeddable":true,"href":"https:\/\/libreriahistoriasdebolsillo.com\/index.php\/wp-json\/wp\/v2\/media\/6490"}],"wp:attachment":[{"href":"https:\/\/libreriahistoriasdebolsillo.com\/index.php\/wp-json\/wp\/v2\/media?parent=6489"}],"wp:term":[{"taxonomy":"product_brand","embeddable":true,"href":"https:\/\/libreriahistoriasdebolsillo.com\/index.php\/wp-json\/wp\/v2\/product_brand?post=6489"},{"taxonomy":"product_cat","embeddable":true,"href":"https:\/\/libreriahistoriasdebolsillo.com\/index.php\/wp-json\/wp\/v2\/product_cat?post=6489"},{"taxonomy":"product_tag","embeddable":true,"href":"https:\/\/libreriahistoriasdebolsillo.com\/index.php\/wp-json\/wp\/v2\/product_tag?post=6489"}],"curies":[{"name":"wp","href":"https:\/\/api.w.org\/{rel}","templated":true}]}}