{"id":6506,"date":"2025-03-26T09:24:16","date_gmt":"2025-03-26T15:24:16","guid":{"rendered":"https:\/\/libreriahistoriasdebolsillo.com\/?post_type=product&#038;p=6506"},"modified":"2025-11-20T11:33:19","modified_gmt":"2025-11-20T17:33:19","slug":"desde-el-mas-alla-y-otros-cuentos","status":"publish","type":"product","link":"https:\/\/libreriahistoriasdebolsillo.com\/index.php\/producto\/desde-el-mas-alla-y-otros-cuentos\/","title":{"rendered":"Desde el m\u00e1s all\u00e1 y otros cuentos"},"content":{"rendered":"<p>El cient\u00edfico Crawford Tillinghast inventa un dispositivo capaz de estimular por resonancia la gl\u00e1ndula pineal, el gran \u00f3rgano sensorial de todos los \u00f3rganos, creando una m\u00e1quina puente entre dos universos muy distintos: el nuestro y otro compuesto tambi\u00e9n de materia, energ\u00eda y vida, pero tan desconocido como aterrador.<\/p>\n<p>\u00bfQu\u00e9 es lo que sabemos del mundo y del universo alrededor? \u00bfQu\u00e9 consecuencias catastr\u00f3ficas pueden tener las evidencias obtenidas por el invento de nuestro protagonista sobre el m\u00e1s all\u00e1?<\/p>\n<p>As\u00ed pues, en este volumen, que incluye otros t\u00edtulos como La b\u00fasqueda on\u00edrica de la desconocida Kadath, una de las novelas cortas m\u00e1s importantes del autor, Lovecraft logra asomarse al abismo de la existencia y del universo on\u00edrico, reino de dioses y demonios.<\/p>\n","protected":false},"excerpt":{"rendered":"<p>H.P. Lovecraft<\/p>\n<p>184 p\u00e1ginas<\/p>\n","protected":false},"featured_media":6507,"template":"","meta":{"_joinchat":[]},"product_brand":[],"product_cat":[42,51],"product_tag":[47],"class_list":{"0":"post-6506","1":"product","2":"type-product","3":"status-publish","4":"has-post-thumbnail","6":"product_cat-literatura-clasica","7":"product_cat-oferta","8":"product_tag-editories-mexicanos-unidos","10":"first","11":"instock","12":"shipping-taxable","13":"purchasable","14":"product-type-simple"},"_links":{"self":[{"href":"https:\/\/libreriahistoriasdebolsillo.com\/index.php\/wp-json\/wp\/v2\/product\/6506","targetHints":{"allow":["GET"]}}],"collection":[{"href":"https:\/\/libreriahistoriasdebolsillo.com\/index.php\/wp-json\/wp\/v2\/product"}],"about":[{"href":"https:\/\/libreriahistoriasdebolsillo.com\/index.php\/wp-json\/wp\/v2\/types\/product"}],"wp:featuredmedia":[{"embeddable":true,"href":"https:\/\/libreriahistoriasdebolsillo.com\/index.php\/wp-json\/wp\/v2\/media\/6507"}],"wp:attachment":[{"href":"https:\/\/libreriahistoriasdebolsillo.com\/index.php\/wp-json\/wp\/v2\/media?parent=6506"}],"wp:term":[{"taxonomy":"product_brand","embeddable":true,"href":"https:\/\/libreriahistoriasdebolsillo.com\/index.php\/wp-json\/wp\/v2\/product_brand?post=6506"},{"taxonomy":"product_cat","embeddable":true,"href":"https:\/\/libreriahistoriasdebolsillo.com\/index.php\/wp-json\/wp\/v2\/product_cat?post=6506"},{"taxonomy":"product_tag","embeddable":true,"href":"https:\/\/libreriahistoriasdebolsillo.com\/index.php\/wp-json\/wp\/v2\/product_tag?post=6506"}],"curies":[{"name":"wp","href":"https:\/\/api.w.org\/{rel}","templated":true}]}}