{"id":6541,"date":"2025-03-27T17:16:45","date_gmt":"2025-03-27T23:16:45","guid":{"rendered":"https:\/\/libreriahistoriasdebolsillo.com\/?post_type=product&#038;p=6541"},"modified":"2026-04-23T13:07:01","modified_gmt":"2026-04-23T19:07:01","slug":"quererte-1-yo-tambien-no-es-te-quiero-campana-edicion-limitada","status":"publish","type":"product","link":"https:\/\/libreriahistoriasdebolsillo.com\/index.php\/producto\/quererte-1-yo-tambien-no-es-te-quiero-campana-edicion-limitada\/","title":{"rendered":"Quererte 1. Yo tambi\u00e9n no es te quiero (Campa\u00f1a edici\u00f3n limitada)"},"content":{"rendered":"<p><b>La mejor comedia rom\u00e1ntica la escribe Violeta Reed.<\/b><\/p>\n<p><b>Escribir romance nunca fue tan complicado.<\/b><\/p>\n<p>William Anderson es el escritor de fantas\u00eda m\u00e1s exitoso de la d\u00e9cada, con millones de lectores enganchados a su pluma. Es exigente, ambicioso y tremendamente atractivo. Y tambi\u00e9n es un bocazas.<\/p>\n<p>Raquel Garc\u00eda es una joven espa\u00f1ola que lleg\u00f3 a Nueva York persiguiendo su sue\u00f1o: trabajar en una de las editoriales m\u00e1s importantes del pa\u00eds. Lo que no imaginaba es que, para conseguirlo, deber\u00eda lidiar con Anderson despu\u00e9s de que este, con m\u00e1s ego que sentido com\u00fan, prometa en un reconocido programa de televisi\u00f3n que su pr\u00f3ximo libro ser\u00e1 el best seller de rom\u00e1ntica del a\u00f1o.<\/p>\n<p>William no est\u00e1 dispuesto a dejarse corregir y Raquel no va a pasarle ni una, sobre todo si lo que escribe est\u00e1 lleno de clich\u00e9s pasados de moda. Condenados a entenderse, tendr\u00e1n que trabajar juntos para superar un gran reto: sacar adelante la novela que cambiar\u00e1 sus vidas.<\/p>\n<p><b>Una historia de amor corregida en boli rojo.<\/b><\/p>\n","protected":false},"excerpt":{"rendered":"<p>Violeta Reed<\/p>\n<p>568 p\u00e1ginas<\/p>\n","protected":false},"featured_media":6542,"template":"","meta":{"_joinchat":[]},"product_brand":[],"product_cat":[70,35],"product_tag":[34],"class_list":{"0":"post-6541","1":"product","2":"type-product","3":"status-publish","4":"has-post-thumbnail","6":"product_cat-novedades","7":"product_cat-romantica","8":"product_tag-penguin-random-house","10":"first","11":"outofstock","12":"shipping-taxable","13":"purchasable","14":"product-type-simple"},"_links":{"self":[{"href":"https:\/\/libreriahistoriasdebolsillo.com\/index.php\/wp-json\/wp\/v2\/product\/6541","targetHints":{"allow":["GET"]}}],"collection":[{"href":"https:\/\/libreriahistoriasdebolsillo.com\/index.php\/wp-json\/wp\/v2\/product"}],"about":[{"href":"https:\/\/libreriahistoriasdebolsillo.com\/index.php\/wp-json\/wp\/v2\/types\/product"}],"wp:featuredmedia":[{"embeddable":true,"href":"https:\/\/libreriahistoriasdebolsillo.com\/index.php\/wp-json\/wp\/v2\/media\/6542"}],"wp:attachment":[{"href":"https:\/\/libreriahistoriasdebolsillo.com\/index.php\/wp-json\/wp\/v2\/media?parent=6541"}],"wp:term":[{"taxonomy":"product_brand","embeddable":true,"href":"https:\/\/libreriahistoriasdebolsillo.com\/index.php\/wp-json\/wp\/v2\/product_brand?post=6541"},{"taxonomy":"product_cat","embeddable":true,"href":"https:\/\/libreriahistoriasdebolsillo.com\/index.php\/wp-json\/wp\/v2\/product_cat?post=6541"},{"taxonomy":"product_tag","embeddable":true,"href":"https:\/\/libreriahistoriasdebolsillo.com\/index.php\/wp-json\/wp\/v2\/product_tag?post=6541"}],"curies":[{"name":"wp","href":"https:\/\/api.w.org\/{rel}","templated":true}]}}