{"id":6565,"date":"2025-04-05T11:55:24","date_gmt":"2025-04-05T17:55:24","guid":{"rendered":"https:\/\/libreriahistoriasdebolsillo.com\/?post_type=product&#038;p=6565"},"modified":"2025-07-28T09:16:26","modified_gmt":"2025-07-28T15:16:26","slug":"el-proceso-no-es-lineal-guia-de-habitos-para-mejorar-tu-vida-un-dia-a-la-vez","status":"publish","type":"product","link":"https:\/\/libreriahistoriasdebolsillo.com\/index.php\/producto\/el-proceso-no-es-lineal-guia-de-habitos-para-mejorar-tu-vida-un-dia-a-la-vez\/","title":{"rendered":"El proceso no es lineal: Gu\u00eda de h\u00e1bitos para mejorar tu vida un d\u00eda a la vez"},"content":{"rendered":"<p><b>La vida adulta puede ser muy desafiante, sobre todo a nivel emocional. Por ello, esta gu\u00eda amorosa y paciente, que Daniela y Jimena \u2013\u2013las mentes maestras detr\u00e1s del proyecto<\/b>\u00a0<b>Buenavibracamp<\/b><b>\u2013\u2013 han creado es un gran apapacho; sobre todo si est\u00e1s en un proceso de autoconocimiento y ya decidiste que quieres dejar atr\u00e1s los malos h\u00e1bitos.<\/b><\/p>\n<p>\u201c<b>El autoconocimiento<\/b>\u00a0es un proceso continuo y los altibajos son momentos que nos ayudan a profundizar y explorar nuestras\u00a0<b>m\u00faltiples capas<\/b>. Reconocer qu\u00e9 te est\u00e1 frenando, ya sea una\u00a0<b>barrera interna<\/b>\u00a0o externa, te permitir\u00e1 encontrar maneras de adaptarte y seguir adelante.<\/p>\n<p>El verdadero desaf\u00edo es\u00a0<b>ser constante<\/b>\u00a0a pesar de la incomodidad. La constancia no es perfecci\u00f3n, es\u00a0<b>seguir movi\u00e9ndote<\/b>, aunque no siempre sea en l\u00ednea recta. Recuerda ser paciente contigo mismo mientras aprendes a\u00a0<b>identificar<\/b>\u00a0las fluctuaciones y encuentras estrategias para sobrellevarlas y seguir adelante. Los resultados no son inmediatos, y eso est\u00e1 bien. No se trata de apresurarse hacia el\u00a0<b>re<\/b><b>sultado<\/b>, sino de\u00a0<b>disfrutar el proceso<\/b>.\u201d<\/p>\n","protected":false},"excerpt":{"rendered":"<p>Buena Vibra Camp<\/p>\n<p>264 p\u00e1ginas<\/p>\n","protected":false},"featured_media":6566,"template":"","meta":{"_joinchat":[]},"product_brand":[],"product_cat":[58,70],"product_tag":[34],"class_list":{"0":"post-6565","1":"product","2":"type-product","3":"status-publish","4":"has-post-thumbnail","6":"product_cat-desarrollo-humano-y-superacion","7":"product_cat-novedades","8":"product_tag-penguin-random-house","10":"first","11":"outofstock","12":"shipping-taxable","13":"purchasable","14":"product-type-simple"},"_links":{"self":[{"href":"https:\/\/libreriahistoriasdebolsillo.com\/index.php\/wp-json\/wp\/v2\/product\/6565","targetHints":{"allow":["GET"]}}],"collection":[{"href":"https:\/\/libreriahistoriasdebolsillo.com\/index.php\/wp-json\/wp\/v2\/product"}],"about":[{"href":"https:\/\/libreriahistoriasdebolsillo.com\/index.php\/wp-json\/wp\/v2\/types\/product"}],"wp:featuredmedia":[{"embeddable":true,"href":"https:\/\/libreriahistoriasdebolsillo.com\/index.php\/wp-json\/wp\/v2\/media\/6566"}],"wp:attachment":[{"href":"https:\/\/libreriahistoriasdebolsillo.com\/index.php\/wp-json\/wp\/v2\/media?parent=6565"}],"wp:term":[{"taxonomy":"product_brand","embeddable":true,"href":"https:\/\/libreriahistoriasdebolsillo.com\/index.php\/wp-json\/wp\/v2\/product_brand?post=6565"},{"taxonomy":"product_cat","embeddable":true,"href":"https:\/\/libreriahistoriasdebolsillo.com\/index.php\/wp-json\/wp\/v2\/product_cat?post=6565"},{"taxonomy":"product_tag","embeddable":true,"href":"https:\/\/libreriahistoriasdebolsillo.com\/index.php\/wp-json\/wp\/v2\/product_tag?post=6565"}],"curies":[{"name":"wp","href":"https:\/\/api.w.org\/{rel}","templated":true}]}}