{"id":6570,"date":"2025-04-10T11:51:32","date_gmt":"2025-04-10T17:51:32","guid":{"rendered":"https:\/\/libreriahistoriasdebolsillo.com\/?post_type=product&#038;p=6570"},"modified":"2025-08-26T15:29:57","modified_gmt":"2025-08-26T21:29:57","slug":"siempre-tuyo","status":"publish","type":"product","link":"https:\/\/libreriahistoriasdebolsillo.com\/index.php\/producto\/siempre-tuyo\/","title":{"rendered":"Siempre tuyo"},"content":{"rendered":"<p><b>Dos m\u00e9dicos desafortunados en temas del coraz\u00f3n descubren que el amor a\u00fan no est\u00e1 del todo descartado cuando empiezan a escribirse.<\/b><\/p>\n<p>La vida de la\u00a0<b>doctora Briana Ortiz<\/b>\u00a0va cuesta abajo. Est\u00e1 a punto de\u00a0<b>oficializarse su divorcio<\/b>, a su hermano se le acaba el tiempo para conseguir\u00a0<b>un donante<\/b>\u00a0y ese ascenso que tanto deseaba se lo va a llevar, casi seguro, ese doctor nuevo al que no soporta. Sin embargo, justo cuando ella ya est\u00e1 preparada para diagnosticar un caso de\u00a0<b>odio a primera vista<\/b>,\u00a0<b>Jacob Maddox<\/b>\u00a0le env\u00eda una carta. Una carta preciosa que demuestra que, en realidad, no es el diablo.<\/p>\n<p><b>Bri<\/b><b>\u00a0y Jacob<\/b>\u00a0contin\u00faan escribi\u00e9ndose, y cuando \u00e9l le hace a Briana el mejor regalo del mundo,\u00a0<b>un ri\u00f1\u00f3n<\/b>\u00a0para su hermano, ella no puede evitar preguntarse c\u00f3mo va a evitar sucumbir a ese reci\u00e9n llegado, callado y atractivo\u2026, especialmente cuando \u00e9l le pide un favor que no puede rechazar.<\/p>\n","protected":false},"excerpt":{"rendered":"<p>Abby Jimenez<\/p>\n<p>400 p\u00e1ginas<\/p>\n","protected":false},"featured_media":6571,"template":"","meta":{"_joinchat":[]},"product_brand":[],"product_cat":[70,35],"product_tag":[34],"class_list":{"0":"post-6570","1":"product","2":"type-product","3":"status-publish","4":"has-post-thumbnail","6":"product_cat-novedades","7":"product_cat-romantica","8":"product_tag-penguin-random-house","10":"first","11":"outofstock","12":"shipping-taxable","13":"purchasable","14":"product-type-simple"},"_links":{"self":[{"href":"https:\/\/libreriahistoriasdebolsillo.com\/index.php\/wp-json\/wp\/v2\/product\/6570","targetHints":{"allow":["GET"]}}],"collection":[{"href":"https:\/\/libreriahistoriasdebolsillo.com\/index.php\/wp-json\/wp\/v2\/product"}],"about":[{"href":"https:\/\/libreriahistoriasdebolsillo.com\/index.php\/wp-json\/wp\/v2\/types\/product"}],"wp:featuredmedia":[{"embeddable":true,"href":"https:\/\/libreriahistoriasdebolsillo.com\/index.php\/wp-json\/wp\/v2\/media\/6571"}],"wp:attachment":[{"href":"https:\/\/libreriahistoriasdebolsillo.com\/index.php\/wp-json\/wp\/v2\/media?parent=6570"}],"wp:term":[{"taxonomy":"product_brand","embeddable":true,"href":"https:\/\/libreriahistoriasdebolsillo.com\/index.php\/wp-json\/wp\/v2\/product_brand?post=6570"},{"taxonomy":"product_cat","embeddable":true,"href":"https:\/\/libreriahistoriasdebolsillo.com\/index.php\/wp-json\/wp\/v2\/product_cat?post=6570"},{"taxonomy":"product_tag","embeddable":true,"href":"https:\/\/libreriahistoriasdebolsillo.com\/index.php\/wp-json\/wp\/v2\/product_tag?post=6570"}],"curies":[{"name":"wp","href":"https:\/\/api.w.org\/{rel}","templated":true}]}}