{"id":6615,"date":"2025-04-25T09:48:30","date_gmt":"2025-04-25T15:48:30","guid":{"rendered":"https:\/\/libreriahistoriasdebolsillo.com\/?post_type=product&#038;p=6615"},"modified":"2025-08-25T09:50:49","modified_gmt":"2025-08-25T15:50:49","slug":"los-juegos-del-hambre-0-balada-de-pajaros-cantores-y-serpientes","status":"publish","type":"product","link":"https:\/\/libreriahistoriasdebolsillo.com\/index.php\/producto\/los-juegos-del-hambre-0-balada-de-pajaros-cantores-y-serpientes\/","title":{"rendered":"Los juegos del hambre 0. Balada de p\u00e1jaros cantores y serpientes"},"content":{"rendered":"<p><b>LA AMBICI\u00d3N SER\u00c1 SU MOTOR. LA RIVALIDAD, SU MOTIVACI\u00d3N. PERO ALCANZAR EL PODER TIENE UN PRECIO.<\/b><\/p>\n<p>Es la ma\u00f1ana de la cosecha que dar\u00e1 inicio a los D\u00e9cimos Juegos del Hambre. En el Capitolio, Coriolanus Snow, de dieciocho a\u00f1os de edad, se prepara para la oportunidad \u00fanica de alcanzar la gloria como mentor de los Juegos. La casa de los Snow, antes tan influyente, atraviesa tiempos dif\u00edciles, por lo que su destino depende de que Coriolanus consiga superar a sus compa\u00f1eros en encanto, ingenio y estrategia como mentor del tributo que le sea adjudicado. Todo est\u00e1 en su contra&#8230; lo han humillado al asignarle a la tributo del distrito 12 y ahora sus destinos est\u00e1n irremediablemente unidos.<\/p>\n","protected":false},"excerpt":{"rendered":"<p>Suzanne Collins<\/p>\n<p>592 p\u00e1ginas<\/p>\n","protected":false},"featured_media":6616,"template":"","meta":{"_joinchat":[]},"product_brand":[],"product_cat":[72,70],"product_tag":[34],"class_list":{"0":"post-6615","1":"product","2":"type-product","3":"status-publish","4":"has-post-thumbnail","6":"product_cat-distopico","7":"product_cat-novedades","8":"product_tag-penguin-random-house","10":"first","11":"outofstock","12":"shipping-taxable","13":"purchasable","14":"product-type-simple"},"_links":{"self":[{"href":"https:\/\/libreriahistoriasdebolsillo.com\/index.php\/wp-json\/wp\/v2\/product\/6615","targetHints":{"allow":["GET"]}}],"collection":[{"href":"https:\/\/libreriahistoriasdebolsillo.com\/index.php\/wp-json\/wp\/v2\/product"}],"about":[{"href":"https:\/\/libreriahistoriasdebolsillo.com\/index.php\/wp-json\/wp\/v2\/types\/product"}],"wp:featuredmedia":[{"embeddable":true,"href":"https:\/\/libreriahistoriasdebolsillo.com\/index.php\/wp-json\/wp\/v2\/media\/6616"}],"wp:attachment":[{"href":"https:\/\/libreriahistoriasdebolsillo.com\/index.php\/wp-json\/wp\/v2\/media?parent=6615"}],"wp:term":[{"taxonomy":"product_brand","embeddable":true,"href":"https:\/\/libreriahistoriasdebolsillo.com\/index.php\/wp-json\/wp\/v2\/product_brand?post=6615"},{"taxonomy":"product_cat","embeddable":true,"href":"https:\/\/libreriahistoriasdebolsillo.com\/index.php\/wp-json\/wp\/v2\/product_cat?post=6615"},{"taxonomy":"product_tag","embeddable":true,"href":"https:\/\/libreriahistoriasdebolsillo.com\/index.php\/wp-json\/wp\/v2\/product_tag?post=6615"}],"curies":[{"name":"wp","href":"https:\/\/api.w.org\/{rel}","templated":true}]}}