{"id":6621,"date":"2025-04-25T09:53:59","date_gmt":"2025-04-25T15:53:59","guid":{"rendered":"https:\/\/libreriahistoriasdebolsillo.com\/?post_type=product&#038;p=6621"},"modified":"2025-12-02T11:21:13","modified_gmt":"2025-12-02T17:21:13","slug":"los-juegos-del-hambre-3-sinsajo-2","status":"publish","type":"product","link":"https:\/\/libreriahistoriasdebolsillo.com\/index.php\/producto\/los-juegos-del-hambre-3-sinsajo-2\/","title":{"rendered":"Los juegos del hambre 3. Sinsajo"},"content":{"rendered":"<p>\u00abSI NOSOTROS ARDEMOS, T\u00da ARDER\u00c1S CON NOSOTROS\u00bb.<\/p>\n<p>Katniss Everdeen sobrevivi\u00f3 dos veces a los Juegos del Hambre, pero no est\u00e1 a salvo. La revoluci\u00f3n se extiende y, al parecer, todos tuvieron algo que ver en el meticuloso plan, todos excepto Katniss. Aun as\u00ed, su papel en la batalla final es el m\u00e1s importante de todos: Katniss debe convertirse en el Sinsajo, en el s\u00edmbolo de la rebeli\u00f3n\u2026 a cualquier precio.<\/p>\n<p>\u00a1QUE EMPIECEN LOS SEPTUAG\u00c9SIMO SEXTOS JUEGOS DEL HAMBRE!<\/p>\n","protected":false},"excerpt":{"rendered":"<p>Suzanne Collins<\/p>\n<p>432 p\u00e1ginas<\/p>\n","protected":false},"featured_media":6622,"template":"","meta":{"_joinchat":[]},"product_brand":[],"product_cat":[72,70],"product_tag":[34],"class_list":{"0":"post-6621","1":"product","2":"type-product","3":"status-publish","4":"has-post-thumbnail","6":"product_cat-distopico","7":"product_cat-novedades","8":"product_tag-penguin-random-house","10":"first","11":"outofstock","12":"shipping-taxable","13":"purchasable","14":"product-type-simple"},"_links":{"self":[{"href":"https:\/\/libreriahistoriasdebolsillo.com\/index.php\/wp-json\/wp\/v2\/product\/6621","targetHints":{"allow":["GET"]}}],"collection":[{"href":"https:\/\/libreriahistoriasdebolsillo.com\/index.php\/wp-json\/wp\/v2\/product"}],"about":[{"href":"https:\/\/libreriahistoriasdebolsillo.com\/index.php\/wp-json\/wp\/v2\/types\/product"}],"wp:featuredmedia":[{"embeddable":true,"href":"https:\/\/libreriahistoriasdebolsillo.com\/index.php\/wp-json\/wp\/v2\/media\/6622"}],"wp:attachment":[{"href":"https:\/\/libreriahistoriasdebolsillo.com\/index.php\/wp-json\/wp\/v2\/media?parent=6621"}],"wp:term":[{"taxonomy":"product_brand","embeddable":true,"href":"https:\/\/libreriahistoriasdebolsillo.com\/index.php\/wp-json\/wp\/v2\/product_brand?post=6621"},{"taxonomy":"product_cat","embeddable":true,"href":"https:\/\/libreriahistoriasdebolsillo.com\/index.php\/wp-json\/wp\/v2\/product_cat?post=6621"},{"taxonomy":"product_tag","embeddable":true,"href":"https:\/\/libreriahistoriasdebolsillo.com\/index.php\/wp-json\/wp\/v2\/product_tag?post=6621"}],"curies":[{"name":"wp","href":"https:\/\/api.w.org\/{rel}","templated":true}]}}