{"id":6645,"date":"2025-05-06T13:18:41","date_gmt":"2025-05-06T19:18:41","guid":{"rendered":"https:\/\/libreriahistoriasdebolsillo.com\/?post_type=product&#038;p=6645"},"modified":"2025-08-26T15:31:37","modified_gmt":"2025-08-26T21:31:37","slug":"el-hombre-mas-rico-de-babilonia","status":"publish","type":"product","link":"https:\/\/libreriahistoriasdebolsillo.com\/index.php\/producto\/el-hombre-mas-rico-de-babilonia\/","title":{"rendered":"El hombre m\u00e1s rico de Babilonia"},"content":{"rendered":"<p><b>La edici\u00f3n definitiva del gran cl\u00e1sico de las finanzas con ep\u00edlogo de James Clear, autor del best seller<\/b><i><b>\u00a0H\u00e1bitos at\u00f3micos<\/b><\/i><b>.<\/b><\/p>\n<p>Hace m\u00e1s de 4.000 a\u00f1os, los babilonios descubrieron ya las leyes universales de la prosperidad. No obstante, la mayor\u00eda de las personas viven sin conocer las claves de la riqueza y, por lo tanto, de la posibilidad de cumplir todos sus sue\u00f1os y anhelos.<\/p>\n<p>Hace casi un siglo, George S. Clason recogi\u00f3 esas lecciones y las verti\u00f3 en forma de f\u00e1bulas, cada una de las cuales arroja luz sobre c\u00f3mo debemos superar aquello que nos impide conseguir nuestras metas. Desde entonces, las par\u00e1bolas protagonizadas por el escriba Arkad han sido la inspiraci\u00f3n para un sinf\u00edn de lectores y empresarios.<\/p>\n<p>Ahora, casi un siglo m\u00e1s tarde, presentamos una nueva traducci\u00f3n de<i>\u00a0El hombre m\u00e1s rico de Babilonia<\/i>. Sus ense\u00f1anzas, le\u00eddas junto al texto de James Clear que acompa\u00f1a al texto original, nos acercan a\u00fan m\u00e1s a los secretos ancestrales del \u00e9xito financiero.<\/p>\n","protected":false},"excerpt":{"rendered":"<p>George S. Clason<\/p>\n<p>272 p\u00e1ginas<\/p>\n","protected":false},"featured_media":6646,"template":"","meta":{"_joinchat":[]},"product_brand":[],"product_cat":[41,70],"product_tag":[34],"class_list":{"0":"post-6645","1":"product","2":"type-product","3":"status-publish","4":"has-post-thumbnail","6":"product_cat-desarrollo-humano","7":"product_cat-novedades","8":"product_tag-penguin-random-house","10":"first","11":"instock","12":"shipping-taxable","13":"purchasable","14":"product-type-simple"},"_links":{"self":[{"href":"https:\/\/libreriahistoriasdebolsillo.com\/index.php\/wp-json\/wp\/v2\/product\/6645","targetHints":{"allow":["GET"]}}],"collection":[{"href":"https:\/\/libreriahistoriasdebolsillo.com\/index.php\/wp-json\/wp\/v2\/product"}],"about":[{"href":"https:\/\/libreriahistoriasdebolsillo.com\/index.php\/wp-json\/wp\/v2\/types\/product"}],"wp:featuredmedia":[{"embeddable":true,"href":"https:\/\/libreriahistoriasdebolsillo.com\/index.php\/wp-json\/wp\/v2\/media\/6646"}],"wp:attachment":[{"href":"https:\/\/libreriahistoriasdebolsillo.com\/index.php\/wp-json\/wp\/v2\/media?parent=6645"}],"wp:term":[{"taxonomy":"product_brand","embeddable":true,"href":"https:\/\/libreriahistoriasdebolsillo.com\/index.php\/wp-json\/wp\/v2\/product_brand?post=6645"},{"taxonomy":"product_cat","embeddable":true,"href":"https:\/\/libreriahistoriasdebolsillo.com\/index.php\/wp-json\/wp\/v2\/product_cat?post=6645"},{"taxonomy":"product_tag","embeddable":true,"href":"https:\/\/libreriahistoriasdebolsillo.com\/index.php\/wp-json\/wp\/v2\/product_tag?post=6645"}],"curies":[{"name":"wp","href":"https:\/\/api.w.org\/{rel}","templated":true}]}}