{"id":6657,"date":"2025-05-06T13:34:13","date_gmt":"2025-05-06T19:34:13","guid":{"rendered":"https:\/\/libreriahistoriasdebolsillo.com\/?post_type=product&#038;p=6657"},"modified":"2025-08-26T15:33:06","modified_gmt":"2025-08-26T21:33:06","slug":"universo-magnolia-parks-4-la-gran-liberacion","status":"publish","type":"product","link":"https:\/\/libreriahistoriasdebolsillo.com\/index.php\/producto\/universo-magnolia-parks-4-la-gran-liberacion\/","title":{"rendered":"Universo Magnolia Parks 4. La gran liberaci\u00f3n"},"content":{"rendered":"<p><b>La<\/b>\u00a0<b>cuarta novela del universo de Magnolia Parks: una ciudad, dos chicas y muchos romances que se solapan.<\/b><\/p>\n<p>Daisy Haites pensaba que por fin hab\u00eda dejado atr\u00e1s su pasado: el crimen, su familia y el hombre al que ama. Pero, cuando su vida vuelve a estar en peligro, se encuentra de nuevo bajo la atenta mirada de su hermano Julian y su exnovio Christian, ambos decididos a velar por su seguridad.<\/p>\n<p>Todo se complica a\u00fan m\u00e1s cuando la preciosa y despechada\u00a0<i>socialit\u00e9<\/i>\u00a0Magnolia Parks entra en juego y su vida se entrelaza con la de Julian. Porque, para Julian, enamorarse no solo est\u00e1 prohibido: podr\u00eda ser letal para todos los que le rodean.<\/p>\n<p><b>Uno de los t\u00edtulos m\u00e1s virales de BookTok, recomendado por Millie Bobby Brown y el primero de un universo que fascinar\u00e1 a los fans de\u00a0<\/b><i><b>Gossip Girl<\/b><\/i><b>\u00a0y\u00a0<\/b><i><b>El piso mil<\/b><\/i><b>.<\/b><\/p>\n<p><b>UNIVERSO MAGNOLIA PARKS<\/b><br \/>\n1 &#8211;\u00a0<i>Magnolia Parks<\/i><br \/>\n2 &#8211;\u00a0<i>Daisy Haites<\/i><br \/>\n3 &#8211;\u00a0<i>Magnolia Parks: Escoge el camino largo<\/i><br \/>\n4 &#8211;\u00a0<i>Daisy Haites: La gran liberaci\u00f3n<\/i><br \/>\n5 &#8211;\u00a0<i>Magnolia Parks: Hac\u00eda la oscuridad<\/i><\/p>\n","protected":false},"excerpt":{"rendered":"<p>Jessa Hastings<\/p>\n<p>512 p\u00e1ginas<\/p>\n","protected":false},"featured_media":6658,"template":"","meta":{"_joinchat":[]},"product_brand":[],"product_cat":[52,70],"product_tag":[34],"class_list":{"0":"post-6657","1":"product","2":"type-product","3":"status-publish","4":"has-post-thumbnail","6":"product_cat-juvenil","7":"product_cat-novedades","8":"product_tag-penguin-random-house","10":"first","11":"outofstock","12":"shipping-taxable","13":"purchasable","14":"product-type-simple"},"_links":{"self":[{"href":"https:\/\/libreriahistoriasdebolsillo.com\/index.php\/wp-json\/wp\/v2\/product\/6657","targetHints":{"allow":["GET"]}}],"collection":[{"href":"https:\/\/libreriahistoriasdebolsillo.com\/index.php\/wp-json\/wp\/v2\/product"}],"about":[{"href":"https:\/\/libreriahistoriasdebolsillo.com\/index.php\/wp-json\/wp\/v2\/types\/product"}],"wp:featuredmedia":[{"embeddable":true,"href":"https:\/\/libreriahistoriasdebolsillo.com\/index.php\/wp-json\/wp\/v2\/media\/6658"}],"wp:attachment":[{"href":"https:\/\/libreriahistoriasdebolsillo.com\/index.php\/wp-json\/wp\/v2\/media?parent=6657"}],"wp:term":[{"taxonomy":"product_brand","embeddable":true,"href":"https:\/\/libreriahistoriasdebolsillo.com\/index.php\/wp-json\/wp\/v2\/product_brand?post=6657"},{"taxonomy":"product_cat","embeddable":true,"href":"https:\/\/libreriahistoriasdebolsillo.com\/index.php\/wp-json\/wp\/v2\/product_cat?post=6657"},{"taxonomy":"product_tag","embeddable":true,"href":"https:\/\/libreriahistoriasdebolsillo.com\/index.php\/wp-json\/wp\/v2\/product_tag?post=6657"}],"curies":[{"name":"wp","href":"https:\/\/api.w.org\/{rel}","templated":true}]}}