{"id":668,"date":"2023-11-20T12:34:11","date_gmt":"2023-11-20T18:34:11","guid":{"rendered":"https:\/\/libreriahistoriasdebolsillo.com\/?post_type=product&#038;p=668"},"modified":"2024-06-03T22:11:08","modified_gmt":"2024-06-04T04:11:08","slug":"enredos-de-amor-en-miami","status":"publish","type":"product","link":"https:\/\/libreriahistoriasdebolsillo.com\/index.php\/producto\/enredos-de-amor-en-miami\/","title":{"rendered":"Enredos de amor en Miami"},"content":{"rendered":"<p>Ella es divertida, imperfecta y genial. La historia de Vanessa te har\u00e1 suspirar?\u00a1y re\u00edr a carcajadas!<\/p>\n<p>Vanessa lo tiene todo: una familia incre\u00edble, grandes amigos y las comodidades propias de una ni\u00f1a consentida. Sin embargo, a sus apenas 26 a\u00f1os se siente agobiada, aburrida y m\u00e1s encerrada que un animal salvaje en la vitrina de un zool\u00f3gico, por lo que decide dejar M\u00e9xico e irse a vivir a Miami en\u00a0busca de aventuras.<\/p>\n<p>Quiere\u00a0independizarse\u00a0y alejarse de todo lo que conoce para demostrarse qui\u00e9n es a s\u00ed misma. \u00a1Suena genial! Claro, hubiese sido una excelente idea si:<\/p>\n<p>a) No se le hubiera ocurrido acostarse con un desconocido una noche en que quiso probar la vida loca.<br \/>\nb) Dios no le hubiera jugado una broma pesada al convertir a ese tipo en su nuevo jefe unas semanas m\u00e1s tarde.<br \/>\nc) \u00c9l \u00a1y su novia! no fueran unos inestables con muchas ganas de fastidiarle la vida?<\/p>\n<p>Ahora Vanessa tendr\u00e1 que\u00a0lidiar con las consecuencias de sus actos en lugar de salir corriendo, de manera que pueda\u00a0probarse a ella\u00a0y al mundo que no sigue siendo la misma chica mimada con diferente geograf\u00eda.<\/p>\n","protected":false},"excerpt":{"rendered":"<p>Vanessa Cohen<\/p>\n","protected":false},"featured_media":669,"template":"","meta":{"_joinchat":[]},"product_brand":[],"product_cat":[51,35],"product_tag":[34],"class_list":{"0":"post-668","1":"product","2":"type-product","3":"status-publish","4":"has-post-thumbnail","6":"product_cat-oferta","7":"product_cat-romantica","8":"product_tag-penguin-random-house","10":"first","11":"outofstock","12":"sale","13":"shipping-taxable","14":"purchasable","15":"product-type-simple"},"_links":{"self":[{"href":"https:\/\/libreriahistoriasdebolsillo.com\/index.php\/wp-json\/wp\/v2\/product\/668","targetHints":{"allow":["GET"]}}],"collection":[{"href":"https:\/\/libreriahistoriasdebolsillo.com\/index.php\/wp-json\/wp\/v2\/product"}],"about":[{"href":"https:\/\/libreriahistoriasdebolsillo.com\/index.php\/wp-json\/wp\/v2\/types\/product"}],"wp:featuredmedia":[{"embeddable":true,"href":"https:\/\/libreriahistoriasdebolsillo.com\/index.php\/wp-json\/wp\/v2\/media\/669"}],"wp:attachment":[{"href":"https:\/\/libreriahistoriasdebolsillo.com\/index.php\/wp-json\/wp\/v2\/media?parent=668"}],"wp:term":[{"taxonomy":"product_brand","embeddable":true,"href":"https:\/\/libreriahistoriasdebolsillo.com\/index.php\/wp-json\/wp\/v2\/product_brand?post=668"},{"taxonomy":"product_cat","embeddable":true,"href":"https:\/\/libreriahistoriasdebolsillo.com\/index.php\/wp-json\/wp\/v2\/product_cat?post=668"},{"taxonomy":"product_tag","embeddable":true,"href":"https:\/\/libreriahistoriasdebolsillo.com\/index.php\/wp-json\/wp\/v2\/product_tag?post=668"}],"curies":[{"name":"wp","href":"https:\/\/api.w.org\/{rel}","templated":true}]}}