{"id":6683,"date":"2025-05-08T12:24:34","date_gmt":"2025-05-08T18:24:34","guid":{"rendered":"https:\/\/libreriahistoriasdebolsillo.com\/?post_type=product&#038;p=6683"},"modified":"2025-09-11T12:47:34","modified_gmt":"2025-09-11T18:47:34","slug":"manifestacion-sin-tanto-rollo","status":"publish","type":"product","link":"https:\/\/libreriahistoriasdebolsillo.com\/index.php\/producto\/manifestacion-sin-tanto-rollo\/","title":{"rendered":"Manifestaci\u00f3n sin tanto rollo"},"content":{"rendered":"<p>Karla Barajas creci\u00f3 en un entorno donde las terapias alternativas eran lo m\u00e1s com\u00fan, por ello, conceptos como\u00a0<i>tapping<\/i>, sanaci\u00f3n con manos y Ley de la Atracci\u00f3n resultan familiares para ella desde que era peque\u00f1a. Gracias a todo este bagaje y a su propia curiosidad, Karla empez\u00f3 a involucrarse a temprana edad en estos temas y como creadora de contenido nos ha demostrado que los conoce bien y tiene, adem\u00e1s, la habilidad de explicarlos de manera sencilla y amena. En estas p\u00e1ginas te acerca a la manifestaci\u00f3n con un recuento de los temas m\u00e1s importantes, ejercicios para autoconocimiento, explicaciones sobre Ley de la Atracci\u00f3n y ejemplos de la vida diaria. \u00a1Bienvenido a un viaje que te llevar\u00e1 a conocerte m\u00e1s y a definir lo que verdaderamente deseas manifestar!<\/p>\n","protected":false},"excerpt":{"rendered":"<p>Karla Barajas<\/p>\n<p>256 p\u00e1ginas<\/p>\n","protected":false},"featured_media":6684,"template":"","meta":{"_joinchat":[]},"product_brand":[],"product_cat":[41],"product_tag":[34],"class_list":{"0":"post-6683","1":"product","2":"type-product","3":"status-publish","4":"has-post-thumbnail","6":"product_cat-desarrollo-humano","7":"product_tag-penguin-random-house","9":"first","10":"outofstock","11":"shipping-taxable","12":"purchasable","13":"product-type-simple"},"_links":{"self":[{"href":"https:\/\/libreriahistoriasdebolsillo.com\/index.php\/wp-json\/wp\/v2\/product\/6683","targetHints":{"allow":["GET"]}}],"collection":[{"href":"https:\/\/libreriahistoriasdebolsillo.com\/index.php\/wp-json\/wp\/v2\/product"}],"about":[{"href":"https:\/\/libreriahistoriasdebolsillo.com\/index.php\/wp-json\/wp\/v2\/types\/product"}],"wp:featuredmedia":[{"embeddable":true,"href":"https:\/\/libreriahistoriasdebolsillo.com\/index.php\/wp-json\/wp\/v2\/media\/6684"}],"wp:attachment":[{"href":"https:\/\/libreriahistoriasdebolsillo.com\/index.php\/wp-json\/wp\/v2\/media?parent=6683"}],"wp:term":[{"taxonomy":"product_brand","embeddable":true,"href":"https:\/\/libreriahistoriasdebolsillo.com\/index.php\/wp-json\/wp\/v2\/product_brand?post=6683"},{"taxonomy":"product_cat","embeddable":true,"href":"https:\/\/libreriahistoriasdebolsillo.com\/index.php\/wp-json\/wp\/v2\/product_cat?post=6683"},{"taxonomy":"product_tag","embeddable":true,"href":"https:\/\/libreriahistoriasdebolsillo.com\/index.php\/wp-json\/wp\/v2\/product_tag?post=6683"}],"curies":[{"name":"wp","href":"https:\/\/api.w.org\/{rel}","templated":true}]}}