{"id":6685,"date":"2025-05-08T12:27:26","date_gmt":"2025-05-08T18:27:26","guid":{"rendered":"https:\/\/libreriahistoriasdebolsillo.com\/?post_type=product&#038;p=6685"},"modified":"2025-05-08T12:27:26","modified_gmt":"2025-05-08T18:27:26","slug":"encantado-de-conocerme","status":"publish","type":"product","link":"https:\/\/libreriahistoriasdebolsillo.com\/index.php\/producto\/encantado-de-conocerme\/","title":{"rendered":"Encantado de conocerme"},"content":{"rendered":"<p><b>Emprende el cambio desde el autoconocimiento&#8230;<\/b><\/p>\n<p><b>Edici\u00f3n revisada y actualizada<\/b><\/p>\n<p>Hay tantos caminos para conocerse a uno mismo como seres humanos en este mundo. Estar verdaderamente bien con nosotros mismos es una simple cuesti\u00f3n de sabidur\u00eda. Y aunque es cierto que puede aprenderse sin ayudas externas, existen algunas herramientas psicol\u00f3gicas que contribuyen a facilitar, profundizar y acelerar este proceso de autoconocimiento. El\u00a0<b>Eneagrama\u00a0<\/b>es una de ellas.<\/p>\n<p>Es como un manual de instrucciones de la condici\u00f3n humana mediante el que podemos comprender las motivaciones profundas -muchas veces inconscientes- que hay detr\u00e1s de nuestras conductas y actitudes. A trav\u00e9s de la descripci\u00f3n de\u00a0<b>nueve tipos de personalidad<\/b>, nos ayuda a trascender nuestro ego y a reconectar con nuestra verdadera esencia. Encantado de conocerme est\u00e1 inspirado en los 275 seminarios que el autor ha impartido en los \u00faltimos siete a\u00f1os sobre el Eneagrama a m\u00e1s de 10 000 participantes, pudiendo verificar emp\u00edrica y cient\u00edficamente el impacto tan positivo que tiene en la vida de las personas conocerse y comprenderse a trav\u00e9s de esta herramienta de autoconocimiento.<\/p>\n<p><b>Libro recomendado por la Asociaci\u00f3n Aeneagrama, filial en Espa\u00f1a de la Asociaci\u00f3n Internacional de Eneagrama.<\/b><\/p>\n<p><b>\u00abLas verdaderas batallas se libran en nuestro interior.\u00bb S\u00f3crates<\/b><\/p>\n","protected":false},"excerpt":{"rendered":"<p>Borja Vilaseca<\/p>\n<p>208 p\u00e1ginas<\/p>\n","protected":false},"featured_media":6686,"template":"","meta":{"_joinchat":[]},"product_brand":[],"product_cat":[58,41],"product_tag":[34],"class_list":{"0":"post-6685","1":"product","2":"type-product","3":"status-publish","4":"has-post-thumbnail","6":"product_cat-desarrollo-humano-y-superacion","7":"product_cat-desarrollo-humano","8":"product_tag-penguin-random-house","10":"first","11":"outofstock","12":"shipping-taxable","13":"purchasable","14":"product-type-simple"},"_links":{"self":[{"href":"https:\/\/libreriahistoriasdebolsillo.com\/index.php\/wp-json\/wp\/v2\/product\/6685","targetHints":{"allow":["GET"]}}],"collection":[{"href":"https:\/\/libreriahistoriasdebolsillo.com\/index.php\/wp-json\/wp\/v2\/product"}],"about":[{"href":"https:\/\/libreriahistoriasdebolsillo.com\/index.php\/wp-json\/wp\/v2\/types\/product"}],"wp:featuredmedia":[{"embeddable":true,"href":"https:\/\/libreriahistoriasdebolsillo.com\/index.php\/wp-json\/wp\/v2\/media\/6686"}],"wp:attachment":[{"href":"https:\/\/libreriahistoriasdebolsillo.com\/index.php\/wp-json\/wp\/v2\/media?parent=6685"}],"wp:term":[{"taxonomy":"product_brand","embeddable":true,"href":"https:\/\/libreriahistoriasdebolsillo.com\/index.php\/wp-json\/wp\/v2\/product_brand?post=6685"},{"taxonomy":"product_cat","embeddable":true,"href":"https:\/\/libreriahistoriasdebolsillo.com\/index.php\/wp-json\/wp\/v2\/product_cat?post=6685"},{"taxonomy":"product_tag","embeddable":true,"href":"https:\/\/libreriahistoriasdebolsillo.com\/index.php\/wp-json\/wp\/v2\/product_tag?post=6685"}],"curies":[{"name":"wp","href":"https:\/\/api.w.org\/{rel}","templated":true}]}}