{"id":6689,"date":"2025-05-08T12:31:44","date_gmt":"2025-05-08T18:31:44","guid":{"rendered":"https:\/\/libreriahistoriasdebolsillo.com\/?post_type=product&#038;p=6689"},"modified":"2025-09-03T15:49:36","modified_gmt":"2025-09-03T21:49:36","slug":"escenas-de-una-infancia","status":"publish","type":"product","link":"https:\/\/libreriahistoriasdebolsillo.com\/index.php\/producto\/escenas-de-una-infancia\/","title":{"rendered":"Escenas de una infancia"},"content":{"rendered":"<p><i>Escenas de<\/i>\u00a0<i>una<\/i>\u00a0<i>infancia<\/i>\u00a0re\u00fane, por primera vez en lengua espa\u00f1ola, una selecci\u00f3n de la mejor prosa breve del Premio Nobel de Literatura. De los relatos aqu\u00ed contenidos, algunos se adentran libremente en el terreno de lo autobiogr\u00e1fico, como las extraordinarias estampas de \u00abEscenas de una infancia\u00bb o \u00abEl pelo de Line\u00bb: evocan primeras veces, amistades, p\u00e9rdidas, el descubrimiento del deseo, instantes de felicidad y fracasos m\u00e1s o menos estrepitosos. Y entre estos relatos se intercalan joyas de otro tenor, como su primer texto publicado, \u00ab\u00c9l\u00bb, o la inquietante y on\u00edrica<i>\u00a0novella<\/i>\u00a0\u00abY ya puede venir el perro\u00bb, en la que una disputa entre vecinos desencadena un espiral de tensi\u00f3n y violencia que avanza hacia un cl\u00edmax inapelable.<\/p>\n<p>Escritas entre 1981 y 2013, estas piezas breves comparten una enorme potencia expresiva que bebe del habitual estilo minimalista de Fosse, y nos permiten asistir al viaje de una voz \u00fanica que ha ido puli\u00e9ndose a lo largo de los a\u00f1os, demostrando que el cuento es otro de los modos recurrentes de su imaginaci\u00f3n y que tambi\u00e9n constituyen uno de los mayores logros de su obra.<\/p>\n","protected":false},"excerpt":{"rendered":"<p>Jon Fosse<\/p>\n<p>200 p\u00e1ginas<\/p>\n","protected":false},"featured_media":6690,"template":"","meta":{"_joinchat":[]},"product_brand":[],"product_cat":[33,70],"product_tag":[34],"class_list":{"0":"post-6689","1":"product","2":"type-product","3":"status-publish","4":"has-post-thumbnail","6":"product_cat-ficcion-general","7":"product_cat-novedades","8":"product_tag-penguin-random-house","10":"first","11":"outofstock","12":"shipping-taxable","13":"purchasable","14":"product-type-simple"},"_links":{"self":[{"href":"https:\/\/libreriahistoriasdebolsillo.com\/index.php\/wp-json\/wp\/v2\/product\/6689","targetHints":{"allow":["GET"]}}],"collection":[{"href":"https:\/\/libreriahistoriasdebolsillo.com\/index.php\/wp-json\/wp\/v2\/product"}],"about":[{"href":"https:\/\/libreriahistoriasdebolsillo.com\/index.php\/wp-json\/wp\/v2\/types\/product"}],"wp:featuredmedia":[{"embeddable":true,"href":"https:\/\/libreriahistoriasdebolsillo.com\/index.php\/wp-json\/wp\/v2\/media\/6690"}],"wp:attachment":[{"href":"https:\/\/libreriahistoriasdebolsillo.com\/index.php\/wp-json\/wp\/v2\/media?parent=6689"}],"wp:term":[{"taxonomy":"product_brand","embeddable":true,"href":"https:\/\/libreriahistoriasdebolsillo.com\/index.php\/wp-json\/wp\/v2\/product_brand?post=6689"},{"taxonomy":"product_cat","embeddable":true,"href":"https:\/\/libreriahistoriasdebolsillo.com\/index.php\/wp-json\/wp\/v2\/product_cat?post=6689"},{"taxonomy":"product_tag","embeddable":true,"href":"https:\/\/libreriahistoriasdebolsillo.com\/index.php\/wp-json\/wp\/v2\/product_tag?post=6689"}],"curies":[{"name":"wp","href":"https:\/\/api.w.org\/{rel}","templated":true}]}}