{"id":6705,"date":"2025-05-14T12:43:06","date_gmt":"2025-05-14T18:43:06","guid":{"rendered":"https:\/\/libreriahistoriasdebolsillo.com\/?post_type=product&#038;p=6705"},"modified":"2025-05-24T17:25:25","modified_gmt":"2025-05-24T23:25:25","slug":"una-sed-cruel","status":"publish","type":"product","link":"https:\/\/libreriahistoriasdebolsillo.com\/index.php\/producto\/una-sed-cruel\/","title":{"rendered":"Una sed cruel"},"content":{"rendered":"<p>\u201cEsa mujer era un fuego salvaje y cada parte de mi coraz\u00f3n no-muerto ard\u00eda por ella\u201d. Como parte de una familia de cazadores, Carolina Fuentes desea ir tras vampiros sanguinarios m\u00e1s que nada en el mundo. Sin embargo, su padre tiene otros planes: casarla. Decidida a demostrar que ser\u00eda mejor cazadora que esposa, no tendr\u00e1 m\u00e1s remedio que ir a buscar a un monstruo por su cuenta. El encantador Lalo Villalobos estaba feliz con su vida sencilla. Ahora, convertido en un no-muerto, deber\u00e1 abandonar la comodidad de su pueblo para ir en b\u00fasqueda del primer vampiro jam\u00e1s creado, quien sin duda lo ayudar\u00e1 a volver a ser humano. Pero en lugar de hallar la salvaci\u00f3n, dar\u00e1 de lleno con una chica dispuesta a atravesarle con el coraz\u00f3n con una estaca. \u00bfPodr\u00e1n cazadora y presa unirse para batir a un enemigo mayor? \u00bfO se consumir\u00e1n en el intento?<\/p>\n","protected":false},"excerpt":{"rendered":"<p>Angela Montoya<\/p>\n<p>352 p\u00e1ginas<\/p>\n","protected":false},"featured_media":6706,"template":"","meta":{"_joinchat":[]},"product_brand":[],"product_cat":[70,76],"product_tag":[48],"class_list":{"0":"post-6705","1":"product","2":"type-product","3":"status-publish","4":"has-post-thumbnail","6":"product_cat-novedades","7":"product_cat-romantasy","8":"product_tag-vr-editoras","10":"first","11":"instock","12":"shipping-taxable","13":"purchasable","14":"product-type-simple"},"_links":{"self":[{"href":"https:\/\/libreriahistoriasdebolsillo.com\/index.php\/wp-json\/wp\/v2\/product\/6705","targetHints":{"allow":["GET"]}}],"collection":[{"href":"https:\/\/libreriahistoriasdebolsillo.com\/index.php\/wp-json\/wp\/v2\/product"}],"about":[{"href":"https:\/\/libreriahistoriasdebolsillo.com\/index.php\/wp-json\/wp\/v2\/types\/product"}],"wp:featuredmedia":[{"embeddable":true,"href":"https:\/\/libreriahistoriasdebolsillo.com\/index.php\/wp-json\/wp\/v2\/media\/6706"}],"wp:attachment":[{"href":"https:\/\/libreriahistoriasdebolsillo.com\/index.php\/wp-json\/wp\/v2\/media?parent=6705"}],"wp:term":[{"taxonomy":"product_brand","embeddable":true,"href":"https:\/\/libreriahistoriasdebolsillo.com\/index.php\/wp-json\/wp\/v2\/product_brand?post=6705"},{"taxonomy":"product_cat","embeddable":true,"href":"https:\/\/libreriahistoriasdebolsillo.com\/index.php\/wp-json\/wp\/v2\/product_cat?post=6705"},{"taxonomy":"product_tag","embeddable":true,"href":"https:\/\/libreriahistoriasdebolsillo.com\/index.php\/wp-json\/wp\/v2\/product_tag?post=6705"}],"curies":[{"name":"wp","href":"https:\/\/api.w.org\/{rel}","templated":true}]}}