{"id":6709,"date":"2025-05-14T12:48:12","date_gmt":"2025-05-14T18:48:12","guid":{"rendered":"https:\/\/libreriahistoriasdebolsillo.com\/?post_type=product&#038;p=6709"},"modified":"2025-05-14T12:48:52","modified_gmt":"2025-05-14T18:48:52","slug":"variacion","status":"publish","type":"product","link":"https:\/\/libreriahistoriasdebolsillo.com\/index.php\/producto\/variacion\/","title":{"rendered":"Variaci\u00f3n"},"content":{"rendered":"<p>PARA SANAR, NECESITAS SUMERGIRTE EN LAS PROFUNDIDADES. Allie Rousseau es bailarina de ballet profesional y sabe lo que es la presi\u00f3n: su madre nunca le ha quitado un ojo de<br \/>\nencima y espera la perfecci\u00f3n cueste lo que cueste. Pero cuando una lesi\u00f3n pone en peligro todo por lo que Allie se ha sacrificado, decide regresar a su casa de verano para<br \/>\nrecuperarse en paz. Sin embargo, una vez all\u00ed, todos los recuerdos que ha intentado olvidar reviven y amenazan con hundirla. Hudson Ellis, como nadador de rescate de la Guardia<br \/>\nCostera, sabe que dudar aunque sea un segundo puede significar la diferencia entre la vida y la muerte. Siempre se hab\u00eda enorgullecido de estar en el lugar y en el momento correctos, sobre todo cuando se trataba de Allie\u2026 hasta la noche en que se march\u00f3 del pueblo para comenzar su entrenamiento b\u00e1sico. Despu\u00e9s del mayor arrepentimiento de su vida, los secretos que guarda significan que nunca podr\u00e1 estar con la \u00fanica mujer a la que desea m\u00e1s que a su propia vida. El pasado y el presente de Allie y Hudson pueden estar<br \/>\nm\u00e1s entrelazados de lo que parece. \u00bfPodr\u00e1n desenredar el hilo que los uni\u00f3 hace tantos a\u00f1os?<\/p>\n","protected":false},"excerpt":{"rendered":"<p>Rebecca Yarros<\/p>\n<p>519 p\u00e1ginas<\/p>\n","protected":false},"featured_media":6710,"template":"","meta":{"_joinchat":[]},"product_brand":[],"product_cat":[70,35],"product_tag":[48],"class_list":{"0":"post-6709","1":"product","2":"type-product","3":"status-publish","4":"has-post-thumbnail","6":"product_cat-novedades","7":"product_cat-romantica","8":"product_tag-vr-editoras","10":"first","11":"instock","12":"shipping-taxable","13":"purchasable","14":"product-type-simple"},"_links":{"self":[{"href":"https:\/\/libreriahistoriasdebolsillo.com\/index.php\/wp-json\/wp\/v2\/product\/6709","targetHints":{"allow":["GET"]}}],"collection":[{"href":"https:\/\/libreriahistoriasdebolsillo.com\/index.php\/wp-json\/wp\/v2\/product"}],"about":[{"href":"https:\/\/libreriahistoriasdebolsillo.com\/index.php\/wp-json\/wp\/v2\/types\/product"}],"wp:featuredmedia":[{"embeddable":true,"href":"https:\/\/libreriahistoriasdebolsillo.com\/index.php\/wp-json\/wp\/v2\/media\/6710"}],"wp:attachment":[{"href":"https:\/\/libreriahistoriasdebolsillo.com\/index.php\/wp-json\/wp\/v2\/media?parent=6709"}],"wp:term":[{"taxonomy":"product_brand","embeddable":true,"href":"https:\/\/libreriahistoriasdebolsillo.com\/index.php\/wp-json\/wp\/v2\/product_brand?post=6709"},{"taxonomy":"product_cat","embeddable":true,"href":"https:\/\/libreriahistoriasdebolsillo.com\/index.php\/wp-json\/wp\/v2\/product_cat?post=6709"},{"taxonomy":"product_tag","embeddable":true,"href":"https:\/\/libreriahistoriasdebolsillo.com\/index.php\/wp-json\/wp\/v2\/product_tag?post=6709"}],"curies":[{"name":"wp","href":"https:\/\/api.w.org\/{rel}","templated":true}]}}