{"id":6742,"date":"2025-05-15T09:55:10","date_gmt":"2025-05-15T15:55:10","guid":{"rendered":"https:\/\/libreriahistoriasdebolsillo.com\/?post_type=product&#038;p=6742"},"modified":"2025-11-20T12:23:39","modified_gmt":"2025-11-20T18:23:39","slug":"cadaver-exquisito-ed-bolsillo","status":"publish","type":"product","link":"https:\/\/libreriahistoriasdebolsillo.com\/index.php\/producto\/cadaver-exquisito-ed-bolsillo\/","title":{"rendered":"Cad\u00e1ver exquisito Ed. bolsillo"},"content":{"rendered":"<p><b>PREMIO CLAR\u00cdN 2017<\/b><\/p>\n<p><b>En esta despiadada distop\u00eda -tan brutal como sutil, tan aleg\u00f3rica como realista-, Agustina Bazterrica inspira, con el poder explosivo de la ficci\u00f3n, sensaciones y debates de suma actualidad.<\/b><\/p>\n<p align=\"JUSTIFY\">La s\u00fabita aparici\u00f3n de un virus letal que ataca a los animales modifica de manera irreversible el mundo: desde las fieras hasta las mascotas deben ser sistem\u00e1ticamente sacrificadas, y su carne ya no puede ser consumida. Los gobiernos enfrentan la situaci\u00f3n con una decisi\u00f3n dr\u00e1stica: legalizando la cr\u00eda, reproducci\u00f3n, matanza y procesamiento de carne humana. El canibalismo es ley y la sociedad ha quedado dividida en dos grupos: los que comen y los que son comidos.<\/p>\n<p align=\"JUSTIFY\">\n<p align=\"JUSTIFY\">Marcos Tejo, encargado general del frigor\u00edfico Krieg, separado de su esposa y a cargo de su padre, es un oscuro bur\u00f3crata. El d\u00eda en que recibe como regalo una mujer criada para el consumo, las tentaciones lo transforman en una conciencia peligrosa de pliegues truculentos que lo llevar\u00e1 a transgredir las nuevas normas hasta l\u00edmites que la sociedad desconoce.<\/p>\n<p align=\"JUSTIFY\">\n<p align=\"JUSTIFY\">\u00bfQu\u00e9 resto de humanidad cabe cuando los muertos son cremados para evitar su consumo? \u00bfQui\u00e9n es el otro si, de verdad, somos lo que comemos?<\/p>\n","protected":false},"excerpt":{"rendered":"<p>Agustina Bazterrica<\/p>\n<p>256 p\u00e1ginas<\/p>\n","protected":false},"featured_media":6743,"template":"","meta":{"_joinchat":[]},"product_brand":[],"product_cat":[72,70],"product_tag":[34],"class_list":{"0":"post-6742","1":"product","2":"type-product","3":"status-publish","4":"has-post-thumbnail","6":"product_cat-distopico","7":"product_cat-novedades","8":"product_tag-penguin-random-house","10":"first","11":"outofstock","12":"shipping-taxable","13":"purchasable","14":"product-type-simple"},"_links":{"self":[{"href":"https:\/\/libreriahistoriasdebolsillo.com\/index.php\/wp-json\/wp\/v2\/product\/6742","targetHints":{"allow":["GET"]}}],"collection":[{"href":"https:\/\/libreriahistoriasdebolsillo.com\/index.php\/wp-json\/wp\/v2\/product"}],"about":[{"href":"https:\/\/libreriahistoriasdebolsillo.com\/index.php\/wp-json\/wp\/v2\/types\/product"}],"wp:featuredmedia":[{"embeddable":true,"href":"https:\/\/libreriahistoriasdebolsillo.com\/index.php\/wp-json\/wp\/v2\/media\/6743"}],"wp:attachment":[{"href":"https:\/\/libreriahistoriasdebolsillo.com\/index.php\/wp-json\/wp\/v2\/media?parent=6742"}],"wp:term":[{"taxonomy":"product_brand","embeddable":true,"href":"https:\/\/libreriahistoriasdebolsillo.com\/index.php\/wp-json\/wp\/v2\/product_brand?post=6742"},{"taxonomy":"product_cat","embeddable":true,"href":"https:\/\/libreriahistoriasdebolsillo.com\/index.php\/wp-json\/wp\/v2\/product_cat?post=6742"},{"taxonomy":"product_tag","embeddable":true,"href":"https:\/\/libreriahistoriasdebolsillo.com\/index.php\/wp-json\/wp\/v2\/product_tag?post=6742"}],"curies":[{"name":"wp","href":"https:\/\/api.w.org\/{rel}","templated":true}]}}