{"id":6776,"date":"2025-05-16T14:06:29","date_gmt":"2025-05-16T20:06:29","guid":{"rendered":"https:\/\/libreriahistoriasdebolsillo.com\/?post_type=product&#038;p=6776"},"modified":"2025-05-30T11:42:51","modified_gmt":"2025-05-30T17:42:51","slug":"la-vocecita","status":"publish","type":"product","link":"https:\/\/libreriahistoriasdebolsillo.com\/index.php\/producto\/la-vocecita\/","title":{"rendered":"La vocecita"},"content":{"rendered":"<p><i><b>La vocecita<\/b><\/i>\u00a0<b>reside en ese breve espacio entre tu o\u00eddo<\/b>\u00a0<b>derecho e izquierdo y puede convertirse en un enemigo o un aliado. \u00a1El manejo de la \u00abvocecita\u00bb es el arma secreta de los ricos, de los fuertes, felices y saludables! Este libro proporciona t\u00e9cnicas eficaces y accesibles que te ayudar\u00e1n a llevar a cabo, de forma inmediata, cambios profundos en tu realidad. Es una gu\u00eda innovadora para controlar tu mente, identificar y aprovechar al m\u00e1ximo tus habilidades, y alcanzar tus metas.<\/b><\/p>\n<p>Aprende a controlar esa\u00a0<b>\u00abvocecita\u00bb<\/b>\u00a0y mant\u00e9n el control en cualquier situaci\u00f3n sin importar la presi\u00f3n; det\u00e9n el debilitante parloteo en\u00a0<b>tu cabeza<\/b>\u00a0para descubrir y poner en marcha todos tus\u00a0<b>sue\u00f1os<\/b>; rompe con los h\u00e1bitos de autosabotaje; aprovecha\u00a0<b>las 21 t\u00e9cnicas<\/b>\u00a0para el control de la \u00abvocecita\u00bb. \u00a1Reprograma tu cerebro ya!<\/p>\n","protected":false},"excerpt":{"rendered":"<p>Blair Singer<\/p>\n<p>200 p\u00e1ginas<\/p>\n","protected":false},"featured_media":6777,"template":"","meta":{"_joinchat":[]},"product_brand":[],"product_cat":[58,41,70],"product_tag":[34],"class_list":{"0":"post-6776","1":"product","2":"type-product","3":"status-publish","4":"has-post-thumbnail","6":"product_cat-desarrollo-humano-y-superacion","7":"product_cat-desarrollo-humano","8":"product_cat-novedades","9":"product_tag-penguin-random-house","11":"first","12":"outofstock","13":"shipping-taxable","14":"purchasable","15":"product-type-simple"},"_links":{"self":[{"href":"https:\/\/libreriahistoriasdebolsillo.com\/index.php\/wp-json\/wp\/v2\/product\/6776","targetHints":{"allow":["GET"]}}],"collection":[{"href":"https:\/\/libreriahistoriasdebolsillo.com\/index.php\/wp-json\/wp\/v2\/product"}],"about":[{"href":"https:\/\/libreriahistoriasdebolsillo.com\/index.php\/wp-json\/wp\/v2\/types\/product"}],"wp:featuredmedia":[{"embeddable":true,"href":"https:\/\/libreriahistoriasdebolsillo.com\/index.php\/wp-json\/wp\/v2\/media\/6777"}],"wp:attachment":[{"href":"https:\/\/libreriahistoriasdebolsillo.com\/index.php\/wp-json\/wp\/v2\/media?parent=6776"}],"wp:term":[{"taxonomy":"product_brand","embeddable":true,"href":"https:\/\/libreriahistoriasdebolsillo.com\/index.php\/wp-json\/wp\/v2\/product_brand?post=6776"},{"taxonomy":"product_cat","embeddable":true,"href":"https:\/\/libreriahistoriasdebolsillo.com\/index.php\/wp-json\/wp\/v2\/product_cat?post=6776"},{"taxonomy":"product_tag","embeddable":true,"href":"https:\/\/libreriahistoriasdebolsillo.com\/index.php\/wp-json\/wp\/v2\/product_tag?post=6776"}],"curies":[{"name":"wp","href":"https:\/\/api.w.org\/{rel}","templated":true}]}}