{"id":6780,"date":"2025-05-16T14:11:09","date_gmt":"2025-05-16T20:11:09","guid":{"rendered":"https:\/\/libreriahistoriasdebolsillo.com\/?post_type=product&#038;p=6780"},"modified":"2025-05-16T14:11:09","modified_gmt":"2025-05-16T20:11:09","slug":"sana-tu-pasado-para-manifestar-tu-futuro","status":"publish","type":"product","link":"https:\/\/libreriahistoriasdebolsillo.com\/index.php\/producto\/sana-tu-pasado-para-manifestar-tu-futuro\/","title":{"rendered":"Sana tu pasado para manifestar tu futuro"},"content":{"rendered":"<p><b>Una gu\u00eda<\/b>\u00a0<b>empoderadora<\/b><b>\u00a0para ayudarte a sanar el dolor del pasado, encontrar el equilibrio emocional y lograr la abundancia, el \u00e9xito y la felicidad que mereces.<\/b><\/p>\n<p>\u00bfAlguien te ha dicho alguna vez que puedes hacer que sucedan cosas buenas si piensas positivamente? La\u00a0<b>ley de la atracci\u00f3n<\/b>, que se basa en gran medida en la idea de que los pensamientos y emociones positivos atraen\u00a0<b>resultados positivos<\/b>, es uno de los movimientos de autoayuda m\u00e1s populares de las \u00faltimas d\u00e9cadas. Sin embargo, si has experimentado\u00a0<b>un trauma<\/b>, es posible que tengas dificultades para pensar de manera positiva o te sientas demasiado ansioso para creer en un\u00a0<b>futuro abundante<\/b>\u00a0y alegre. Esto es especialmente cierto si tienes un trauma infantil que no se ha curado.<\/p>\n<p>Escrito por una psic\u00f3loga experta en traumas,\u00a0<i><b>Sana tu pasado para manifestar tu futuro<\/b><\/i>\u00a0reconoce el profundo impacto del trauma en tu capacidad para imaginar, avanzar y crear una vida que realmente ames; y ofrece un proceso de tres pasos para regular tu\u00a0<b>sistema ner<\/b><b>vioso<\/b>, \u201creparentalizar\u201d a tu ni\u00f1o interior y reconectar tu cerebro para abrirlo a nuevas posibilidades.<\/p>\n<p>Si has sentido curiosidad por la manifestaci\u00f3n, pero desconf\u00edas de los aspectos de \u201c<b>hashtag bendecido<\/b>\u201d y \u201c<b>solo buenas vibras<\/b>\u201d de esta pr\u00e1ctica, que a menudo est\u00e1n en tendencia dentro de las redes sociales, esta gu\u00eda compasiva ofrece un enfoque \u00fanico y sensible al trauma para ayudarte a sanar el pasado,\u00a0<b>liberar bloqueos emocionales<\/b>, recuperar una sensaci\u00f3n de seguridad y esperanza, y\u00a0<b>hacer realidad tus sue\u00f1os<\/b>.<\/p>\n","protected":false},"excerpt":{"rendered":"<p>Anna Kress<\/p>\n<p>224 p\u00e1ginas<\/p>\n","protected":false},"featured_media":6781,"template":"","meta":{"_joinchat":[]},"product_brand":[],"product_cat":[58,41,70],"product_tag":[34],"class_list":{"0":"post-6780","1":"product","2":"type-product","3":"status-publish","4":"has-post-thumbnail","6":"product_cat-desarrollo-humano-y-superacion","7":"product_cat-desarrollo-humano","8":"product_cat-novedades","9":"product_tag-penguin-random-house","11":"first","12":"instock","13":"shipping-taxable","14":"purchasable","15":"product-type-simple"},"_links":{"self":[{"href":"https:\/\/libreriahistoriasdebolsillo.com\/index.php\/wp-json\/wp\/v2\/product\/6780","targetHints":{"allow":["GET"]}}],"collection":[{"href":"https:\/\/libreriahistoriasdebolsillo.com\/index.php\/wp-json\/wp\/v2\/product"}],"about":[{"href":"https:\/\/libreriahistoriasdebolsillo.com\/index.php\/wp-json\/wp\/v2\/types\/product"}],"wp:featuredmedia":[{"embeddable":true,"href":"https:\/\/libreriahistoriasdebolsillo.com\/index.php\/wp-json\/wp\/v2\/media\/6781"}],"wp:attachment":[{"href":"https:\/\/libreriahistoriasdebolsillo.com\/index.php\/wp-json\/wp\/v2\/media?parent=6780"}],"wp:term":[{"taxonomy":"product_brand","embeddable":true,"href":"https:\/\/libreriahistoriasdebolsillo.com\/index.php\/wp-json\/wp\/v2\/product_brand?post=6780"},{"taxonomy":"product_cat","embeddable":true,"href":"https:\/\/libreriahistoriasdebolsillo.com\/index.php\/wp-json\/wp\/v2\/product_cat?post=6780"},{"taxonomy":"product_tag","embeddable":true,"href":"https:\/\/libreriahistoriasdebolsillo.com\/index.php\/wp-json\/wp\/v2\/product_tag?post=6780"}],"curies":[{"name":"wp","href":"https:\/\/api.w.org\/{rel}","templated":true}]}}