{"id":6788,"date":"2025-05-16T14:22:06","date_gmt":"2025-05-16T20:22:06","guid":{"rendered":"https:\/\/libreriahistoriasdebolsillo.com\/?post_type=product&#038;p=6788"},"modified":"2026-01-17T10:38:30","modified_gmt":"2026-01-17T16:38:30","slug":"el-poder-de-las-palabras","status":"publish","type":"product","link":"https:\/\/libreriahistoriasdebolsillo.com\/index.php\/producto\/el-poder-de-las-palabras\/","title":{"rendered":"El poder de las palabras"},"content":{"rendered":"<p><b>Despu\u00e9s del \u00e9xito mundial de<\/b>\u00a0<i><b>La vida secreta de la mente<\/b><\/i><b>, Mariano<\/b>\u00a0<b>Sigman re\u00fane los \u00faltimos avances de la neurociencia y los combina con historias de vida y una dosis importante de humor para explicar c\u00f3mo y por qu\u00e9 las buenas conversaciones mejoran nuestras decisiones, ideas, memoria y emociones.<\/b><\/p>\n<p><b>He aqu\u00ed un poder que est\u00e1 a nuestro alcance para cambiar nuestra mente y tener una vida mejor: el poder de las palabras.<\/b><\/p>\n<p>Nuestra\u00a0<b>mente<\/b>\u00a0es mucho m\u00e1s\u00a0<b>maleable<\/b>\u00a0de lo que creemos: conservamos toda la vida la misma capacidad de aprender que tenemos de chicos. Pero con el tiempo vamos perdiendo la motivaci\u00f3n y as\u00ed empezamos a convencernos de todo lo que no podemos ser: no nacimos para la\u00a0<b>m\u00fasica<\/b>, el\u00a0<b>deporte<\/b>, la\u00a0<b>matem\u00e1tica<\/b>\u00a0o para ser\u00a0<b>valiente<\/b>s o\u00a0<b>extrovertidos<\/b>.<\/p>\n<p>Este libro sostiene y demuestra que siempre podemos demoler esas creencias y cambiar aun las ideas y los sentimientos m\u00e1s profundamente arraigados. As\u00ed como concluimos en un segundo si una persona nos parece confiable, tambi\u00e9n los juicios sobre nosotros mismos son precipitados. Para mejorarlos basta con\u00a0<b>aprender a conversar<\/b>, con otros y con nosotros.<\/p>\n<p><b>La conversaci\u00f3n es la herramienta m\u00e1s extraordinaria para transformar nuestra vida.<\/b><\/p>\n","protected":false},"excerpt":{"rendered":"<p>Mariano Sigman<\/p>\n<p>352 p\u00e1ginas<\/p>\n","protected":false},"featured_media":6789,"template":"","meta":{"_joinchat":[]},"product_brand":[],"product_cat":[58,41,70],"product_tag":[34],"class_list":{"0":"post-6788","1":"product","2":"type-product","3":"status-publish","4":"has-post-thumbnail","6":"product_cat-desarrollo-humano-y-superacion","7":"product_cat-desarrollo-humano","8":"product_cat-novedades","9":"product_tag-penguin-random-house","11":"first","12":"outofstock","13":"shipping-taxable","14":"purchasable","15":"product-type-simple"},"_links":{"self":[{"href":"https:\/\/libreriahistoriasdebolsillo.com\/index.php\/wp-json\/wp\/v2\/product\/6788","targetHints":{"allow":["GET"]}}],"collection":[{"href":"https:\/\/libreriahistoriasdebolsillo.com\/index.php\/wp-json\/wp\/v2\/product"}],"about":[{"href":"https:\/\/libreriahistoriasdebolsillo.com\/index.php\/wp-json\/wp\/v2\/types\/product"}],"wp:featuredmedia":[{"embeddable":true,"href":"https:\/\/libreriahistoriasdebolsillo.com\/index.php\/wp-json\/wp\/v2\/media\/6789"}],"wp:attachment":[{"href":"https:\/\/libreriahistoriasdebolsillo.com\/index.php\/wp-json\/wp\/v2\/media?parent=6788"}],"wp:term":[{"taxonomy":"product_brand","embeddable":true,"href":"https:\/\/libreriahistoriasdebolsillo.com\/index.php\/wp-json\/wp\/v2\/product_brand?post=6788"},{"taxonomy":"product_cat","embeddable":true,"href":"https:\/\/libreriahistoriasdebolsillo.com\/index.php\/wp-json\/wp\/v2\/product_cat?post=6788"},{"taxonomy":"product_tag","embeddable":true,"href":"https:\/\/libreriahistoriasdebolsillo.com\/index.php\/wp-json\/wp\/v2\/product_tag?post=6788"}],"curies":[{"name":"wp","href":"https:\/\/api.w.org\/{rel}","templated":true}]}}