{"id":6810,"date":"2025-06-05T14:52:39","date_gmt":"2025-06-05T20:52:39","guid":{"rendered":"https:\/\/libreriahistoriasdebolsillo.com\/?post_type=product&#038;p=6810"},"modified":"2025-09-30T10:32:09","modified_gmt":"2025-09-30T16:32:09","slug":"un-verano-en-ny","status":"publish","type":"product","link":"https:\/\/libreriahistoriasdebolsillo.com\/index.php\/producto\/un-verano-en-ny\/","title":{"rendered":"Un verano en NY"},"content":{"rendered":"<p><b>Un chico de su pasado.<\/b><br \/>\n<b>Una pared que los separa.<\/b><br \/>\n<b>Una ciudad donde todo es posible.<\/b><\/p>\n<p><b>Un irresistible romance ambientado en Nueva York de Alex Aster, autora n\u00famero 1 de\u00a0<i>The New York Times<\/i>.<\/b><\/p>\n<p>Elle es guionista y tiene ventisiete a\u00f1os. Cuando le ofrecen la oportunidad de escribir el guion de una gran pel\u00edcula en Nueva York, solo tiene un problema: odia Nueva York, est\u00e1 bloquead\u00edsima con el guion y tiene que entregarlo al final del verano y, por si fuera poco, su nuevo vecino es Parker Warren: el soltero multimillonario con el que se enroll\u00f3 hace dos a\u00f1os y que ahora es, simult\u00e1neamente, la inspiraci\u00f3n de sus guiones y su archienemigo.<\/p>\n<p>\u00c9l tiene que fingir mantener una relaci\u00f3n estable durante un momento delicado para su empresa tecnol\u00f3gica. Ella tiene que escribir un guion ambientado en ocho localizaciones newyorkinas a las que solo \u00e9l tiene acceso exclusivo.<\/p>\n<p>Elle est\u00e1 a punto de vivir un verano de pel\u00edcula. Aunque tal vez no sea la que ella esperaba&#8230;<\/p>\n","protected":false},"excerpt":{"rendered":"<p>Alex Aster<\/p>\n<p>304 p\u00e1ginas<\/p>\n","protected":false},"featured_media":6811,"template":"","meta":{"_joinchat":[]},"product_brand":[],"product_cat":[52,70,35],"product_tag":[34],"class_list":{"0":"post-6810","1":"product","2":"type-product","3":"status-publish","4":"has-post-thumbnail","6":"product_cat-juvenil","7":"product_cat-novedades","8":"product_cat-romantica","9":"product_tag-penguin-random-house","11":"first","12":"outofstock","13":"shipping-taxable","14":"purchasable","15":"product-type-simple"},"_links":{"self":[{"href":"https:\/\/libreriahistoriasdebolsillo.com\/index.php\/wp-json\/wp\/v2\/product\/6810","targetHints":{"allow":["GET"]}}],"collection":[{"href":"https:\/\/libreriahistoriasdebolsillo.com\/index.php\/wp-json\/wp\/v2\/product"}],"about":[{"href":"https:\/\/libreriahistoriasdebolsillo.com\/index.php\/wp-json\/wp\/v2\/types\/product"}],"wp:featuredmedia":[{"embeddable":true,"href":"https:\/\/libreriahistoriasdebolsillo.com\/index.php\/wp-json\/wp\/v2\/media\/6811"}],"wp:attachment":[{"href":"https:\/\/libreriahistoriasdebolsillo.com\/index.php\/wp-json\/wp\/v2\/media?parent=6810"}],"wp:term":[{"taxonomy":"product_brand","embeddable":true,"href":"https:\/\/libreriahistoriasdebolsillo.com\/index.php\/wp-json\/wp\/v2\/product_brand?post=6810"},{"taxonomy":"product_cat","embeddable":true,"href":"https:\/\/libreriahistoriasdebolsillo.com\/index.php\/wp-json\/wp\/v2\/product_cat?post=6810"},{"taxonomy":"product_tag","embeddable":true,"href":"https:\/\/libreriahistoriasdebolsillo.com\/index.php\/wp-json\/wp\/v2\/product_tag?post=6810"}],"curies":[{"name":"wp","href":"https:\/\/api.w.org\/{rel}","templated":true}]}}