{"id":6865,"date":"2025-06-17T14:50:34","date_gmt":"2025-06-17T20:50:34","guid":{"rendered":"https:\/\/libreriahistoriasdebolsillo.com\/?post_type=product&#038;p=6865"},"modified":"2025-11-20T13:16:23","modified_gmt":"2025-11-20T19:16:23","slug":"tras-la-puerta","status":"publish","type":"product","link":"https:\/\/libreriahistoriasdebolsillo.com\/index.php\/producto\/tras-la-puerta\/","title":{"rendered":"Tras la puerta"},"content":{"rendered":"<p><b>Mientras a los once a\u00f1os Nora Davis dedicaba las tardes a<\/b>\u00a0<b>hacer los deberes en su<\/b>\u00a0<b>habitaci\u00f3n, no ten\u00eda ni idea de que<\/b>\u00a0<b>su padre estaba asesinando a mujeres en el s\u00f3tano.<\/b><\/p>\n<p><b>Hasta el d\u00eda en que la polic\u00eda llam\u00f3 a la puerta<\/b><b>.<\/b><\/p>\n<p>D\u00e9cadas m\u00e1s tarde, el\u00a0<b>padre de Nora<\/b>\u00a0pasa su vida entre rejas y ella es una cirujana de \u00e9xito con una existencia tranquila y solitaria. Nadie sabe que su padre es un famoso\u00a0<b>asesino en serie<\/b>. Y ella est\u00e1 dispuesta a todo para que siga siendo as\u00ed.<\/p>\n<p>Entonces Nora descubre que una de sus\u00a0<b>j\u00f3venes<\/b>\u00a0<b>pacientes<\/b>\u00a0ha sido asesinada. De la misma horrible y peculiar manera en la que su padre\u00a0<b>mataba a sus v\u00edctimas<\/b>.<\/p>\n<p>Alguien sabe qui\u00e9n es Nora. Alguien quiere que cargue con la culpa de su\u00a0<b>espantoso crimen<\/b>. Pero ella no es una asesina como su padre. La polic\u00eda no puede acusarla de nada.<\/p>\n<p>SIEMPRE Y CUANDO NO MIRE EN SU S\u00d3TANO&#8230;<\/p>\n","protected":false},"excerpt":{"rendered":"<p>Freida McFadden<\/p>\n<p>336 p\u00e1ginas<\/p>\n","protected":false},"featured_media":6866,"template":"","meta":{"_joinchat":[]},"product_brand":[],"product_cat":[37,70],"product_tag":[34],"class_list":{"0":"post-6865","1":"product","2":"type-product","3":"status-publish","4":"has-post-thumbnail","6":"product_cat-misterio-y-thriller","7":"product_cat-novedades","8":"product_tag-penguin-random-house","10":"first","11":"instock","12":"shipping-taxable","13":"purchasable","14":"product-type-simple"},"_links":{"self":[{"href":"https:\/\/libreriahistoriasdebolsillo.com\/index.php\/wp-json\/wp\/v2\/product\/6865","targetHints":{"allow":["GET"]}}],"collection":[{"href":"https:\/\/libreriahistoriasdebolsillo.com\/index.php\/wp-json\/wp\/v2\/product"}],"about":[{"href":"https:\/\/libreriahistoriasdebolsillo.com\/index.php\/wp-json\/wp\/v2\/types\/product"}],"wp:featuredmedia":[{"embeddable":true,"href":"https:\/\/libreriahistoriasdebolsillo.com\/index.php\/wp-json\/wp\/v2\/media\/6866"}],"wp:attachment":[{"href":"https:\/\/libreriahistoriasdebolsillo.com\/index.php\/wp-json\/wp\/v2\/media?parent=6865"}],"wp:term":[{"taxonomy":"product_brand","embeddable":true,"href":"https:\/\/libreriahistoriasdebolsillo.com\/index.php\/wp-json\/wp\/v2\/product_brand?post=6865"},{"taxonomy":"product_cat","embeddable":true,"href":"https:\/\/libreriahistoriasdebolsillo.com\/index.php\/wp-json\/wp\/v2\/product_cat?post=6865"},{"taxonomy":"product_tag","embeddable":true,"href":"https:\/\/libreriahistoriasdebolsillo.com\/index.php\/wp-json\/wp\/v2\/product_tag?post=6865"}],"curies":[{"name":"wp","href":"https:\/\/api.w.org\/{rel}","templated":true}]}}