{"id":6876,"date":"2025-06-17T15:05:16","date_gmt":"2025-06-17T21:05:16","guid":{"rendered":"https:\/\/libreriahistoriasdebolsillo.com\/?post_type=product&#038;p=6876"},"modified":"2025-06-17T15:05:16","modified_gmt":"2025-06-17T21:05:16","slug":"la-diva","status":"publish","type":"product","link":"https:\/\/libreriahistoriasdebolsillo.com\/index.php\/producto\/la-diva\/","title":{"rendered":"La diva"},"content":{"rendered":"<p><b>Reyes Monforte regresa con la apasionante<\/b>\u00a0<b>novela sobre Adelina<\/b>\u00a0<b>Patti, la mujer espa\u00f1ola que naci\u00f3 en una pensi\u00f3n y se convirti\u00f3 en la mejor cantante de la historia.<\/b><\/p>\n<p><b>LA SOPRANO MEJOR PAGADA DE LA HISTORIA.<\/b><\/p>\n<p><b>LA MUJER M\u00c1S FAMOSA DEL SIGLO XIX.<\/b><\/p>\n<p><b>LA VOZ QUE ENMUDECI\u00d3 AL MUNDO.<\/b><\/p>\n<p>Nueva York, 1851. Una ni\u00f1a prodigio del bel canto llamada Adelina Patti atrae la atenci\u00f3n del selecto circuito de la \u00f3pera americana. \u00bfPuede una cr\u00eda nacida en una pensi\u00f3n de la calle Fuencarral de Madrid llegar a tener un talento tan incontestable? Adelina comienza una carrera mete\u00f3rica que la hace cada vez m\u00e1s famosa -hasta el punto de convertirse en la soprano favorita de la reina Victoria y en confidente de la reina Isabel II de Espa\u00f1a-, pero tambi\u00e9n vulnerable a las trampas del amor, la fama, el dinero, la traici\u00f3n y la venganza.<\/p>\n<p>De Abraham Lincoln al pr\u00edncipe de Gales, de Giuseppe Verdi al zar Alejandro II, de Lev Tolst\u00f3i a P\u00e9rez Gald\u00f3s, pasando por Oscar Wilde, Gioachino Rossini, Eugenia de Montijo, Napol\u00e9on III o \u00c9mile Zola, muchas fueron las celebridades de su tiempo que reverenciaron a la Patti como a una diosa, una leyenda inolvidable y adelantada a su tiempo. Consciente de elegir mejor las \u00f3peras que a sus maridos, se cas\u00f3 tres veces, vivi\u00f3 rodeada de pol\u00e9micas y construy\u00f3 su propio camino de \u00e9xito mientras desafiaba la estricta moral victoriana. Todo para vivir en libertad como mujer y artista sin dejarse pisotear en un mundo hecho por y para los hombres.<\/p>\n<p><b>En su nueva y magn\u00edfica novela, Reyes Monforte ha<\/b>\u00a0<b>construido una trama \u00e9pica inolvidable, la apasionante<\/b>\u00a0<b>epopeya de la primera gran diva de la historia de la m\u00fasica.<\/b><\/p>\n","protected":false},"excerpt":{"rendered":"<p>Reyes Monforte<\/p>\n<p>568 p\u00e1ginas<\/p>\n","protected":false},"featured_media":6877,"template":"","meta":{"_joinchat":[]},"product_brand":[],"product_cat":[33,70],"product_tag":[34],"class_list":{"0":"post-6876","1":"product","2":"type-product","3":"status-publish","4":"has-post-thumbnail","6":"product_cat-ficcion-general","7":"product_cat-novedades","8":"product_tag-penguin-random-house","10":"first","11":"outofstock","12":"shipping-taxable","13":"purchasable","14":"product-type-simple"},"_links":{"self":[{"href":"https:\/\/libreriahistoriasdebolsillo.com\/index.php\/wp-json\/wp\/v2\/product\/6876","targetHints":{"allow":["GET"]}}],"collection":[{"href":"https:\/\/libreriahistoriasdebolsillo.com\/index.php\/wp-json\/wp\/v2\/product"}],"about":[{"href":"https:\/\/libreriahistoriasdebolsillo.com\/index.php\/wp-json\/wp\/v2\/types\/product"}],"wp:featuredmedia":[{"embeddable":true,"href":"https:\/\/libreriahistoriasdebolsillo.com\/index.php\/wp-json\/wp\/v2\/media\/6877"}],"wp:attachment":[{"href":"https:\/\/libreriahistoriasdebolsillo.com\/index.php\/wp-json\/wp\/v2\/media?parent=6876"}],"wp:term":[{"taxonomy":"product_brand","embeddable":true,"href":"https:\/\/libreriahistoriasdebolsillo.com\/index.php\/wp-json\/wp\/v2\/product_brand?post=6876"},{"taxonomy":"product_cat","embeddable":true,"href":"https:\/\/libreriahistoriasdebolsillo.com\/index.php\/wp-json\/wp\/v2\/product_cat?post=6876"},{"taxonomy":"product_tag","embeddable":true,"href":"https:\/\/libreriahistoriasdebolsillo.com\/index.php\/wp-json\/wp\/v2\/product_tag?post=6876"}],"curies":[{"name":"wp","href":"https:\/\/api.w.org\/{rel}","templated":true}]}}