{"id":6890,"date":"2025-06-17T15:23:15","date_gmt":"2025-06-17T21:23:15","guid":{"rendered":"https:\/\/libreriahistoriasdebolsillo.com\/?post_type=product&#038;p=6890"},"modified":"2025-10-14T09:42:42","modified_gmt":"2025-10-14T15:42:42","slug":"el-metodo-ping-pong-18-principios-de-liderazgo-para-tener-exito-en-los-negocios-el-deporte-y-la-vida","status":"publish","type":"product","link":"https:\/\/libreriahistoriasdebolsillo.com\/index.php\/producto\/el-metodo-ping-pong-18-principios-de-liderazgo-para-tener-exito-en-los-negocios-el-deporte-y-la-vida\/","title":{"rendered":"El m\u00e9todo ping pong. 18 principios de liderazgo para tener \u00e9xito en los negocios, el deporte y la vida"},"content":{"rendered":"<p><b>Si buscas mejorar tus habilidades de liderazgo, el ping<\/b>\u00a0<b>pong<\/b><b>\u00a0ofrece lecciones relevantes para el \u00e9xito en la vida personal y profesional.<\/b><\/p>\n<p><b>Justin<\/b>\u00a0<b>Bookey<\/b>\u00a0ha pasado d\u00e9cadas en ambos mundos. Como creador y estratega de contenido nominado al Emmy, ha trabajado con\u00a0<b>l\u00edderes de empresas globales<\/b>\u00a0para lograr sus\u00a0<b>objetivos comerciales<\/b>. Como jugador de tenis de mesa, entren\u00f3 con campeones nacionales y mundiales y gan\u00f3 medallas en el Abierto de\u00a0<b>Estados Unidos<\/b>.<\/p>\n<p>Bookey se dio cuenta de que los principios b\u00e1sicos que aprendi\u00f3 en el deporte tambi\u00e9n serv\u00edan para triunfar en el mundo de los\u00a0<b>negocios y el liderazgo<\/b>. De hecho, en los a\u00f1os setenta, los l\u00edderes de Estados Unidos y China utilizaron la famosa diplomacia del\u00a0<b>ping-pong<\/b>, partidos amistosos que sirvieron para reactivar las congeladas relaciones entre ambos pa\u00edses.<\/p>\n<p><i><b>El m\u00e9todo ping<\/b><\/i>\u00a0<i><b>pong<\/b><\/i>\u00a0condensa las lecciones de un deporte en\u00a0<b>18 principios<\/b>\u00a0pr\u00e1cticos e inolvidables para hacer cambios significativos en cualquier empresa. Adem\u00e1s, incluye insights exclusivos de l\u00edderes de los negocios, la cultura y la tecnolog\u00eda.<\/p>\n<p>UNA PODEROSA\u00a0<b>GU\u00cdA<\/b>\u00a0PARA ALCANZAR EL \u00c9XITO EN CUALQUIER MESA.<\/p>\n","protected":false},"excerpt":{"rendered":"<p>Justin Bookey<\/p>\n<p>288 p\u00e1ginas<\/p>\n","protected":false},"featured_media":6891,"template":"","meta":{"_joinchat":[]},"product_brand":[],"product_cat":[58,41,70],"product_tag":[34],"class_list":{"0":"post-6890","1":"product","2":"type-product","3":"status-publish","4":"has-post-thumbnail","6":"product_cat-desarrollo-humano-y-superacion","7":"product_cat-desarrollo-humano","8":"product_cat-novedades","9":"product_tag-penguin-random-house","11":"first","12":"outofstock","13":"shipping-taxable","14":"purchasable","15":"product-type-simple"},"_links":{"self":[{"href":"https:\/\/libreriahistoriasdebolsillo.com\/index.php\/wp-json\/wp\/v2\/product\/6890","targetHints":{"allow":["GET"]}}],"collection":[{"href":"https:\/\/libreriahistoriasdebolsillo.com\/index.php\/wp-json\/wp\/v2\/product"}],"about":[{"href":"https:\/\/libreriahistoriasdebolsillo.com\/index.php\/wp-json\/wp\/v2\/types\/product"}],"wp:featuredmedia":[{"embeddable":true,"href":"https:\/\/libreriahistoriasdebolsillo.com\/index.php\/wp-json\/wp\/v2\/media\/6891"}],"wp:attachment":[{"href":"https:\/\/libreriahistoriasdebolsillo.com\/index.php\/wp-json\/wp\/v2\/media?parent=6890"}],"wp:term":[{"taxonomy":"product_brand","embeddable":true,"href":"https:\/\/libreriahistoriasdebolsillo.com\/index.php\/wp-json\/wp\/v2\/product_brand?post=6890"},{"taxonomy":"product_cat","embeddable":true,"href":"https:\/\/libreriahistoriasdebolsillo.com\/index.php\/wp-json\/wp\/v2\/product_cat?post=6890"},{"taxonomy":"product_tag","embeddable":true,"href":"https:\/\/libreriahistoriasdebolsillo.com\/index.php\/wp-json\/wp\/v2\/product_tag?post=6890"}],"curies":[{"name":"wp","href":"https:\/\/api.w.org\/{rel}","templated":true}]}}