{"id":6892,"date":"2025-06-17T15:25:44","date_gmt":"2025-06-17T21:25:44","guid":{"rendered":"https:\/\/libreriahistoriasdebolsillo.com\/?post_type=product&#038;p=6892"},"modified":"2025-10-14T09:43:12","modified_gmt":"2025-10-14T15:43:12","slug":"una-mujer-de-espaldas","status":"publish","type":"product","link":"https:\/\/libreriahistoriasdebolsillo.com\/index.php\/producto\/una-mujer-de-espaldas\/","title":{"rendered":"Una mujer de espaldas"},"content":{"rendered":"<section class=\"col-md-6\">\n<div id=\"contratapa-long\">\n<p>Ambientada en un complejo de apartamentos de las afueras de Tokio, Una mujer de espaldas explora el desmoronamiento de los ideales de la clase media suburbana japonesa a trav\u00e9s de la relaci\u00f3n de una madre con sus dos hijas a medida que estas maduran y afirman su independencia, y con su esposo ausente, que a veces confunde a su mujer con una empleada dom\u00e9stica. A trav\u00e9s de su dibujo sencillo y expresivo, la autora captura cada cambio de humor y cada contradicci\u00f3n interna de Chiharu; tanto su culpa como su anhelo. Murasaki fue de las primeras creadoras que huy\u00f3 del romanticismo idealizado del sh\u00f4jo y utiliz\u00f3 la libertad expresiva del manga para abordar la domesticidad y la feminidad de una manera realista, cr\u00edtica y sostenida.<\/p>\n<p>&nbsp;<\/p>\n<\/div>\n<\/section>\n","protected":false},"excerpt":{"rendered":"<p>Yamada Murasaki \/ Daruma Serveis Ling\u00fc\u00edstics<\/p>\n<p>384 p\u00e1ginas<\/p>\n","protected":false},"featured_media":6893,"template":"","meta":{"_joinchat":[]},"product_brand":[],"product_cat":[67,70],"product_tag":[34],"class_list":{"0":"post-6892","1":"product","2":"type-product","3":"status-publish","4":"has-post-thumbnail","6":"product_cat-manga","7":"product_cat-novedades","8":"product_tag-penguin-random-house","10":"first","11":"outofstock","12":"shipping-taxable","13":"purchasable","14":"product-type-simple"},"_links":{"self":[{"href":"https:\/\/libreriahistoriasdebolsillo.com\/index.php\/wp-json\/wp\/v2\/product\/6892","targetHints":{"allow":["GET"]}}],"collection":[{"href":"https:\/\/libreriahistoriasdebolsillo.com\/index.php\/wp-json\/wp\/v2\/product"}],"about":[{"href":"https:\/\/libreriahistoriasdebolsillo.com\/index.php\/wp-json\/wp\/v2\/types\/product"}],"wp:featuredmedia":[{"embeddable":true,"href":"https:\/\/libreriahistoriasdebolsillo.com\/index.php\/wp-json\/wp\/v2\/media\/6893"}],"wp:attachment":[{"href":"https:\/\/libreriahistoriasdebolsillo.com\/index.php\/wp-json\/wp\/v2\/media?parent=6892"}],"wp:term":[{"taxonomy":"product_brand","embeddable":true,"href":"https:\/\/libreriahistoriasdebolsillo.com\/index.php\/wp-json\/wp\/v2\/product_brand?post=6892"},{"taxonomy":"product_cat","embeddable":true,"href":"https:\/\/libreriahistoriasdebolsillo.com\/index.php\/wp-json\/wp\/v2\/product_cat?post=6892"},{"taxonomy":"product_tag","embeddable":true,"href":"https:\/\/libreriahistoriasdebolsillo.com\/index.php\/wp-json\/wp\/v2\/product_tag?post=6892"}],"curies":[{"name":"wp","href":"https:\/\/api.w.org\/{rel}","templated":true}]}}