{"id":6909,"date":"2025-06-17T15:50:46","date_gmt":"2025-06-17T21:50:46","guid":{"rendered":"https:\/\/libreriahistoriasdebolsillo.com\/?post_type=product&#038;p=6909"},"modified":"2026-02-04T14:49:48","modified_gmt":"2026-02-04T20:49:48","slug":"guarde-el-anochecer-en-el-cajon","status":"publish","type":"product","link":"https:\/\/libreriahistoriasdebolsillo.com\/index.php\/producto\/guarde-el-anochecer-en-el-cajon\/","title":{"rendered":"Guard\u00e9 el anochecer en el caj\u00f3n"},"content":{"rendered":"<p>Premio Nobel de Literatura en 2024, Han Kang se revela en\u00a0<i>Guard\u00e9 el anochecer en el caj\u00f3n\u00a0<\/i>como la gran poeta que alienta tras sus muy celebradas ficciones.<\/p>\n<p>El \u00abanochecer\u00bb, ese espacio ambiguo entre dos luces, se convierte en el escenario en el que una voz dolida e inteligente nos habla de la soledad, la enfermedad, el encuentro entre muertos y vivos, la fuerza fr\u00e1gil de la palabra, la necesidad del arte.<\/p>\n<p>Sin conocer en detalle la an\u00e9cdota que genera el poema, el lector ingresa sin embargo en un \u00e1mbito de inmediata y poderosa intimidad que acaba haci\u00e9ndole part\u00edcipe de una especial trascendencia cotidiana.<\/p>\n<p>Se trata de una poes\u00eda delicada, oscura, inquietante y tremendamente visceral, que pone el cuerpo y las emociones en su mismo centro. Como ha dicho la autora en\u00a0<i>The New Yorker<\/i>, \u00abel lenguaje es como una flecha que siempre falla el blanco por un margen estrecho y es tambi\u00e9n algo que transmite emociones y sensaciones que producen dolor\u00bb.<\/p>\n","protected":false},"excerpt":{"rendered":"<p>Han Kang<\/p>\n<p>192 p\u00e1ginas<\/p>\n","protected":false},"featured_media":6910,"template":"","meta":{"_joinchat":[]},"product_brand":[],"product_cat":[70,65],"product_tag":[34],"class_list":{"0":"post-6909","1":"product","2":"type-product","3":"status-publish","4":"has-post-thumbnail","6":"product_cat-novedades","7":"product_cat-poesia","8":"product_tag-penguin-random-house","10":"first","11":"instock","12":"shipping-taxable","13":"purchasable","14":"product-type-simple"},"_links":{"self":[{"href":"https:\/\/libreriahistoriasdebolsillo.com\/index.php\/wp-json\/wp\/v2\/product\/6909","targetHints":{"allow":["GET"]}}],"collection":[{"href":"https:\/\/libreriahistoriasdebolsillo.com\/index.php\/wp-json\/wp\/v2\/product"}],"about":[{"href":"https:\/\/libreriahistoriasdebolsillo.com\/index.php\/wp-json\/wp\/v2\/types\/product"}],"wp:featuredmedia":[{"embeddable":true,"href":"https:\/\/libreriahistoriasdebolsillo.com\/index.php\/wp-json\/wp\/v2\/media\/6910"}],"wp:attachment":[{"href":"https:\/\/libreriahistoriasdebolsillo.com\/index.php\/wp-json\/wp\/v2\/media?parent=6909"}],"wp:term":[{"taxonomy":"product_brand","embeddable":true,"href":"https:\/\/libreriahistoriasdebolsillo.com\/index.php\/wp-json\/wp\/v2\/product_brand?post=6909"},{"taxonomy":"product_cat","embeddable":true,"href":"https:\/\/libreriahistoriasdebolsillo.com\/index.php\/wp-json\/wp\/v2\/product_cat?post=6909"},{"taxonomy":"product_tag","embeddable":true,"href":"https:\/\/libreriahistoriasdebolsillo.com\/index.php\/wp-json\/wp\/v2\/product_tag?post=6909"}],"curies":[{"name":"wp","href":"https:\/\/api.w.org\/{rel}","templated":true}]}}