{"id":6927,"date":"2025-06-26T09:37:52","date_gmt":"2025-06-26T15:37:52","guid":{"rendered":"https:\/\/libreriahistoriasdebolsillo.com\/?post_type=product&#038;p=6927"},"modified":"2025-10-31T17:05:42","modified_gmt":"2025-10-31T23:05:42","slug":"dreamsongs-2-una-retrospectiva","status":"publish","type":"product","link":"https:\/\/libreriahistoriasdebolsillo.com\/index.php\/producto\/dreamsongs-2-una-retrospectiva\/","title":{"rendered":"Dreamsongs 2. Una retrospectiva"},"content":{"rendered":"<p><strong><b>Incluye\u00a0<\/b><i><b>El caballero errante<\/b><\/i><b>, una novela corta de\u00a0<\/b><i><b>Canci\u00f3n de Hielo y Fuego.<\/b><\/i><\/strong><\/p>\n<p>George R.R. Martin es uno de los narradores m\u00e1s emocionantes de nuestra era, un escritor elegante que combina tramas fascinantes con una caracterizaci\u00f3n magistral. Escribe con igual fervor sobre hombres lobo que sobre naves espaciales, magos y vampiros, y ha ganado pr\u00e1cticamente todos los premios posibles en el campo de literatura de fantas\u00eda. Su \u00e9pica saga, a\u00fan inconclusa, Canci\u00f3n de Hielo y Fuego, ha redefinido la fantas\u00eda para una nueva generaci\u00f3n y le ha ganado una vasta y devota audiencia.<\/p>\n<p>La colecci\u00f3n Dreamsongs es un ba\u00fal de tesoros de su carrera. Dreamsongs libro II incluye la novela corta El caballero errante, una historia de Los Siete Reinos, parte indispensable de la secuencia en Canci\u00f3n de Hielo y Fuego.<\/p>\n","protected":false},"excerpt":{"rendered":"<p>George R.R. Martin<\/p>\n<p>464 p\u00e1ginas<\/p>\n","protected":false},"featured_media":6928,"template":"","meta":{"_joinchat":[]},"product_brand":[],"product_cat":[39,51],"product_tag":[34],"class_list":{"0":"post-6927","1":"product","2":"type-product","3":"status-publish","4":"has-post-thumbnail","6":"product_cat-fantasia","7":"product_cat-oferta","8":"product_tag-penguin-random-house","10":"first","11":"instock","12":"sale","13":"shipping-taxable","14":"purchasable","15":"product-type-simple"},"_links":{"self":[{"href":"https:\/\/libreriahistoriasdebolsillo.com\/index.php\/wp-json\/wp\/v2\/product\/6927","targetHints":{"allow":["GET"]}}],"collection":[{"href":"https:\/\/libreriahistoriasdebolsillo.com\/index.php\/wp-json\/wp\/v2\/product"}],"about":[{"href":"https:\/\/libreriahistoriasdebolsillo.com\/index.php\/wp-json\/wp\/v2\/types\/product"}],"wp:featuredmedia":[{"embeddable":true,"href":"https:\/\/libreriahistoriasdebolsillo.com\/index.php\/wp-json\/wp\/v2\/media\/6928"}],"wp:attachment":[{"href":"https:\/\/libreriahistoriasdebolsillo.com\/index.php\/wp-json\/wp\/v2\/media?parent=6927"}],"wp:term":[{"taxonomy":"product_brand","embeddable":true,"href":"https:\/\/libreriahistoriasdebolsillo.com\/index.php\/wp-json\/wp\/v2\/product_brand?post=6927"},{"taxonomy":"product_cat","embeddable":true,"href":"https:\/\/libreriahistoriasdebolsillo.com\/index.php\/wp-json\/wp\/v2\/product_cat?post=6927"},{"taxonomy":"product_tag","embeddable":true,"href":"https:\/\/libreriahistoriasdebolsillo.com\/index.php\/wp-json\/wp\/v2\/product_tag?post=6927"}],"curies":[{"name":"wp","href":"https:\/\/api.w.org\/{rel}","templated":true}]}}