{"id":6930,"date":"2025-06-26T09:42:18","date_gmt":"2025-06-26T15:42:18","guid":{"rendered":"https:\/\/libreriahistoriasdebolsillo.com\/?post_type=product&#038;p=6930"},"modified":"2025-10-28T12:20:56","modified_gmt":"2025-10-28T18:20:56","slug":"el-canibal-de-atizapan","status":"publish","type":"product","link":"https:\/\/libreriahistoriasdebolsillo.com\/index.php\/producto\/el-canibal-de-atizapan\/","title":{"rendered":"El can\u00edbal de Atizap\u00e1n"},"content":{"rendered":"<h4>La historia del mayor asesino serial de M\u00e9xico&#8230;<\/h4>\n<p><b>Andr\u00e9s Mendoza Celis<\/b>\u00a0es un\u00a0<b>feminicida<\/b>\u00a0que actu\u00f3 con\u00a0<b>total impunidad<\/b>\u00a0durante\u00a0<b>d\u00e9cadas<\/b>\u00a0en el municipio de Atizap\u00e1n de Zaragoza,\u00a0<b>Estado de M\u00e9xico<\/b>. Su \u00faltima v\u00edctima,\u00a0<b>Reyna Gonz\u00e1lez Amador<\/b>, de 34 a\u00f1os, desapareci\u00f3 el 14 de mayo de<b>2021<\/b>. Su esposo,\u00a0<b>Bruno Portillo<\/b>, un polic\u00eda de carrera y comandante de las fuerzas especiales de Tlalnepantla, en su b\u00fasqueda se encontr\u00f3 con una de las\u00a0<b>peores<\/b>\u00a0historias de cr\u00edmenes de nuestro pa\u00eds:\u00a0<b>el mayor feminicida serial de M\u00e9xico\u00a0<\/b>, y quiz\u00e1 del mundo, hab\u00eda sido descubierto. Sin embargo, el horror no terminaba ah\u00ed, pues una investigaci\u00f3n period\u00edstica revelar\u00eda que\u00a0<b>Mendoza Celis<\/b>, adem\u00e1s, se\u00a0<b>com\u00eda<\/b>\u00a0a sus v\u00edctimas. \u00c9sta es la historia completa del\u00a0<b>Can\u00edbal de Atizap\u00e1n<\/b>.<\/p>\n<p><b>Javier Tejado<\/b>\u00a0<b>Dond\u00e9<\/b>\u00a0\u2014periodista y abogado\u2014 nos presenta en este libro todo lo que estaba detr\u00e1s de este caso. A partir del\u00a0<b>testimonio<\/b>\u00a0de varios de los involucrados en las indagatorias, plantea las distintas l\u00edneas de investigaci\u00f3n de parte de lasautoridades y el seguimiento del proceso judicial, hasta llegar a\u00a0<b>entrevistar<\/b>\u00a0al propio Andr\u00e9s Mendoza Celis para armar su<b>perfil psicol\u00f3gico<\/b>. Por otro lado, este libro tambi\u00e9n relata la b\u00fasqueda de la justicia de parte de los familiares de las v\u00edctimas, y el impacto que tuvo este caso en la sociedad y en la pol\u00edtica mexicana, al grado de generar una reforma al sistema de justicia \u2014la llamada \u201c<b>Ley Reyna<\/b>\u201d\u2014 para sancionar con mayor severidad los feminicidios.<\/p>\n<p>El Can\u00edbal de Atizap\u00e1n es el recuento de una de las historias\u00a0<b>m\u00e1s siniestras<\/b>\u00a0de las que se tenga memoria, as\u00ed como un registro de la indolencia y la incapacidad de las autoridades para atender los casos al\u00a0<b>abandonar y revictimizar<\/b>\u00a0a las familias de las v\u00edctimas. Tambi\u00e9n es un llamado hacia la sociedad para insistir en que este tipo de situaciones deben detenerse, y que para ello sus\u00a0<b>denuncias<\/b>\u00a0son relevantes.<\/p>\n","protected":false},"excerpt":{"rendered":"<p>Javier Tejado Dond\u00e9<\/p>\n<p>224 p\u00e1ginas<\/p>\n","protected":false},"featured_media":6931,"template":"","meta":{"_joinchat":[]},"product_brand":[],"product_cat":[41,70],"product_tag":[34],"class_list":{"0":"post-6930","1":"product","2":"type-product","3":"status-publish","4":"has-post-thumbnail","6":"product_cat-desarrollo-humano","7":"product_cat-novedades","8":"product_tag-penguin-random-house","10":"first","11":"outofstock","12":"shipping-taxable","13":"purchasable","14":"product-type-simple"},"_links":{"self":[{"href":"https:\/\/libreriahistoriasdebolsillo.com\/index.php\/wp-json\/wp\/v2\/product\/6930","targetHints":{"allow":["GET"]}}],"collection":[{"href":"https:\/\/libreriahistoriasdebolsillo.com\/index.php\/wp-json\/wp\/v2\/product"}],"about":[{"href":"https:\/\/libreriahistoriasdebolsillo.com\/index.php\/wp-json\/wp\/v2\/types\/product"}],"wp:featuredmedia":[{"embeddable":true,"href":"https:\/\/libreriahistoriasdebolsillo.com\/index.php\/wp-json\/wp\/v2\/media\/6931"}],"wp:attachment":[{"href":"https:\/\/libreriahistoriasdebolsillo.com\/index.php\/wp-json\/wp\/v2\/media?parent=6930"}],"wp:term":[{"taxonomy":"product_brand","embeddable":true,"href":"https:\/\/libreriahistoriasdebolsillo.com\/index.php\/wp-json\/wp\/v2\/product_brand?post=6930"},{"taxonomy":"product_cat","embeddable":true,"href":"https:\/\/libreriahistoriasdebolsillo.com\/index.php\/wp-json\/wp\/v2\/product_cat?post=6930"},{"taxonomy":"product_tag","embeddable":true,"href":"https:\/\/libreriahistoriasdebolsillo.com\/index.php\/wp-json\/wp\/v2\/product_tag?post=6930"}],"curies":[{"name":"wp","href":"https:\/\/api.w.org\/{rel}","templated":true}]}}