{"id":6932,"date":"2025-06-26T09:46:27","date_gmt":"2025-06-26T15:46:27","guid":{"rendered":"https:\/\/libreriahistoriasdebolsillo.com\/?post_type=product&#038;p=6932"},"modified":"2025-10-28T12:20:10","modified_gmt":"2025-10-28T18:20:10","slug":"el-libro-de-la-selva-el-segundo-libro-de-la-selva","status":"publish","type":"product","link":"https:\/\/libreriahistoriasdebolsillo.com\/index.php\/producto\/el-libro-de-la-selva-el-segundo-libro-de-la-selva\/","title":{"rendered":"El libro de la selva &#8211; El segundo libro de la selva"},"content":{"rendered":"<p>La presente edici\u00f3n re\u00fane los\u00a0<b>dos libros<\/b>\u00a0de una de las colecciones de cuentos m\u00e1s famosas de la literatura:\u00a0<i><b>El libro de la selva<\/b><\/i>\u00a0y\u00a0<i><b>El<\/b><\/i>\u00a0<i><b>segundo libro de la selva<\/b><\/i>. La historia de\u00a0<b>Mowgli<\/b>, criado por una manada de lobos, ha fascinado y encandilado a ni\u00f1os y adultos generaci\u00f3n tras generaci\u00f3n. Junto con\u00a0<b>Baloo<\/b>,\u00a0<b>Bagheera<\/b>\u00a0y otros personajes ic\u00f3nicos, Mowgli nos ha hecho so\u00f1ar con un\u00a0<b>mundo<\/b>\u00a0<b>ex\u00f3tico<\/b>, lleno de maravillas y peligros, transmitiendo valores como la lealtad, el amor y la unidad.<\/p>\n<p>Este tomo se abre con una magistral introducci\u00f3n de una\u00a0<b>experta<\/b>\u00a0en la obra de\u00a0<b>Kipling<\/b>, profesora de la Universidad de Kent. Como ap\u00e9ndice, a\u00f1adimos el relato \u00abEn el rukh\u00bb, que supone la\u00a0<b>primera aparici\u00f3n literaria<\/b>\u00a0de Mowgli.<\/p>\n","protected":false},"excerpt":{"rendered":"<p>Rudyard Kipling<\/p>\n<p>512 p\u00e1ginas<\/p>\n","protected":false},"featured_media":6933,"template":"","meta":{"_joinchat":[]},"product_brand":[],"product_cat":[42],"product_tag":[34],"class_list":{"0":"post-6932","1":"product","2":"type-product","3":"status-publish","4":"has-post-thumbnail","6":"product_cat-literatura-clasica","7":"product_tag-penguin-random-house","9":"first","10":"outofstock","11":"shipping-taxable","12":"purchasable","13":"product-type-simple"},"_links":{"self":[{"href":"https:\/\/libreriahistoriasdebolsillo.com\/index.php\/wp-json\/wp\/v2\/product\/6932","targetHints":{"allow":["GET"]}}],"collection":[{"href":"https:\/\/libreriahistoriasdebolsillo.com\/index.php\/wp-json\/wp\/v2\/product"}],"about":[{"href":"https:\/\/libreriahistoriasdebolsillo.com\/index.php\/wp-json\/wp\/v2\/types\/product"}],"wp:featuredmedia":[{"embeddable":true,"href":"https:\/\/libreriahistoriasdebolsillo.com\/index.php\/wp-json\/wp\/v2\/media\/6933"}],"wp:attachment":[{"href":"https:\/\/libreriahistoriasdebolsillo.com\/index.php\/wp-json\/wp\/v2\/media?parent=6932"}],"wp:term":[{"taxonomy":"product_brand","embeddable":true,"href":"https:\/\/libreriahistoriasdebolsillo.com\/index.php\/wp-json\/wp\/v2\/product_brand?post=6932"},{"taxonomy":"product_cat","embeddable":true,"href":"https:\/\/libreriahistoriasdebolsillo.com\/index.php\/wp-json\/wp\/v2\/product_cat?post=6932"},{"taxonomy":"product_tag","embeddable":true,"href":"https:\/\/libreriahistoriasdebolsillo.com\/index.php\/wp-json\/wp\/v2\/product_tag?post=6932"}],"curies":[{"name":"wp","href":"https:\/\/api.w.org\/{rel}","templated":true}]}}